-- Data for Name: order_items; Type: TABLE DATA; Schema: public; Owner: TheRoasters_Auto
--

COPY public.order_items (id, order_id, product_id, offer_id, itemable_type, itemable_id, item_type, item_name, quantity, price, created_at, updated_at, variant_id, variant_snapshot) FROM stdin;
140	82	\N	4	\N	\N	offer	عرض اللمة	1	4800.00	2025-12-09 01:59:34	2025-12-09 01:59:34	\N	{"price": "4800.00", "picture": null, "offer_id": 4, "products": [{"id": 57, "name_ar": "كاجو كينج", "name_en": "Cashew King", "quantity": 2}, {"id": 58, "name_ar": "فستق كينج", "name_en": "Pistachio King", "quantity": 2}, {"id": 59, "name_ar": "لوز كينج", "name_en": "Almond King", "quantity": 1}], "available": true, "category_ar": "Nuts", "category_en": "Nuts", "description": null, "discount_type": "fixed", "offer_name_ar": "عرض اللمة", "offer_name_en": "Alama Offer", "discount_value": null, "stock_at_order_time": 100}
83	34	7	\N	\N	\N	product	قهوة برازيلية	2	50.00	2025-11-23 22:04:15	2025-11-23 23:48:31	1	{"sku": "BRAZILIANCOFFE-DARK", "price": "75.00", "weight": {"unit": "g", "value": 1000}, "available": true, "variant_id": 1, "category_ar": "Nuts", "category_en": "Nuts", "attributes_ar": {"الوزن": "250 جرام"}, "attributes_en": {"Weight": "250g"}, "inventory_mode": "unified", "product_name_ar": "قهوة برازيلية", "product_name_en": "Brazilian Coffee", "product_picture": null, "stock_at_order_time": "10000.00"}
87	38	33	\N	\N	\N	product	قهوة كولومبية - ت1763935983 - 250g	3	200.00	2025-11-23 22:14:44	2025-11-23 22:14:44	40	{"sku": "COL-250-1763936084", "price": "200.00", "weight": {"unit": "g", "value": "250.00"}, "available": true, "variant_id": 40, "category_ar": "Nuts", "category_en": "Nuts", "attributes_ar": [], "attributes_en": [], "inventory_mode": "unified", "product_name_ar": "قهوة كولومبية - ت1763935983", "product_name_en": "Colombian Coffee Test", "product_picture": null, "stock_at_order_time": "20000.00"}
88	38	34	\N	\N	\N	product	لوز محمص - ت1763936003 - 250g	1	180.00	2025-11-23 22:14:44	2025-11-23 22:14:44	34	{"sku": "ALM-250-1763936003", "price": "180.00", "weight": {"unit": "g", "value": "250.00"}, "available": true, "variant_id": 34, "category_ar": "Nuts", "category_en": "Nuts", "attributes_ar": [], "attributes_en": [], "inventory_mode": "variant", "product_name_ar": "لوز محمص - ت1763936003", "product_name_en": "Roasted Almond Test", "product_picture": null, "stock_at_order_time": 50}
89	38	35	\N	\N	\N	product	شراب فانيليا - ت1763936003 - 250ml	2	120.00	2025-11-23 22:14:44	2025-11-23 22:14:44	36	{"sku": "SYR-250ML-1763936003", "price": "120.00", "weight": {"unit": "ml", "value": "250.00"}, "available": true, "variant_id": 36, "category_ar": "Nuts", "category_en": "Nuts", "attributes_ar": [], "attributes_en": [], "inventory_mode": "variant", "product_name_ar": "شراب فانيليا - ت1763936003", "product_name_en": "Vanilla Syrup Test", "product_picture": null, "stock_at_order_time": 40}
84	35	7	\N	\N	\N	product	قهوة برازيلية	2	50.00	2025-11-23 22:04:35	2025-11-23 23:48:31	1	{"sku": "BRAZILIANCOFFE-DARK", "price": "75.00", "weight": {"unit": "g", "value": 1000}, "available": true, "variant_id": 1, "category_ar": "Nuts", "category_en": "Nuts", "attributes_ar": {"الوزن": "250 جرام"}, "attributes_en": {"Weight": "250g"}, "inventory_mode": "unified", "product_name_ar": "قهوة برازيلية", "product_name_en": "Brazilian Coffee", "product_picture": null, "stock_at_order_time": "10000.00"}
85	36	7	\N	\N	\N	product	قهوة برازيلية	3	50.00	2025-11-23 22:07:13	2025-11-23 23:48:31	1	{"sku": "BRAZILIANCOFFE-DARK", "price": "75.00", "weight": {"unit": "g", "value": 1000}, "available": true, "variant_id": 1, "category_ar": "Nuts", "category_en": "Nuts", "attributes_ar": {"الوزن": "250 جرام"}, "attributes_en": {"Weight": "250g"}, "inventory_mode": "unified", "product_name_ar": "قهوة برازيلية", "product_name_en": "Brazilian Coffee", "product_picture": null, "stock_at_order_time": "10000.00"}
86	38	32	\N	\N	\N	product	فستق محمص - ت1763935983	2	150.00	2025-11-23 22:14:44	2025-11-23 22:14:44	\N	{"price": "150.00", "weight": {"unit": "piece", "value": null}, "available": true, "product_id": 32, "category_ar": "Nuts", "category_en": "Nuts", "inventory_mode": "product", "product_name_ar": "فستق محمص - ت1763935983", "product_name_en": "Pistachio Test", "product_picture": null, "stock_at_order_time": 100}
142	83	\N	\N	App\\Models\\Offer	4	\N	Alama Offer	1	4800.00	2025-12-09 03:15:52	2025-12-09 03:15:52	\N	{"note": "Item created without product reference", "price": "4800.00", "item_name": "Alama Offer", "manually_added": true}
144	84	\N	4	App\\Models\\Offer	4	offer	Alama Offer	1	4800.00	2025-12-09 03:24:35	2025-12-09 03:24:35	\N	{"price": "4800.00", "picture": null, "offer_id": 4, "products": [{"id": 57, "name_ar": "كاجو كينج", "name_en": "Cashew King", "quantity": 2}, {"id": 58, "name_ar": "فستق كينج", "name_en": "Pistachio King", "quantity": 2}, {"id": 59, "name_ar": "لوز كينج", "name_en": "Almond King", "quantity": 1}], "available": true, "category_ar": "Nuts", "category_en": "Nuts", "description": null, "discount_type": "fixed", "offer_name_ar": "عرض اللمة", "offer_name_en": "Alama Offer", "discount_value": null, "stock_at_order_time": 100}
146	85	\N	3	App\\Models\\Offer	3	offer	Karam Offer	1	2400.00	2025-12-09 03:38:36	2025-12-09 03:38:36	\N	{"price": "2400.00", "picture": null, "offer_id": 3, "products": [], "available": false, "category_ar": "Nuts", "category_en": "Nuts", "description": null, "discount_type": "fixed", "offer_name_ar": "عرض الكرم", "offer_name_en": "Karam Offer", "discount_value": null, "stock_at_order_time": 100}
147	85	54	\N	App\\Models\\Product	54	product	Blanched Hazelnuts White King (250G - Raw)	3	320.00	2025-12-09 04:38:59	2025-12-09 04:39:55	65	{"sku": "BLANCHEDHAZELN-250G-RAW", "price": "320.00", "weight": {"unit": "g", "value": 250}, "available": true, "variant_id": 65, "category_ar": "All Product", "category_en": "All Product", "attributes_ar": {"الوزن": "250 جرام", "التحميص للمكسرات": "ني"}, "attributes_en": {"Weight": "250G", "Nuts Roasting": "Raw"}, "inventory_mode": "unified", "product_name_ar": "بندق أبيض مقشر كينج", "product_name_en": "Blanched Hazelnuts White King", "product_picture": "https://www.theroasterseg.com/wp-content/uploads/2025/07/Hazelnut3.png", "stock_at_order_time": "10000.00"}
148	85	56	\N	App\\Models\\Product	56	product	Walnut King Raw (1KG - Raw)	1	880.00	2025-12-09 04:39:55	2025-12-09 04:39:55	71	{"sku": "WALNUTKINGRAW-1KG-RAW", "price": "880.00", "weight": {"unit": "g", "value": 1000}, "available": true, "variant_id": 71, "category_ar": "Nuts", "category_en": "Nuts", "attributes_ar": {"الوزن": "1 كيلو", "التحميص للمكسرات": "ني"}, "attributes_en": {"Weight": "1KG", "Nuts Roasting": "Raw"}, "inventory_mode": "unified", "product_name_ar": "عين جمل كينج", "product_name_en": "Walnut King Raw", "product_picture": "https://www.theroasterseg.com/wp-content/uploads/2025/07/walnuts10.jpg", "stock_at_order_time": "10000.00"}
90	38	36	\N	\N	\N	product	كاجو مملح - ت1763936003 - 1kg	2	250.00	2025-11-23 22:14:44	2025-11-23 22:14:44	39	{"sku": "CASH-1KG-1763936003", "price": "250.00", "weight": {"unit": "g", "value": "1000.00"}, "available": true, "variant_id": 39, "category_ar": "Nuts", "category_en": "Nuts", "attributes_ar": [], "attributes_en": [], "inventory_mode": "unified", "product_name_ar": "كاجو مملح - ت1763936003", "product_name_en": "Salted Cashew Test", "product_picture": null, "stock_at_order_time": "15000.00"}
91	39	33	\N	\N	\N	product	قهوة كولومبية - ت1763935983	2	200.00	2025-11-23 22:21:33	2025-11-23 22:21:33	40	{"sku": "COL-250-1763936084", "price": "200.00", "weight": {"unit": "g", "value": "250.00"}, "available": true, "variant_id": 40, "category_ar": "Nuts", "category_en": "Nuts", "attributes_ar": [], "attributes_en": [], "inventory_mode": "unified", "product_name_ar": "قهوة كولومبية - ت1763935983", "product_name_en": "Colombian Coffee Test", "product_picture": null, "stock_at_order_time": "19250.00"}
92	40	33	\N	\N	\N	product	قهوة كولومبية - ت1763935983	1	200.00	2025-11-23 22:25:21	2025-11-23 22:25:21	40	{"sku": "COL-250-1763936084", "price": "200.00", "weight": {"unit": "g", "value": 250}, "available": true, "variant_id": 40, "category_ar": "Nuts", "category_en": "Nuts", "attributes_ar": [], "attributes_en": [], "inventory_mode": "unified", "product_name_ar": "قهوة كولومبية - ت1763935983", "product_name_en": "Colombian Coffee Test", "product_picture": null, "stock_at_order_time": "19250.00"}
93	41	33	\N	\N	\N	product	قهوة كولومبية - ت1763935983	2	200.00	2025-11-23 23:34:45	2025-11-23 23:34:45	40	{"sku": "COL-250-1763936084", "price": "200.00", "weight": {"unit": "g", "value": 250}, "available": true, "variant_id": 40, "category_ar": "Nuts", "category_en": "Nuts", "attributes_ar": [], "attributes_en": [], "inventory_mode": "unified", "product_name_ar": "قهوة كولومبية - ت1763935983", "product_name_en": "Colombian Coffee Test", "product_picture": null, "stock_at_order_time": "19250.00"}
149	86	57	\N	\N	\N	product	كاجو كينج - Cashew King - 500G - Roasted With Salt	1	600.00	2025-12-10 13:42:29	2025-12-10 13:42:29	80	{"sku": "CASHEWKING-500G-ROASTED-1", "price": "600.00", "weight": {"unit": "g", "value": 500}, "available": true, "variant_id": 80, "category_ar": "Nuts", "category_en": "Nuts", "attributes_ar": {"الوزن": "500 جرام", "التحميص للمكسرات": "محمص مملح"}, "attributes_en": {"Weight": "500G", "Nuts Roasting": "Roasted With Salt"}, "inventory_mode": "unified", "product_name_ar": "كاجو كينج", "product_name_en": "Cashew King", "product_picture": "https://www.theroasterseg.com/wp-content/uploads/2025/07/cashew-top-view-bowl-pnglib-%E2%80%93-free-png-library.png", "stock_at_order_time": "3000.00"}
94	42	33	\N	\N	\N	product	قهوة كولومبية - ت1763935983	1	200.00	2025-11-23 23:36:24	2025-11-23 23:36:24	40	{"sku": "COL-250-1763936084", "price": "200.00", "weight": {"unit": "g", "value": 250}, "available": true, "variant_id": 40, "category_ar": "Nuts", "category_en": "Nuts", "attributes_ar": [], "attributes_en": [], "inventory_mode": "unified", "product_name_ar": "قهوة كولومبية - ت1763935983", "product_name_en": "Colombian Coffee Test", "product_picture": null, "stock_at_order_time": "19250.00"}
150	86	56	\N	\N	\N	product	عين جمل كينج - Walnut King Raw - 250G - Raw	1	220.00	2025-12-10 13:42:29	2025-12-10 13:42:29	69	{"sku": "WALNUTKINGRAW-250G-RAW", "price": "220.00", "weight": {"unit": "g", "value": 250}, "available": true, "variant_id": 69, "category_ar": "Nuts", "category_en": "Nuts", "attributes_ar": {"الوزن": "250 جرام", "التحميص للمكسرات": "ني"}, "attributes_en": {"Weight": "250G", "Nuts Roasting": "Raw"}, "inventory_mode": "unified", "product_name_ar": "عين جمل كينج", "product_name_en": "Walnut King Raw", "product_picture": "https://www.theroasterseg.com/wp-content/uploads/2025/07/walnuts10.jpg", "stock_at_order_time": "10000.00"}
151	86	59	\N	\N	\N	product	لوز كينج - Almond King - 500G - Raw	1	440.00	2025-12-10 13:42:29	2025-12-10 13:42:29	93	{"sku": "ALMONDKING-500G-RAW", "price": "440.00", "weight": {"unit": "g", "value": 500}, "available": true, "variant_id": 93, "category_ar": "Nuts", "category_en": "Nuts", "attributes_ar": {"الوزن": "500 جرام", "التحميص للمكسرات": "ني"}, "attributes_en": {"Weight": "500G", "Nuts Roasting": "Raw"}, "inventory_mode": "unified", "product_name_ar": "لوز كينج", "product_name_en": "Almond King", "product_picture": "https://auto.theroasterseg.com/storage/products/almond-king-roasted-salted_1765228734_uv2w3x.png", "stock_at_order_time": "7000.00"}
152	86	58	\N	\N	\N	product	فستق كينج - Pistachio King - 500G - Roasted With Salt	1	600.00	2025-12-10 13:42:29	2025-12-10 13:42:29	84	{"sku": "PISTACHIOKING-500G-ROASTED", "price": "600.00", "weight": {"unit": "g", "value": 500}, "available": true, "variant_id": 84, "category_ar": "Nuts", "category_en": "Nuts", "attributes_ar": {"الوزن": "500 جرام", "التحميص للمكسرات": "محمص مملح"}, "attributes_en": {"Weight": "500G", "Nuts Roasting": "Roasted With Salt"}, "inventory_mode": "unified", "product_name_ar": "فستق كينج", "product_name_en": "Pistachio King", "product_picture": "https://auto.theroasterseg.com/storage/products/pistachio-king-roasted-unsalted_1765227950_b5nSxF.png", "stock_at_order_time": "4000.00"}
153	87	57	\N	\N	\N	product	كاجو كينج - Cashew King - 250G - Roasted With Salt	1	300.00	2025-12-10 15:07:44	2025-12-10 15:07:44	79	{"sku": "CASHEWKING-250G-ROASTED-1", "price": "300.00", "weight": {"unit": "g", "value": 250}, "available": true, "variant_id": 79, "category_ar": "Nuts", "category_en": "Nuts", "attributes_ar": {"الوزن": "250 جرام", "التحميص للمكسرات": "محمص مملح"}, "attributes_en": {"Weight": "250G", "Nuts Roasting": "Roasted With Salt"}, "inventory_mode": "unified", "product_name_ar": "كاجو كينج", "product_name_en": "Cashew King", "product_picture": "https://www.theroasterseg.com/wp-content/uploads/2025/07/cashew-top-view-bowl-pnglib-%E2%80%93-free-png-library.png", "stock_at_order_time": "2500.00"}
154	87	56	\N	\N	\N	product	عين جمل كينج - Walnut King Raw - 500G - Raw	2	440.00	2025-12-10 15:07:44	2025-12-10 15:07:44	70	{"sku": "WALNUTKINGRAW-500G-RAW", "price": "440.00", "weight": {"unit": "g", "value": 500}, "available": true, "variant_id": 70, "category_ar": "Nuts", "category_en": "Nuts", "attributes_ar": {"الوزن": "500 جرام", "التحميص للمكسرات": "ني"}, "attributes_en": {"Weight": "500G", "Nuts Roasting": "Raw"}, "inventory_mode": "unified", "product_name_ar": "عين جمل كينج", "product_name_en": "Walnut King Raw", "product_picture": "https://www.theroasterseg.com/wp-content/uploads/2025/07/walnuts10.jpg", "stock_at_order_time": "9750.00"}
155	87	57	\N	\N	\N	product	كاجو كينج - Cashew King - 500G - Roasted With Salt	2	600.00	2025-12-10 15:07:44	2025-12-10 15:07:44	80	{"sku": "CASHEWKING-500G-ROASTED-1", "price": "600.00", "weight": {"unit": "g", "value": 500}, "available": true, "variant_id": 80, "category_ar": "Nuts", "category_en": "Nuts", "attributes_ar": {"الوزن": "500 جرام", "التحميص للمكسرات": "محمص مملح"}, "attributes_en": {"Weight": "500G", "Nuts Roasting": "Roasted With Salt"}, "inventory_mode": "unified", "product_name_ar": "كاجو كينج", "product_name_en": "Cashew King", "product_picture": "https://www.theroasterseg.com/wp-content/uploads/2025/07/cashew-top-view-bowl-pnglib-%E2%80%93-free-png-library.png", "stock_at_order_time": "2500.00"}
156	87	59	\N	\N	\N	product	لوز كينج - Almond King - 250G - Raw	1	220.00	2025-12-10 15:07:44	2025-12-10 15:07:44	91	{"sku": "ALMONDKING-250G-RAW", "price": "220.00", "weight": {"unit": "g", "value": 250}, "available": true, "variant_id": 91, "category_ar": "Nuts", "category_en": "Nuts", "attributes_ar": {"الوزن": "250 جرام", "التحميص للمكسرات": "ني"}, "attributes_en": {"Weight": "250G", "Nuts Roasting": "Raw"}, "inventory_mode": "unified", "product_name_ar": "لوز كينج", "product_name_en": "Almond King", "product_picture": "https://auto.theroasterseg.com/storage/products/almond-king-roasted-salted_1765228734_uv2w3x.png", "stock_at_order_time": "6500.00"}
157	87	59	\N	\N	\N	product	لوز كينج - Almond King - 1KG - Raw	1	880.00	2025-12-10 15:07:44	2025-12-10 15:07:44	95	{"sku": "ALMONDKING-1KG-RAW", "price": "880.00", "weight": {"unit": "g", "value": 1000}, "available": true, "variant_id": 95, "category_ar": "Nuts", "category_en": "Nuts", "attributes_ar": {"الوزن": "1 كيلو", "التحميص للمكسرات": "ني"}, "attributes_en": {"Weight": "1KG", "Nuts Roasting": "Raw"}, "inventory_mode": "unified", "product_name_ar": "لوز كينج", "product_name_en": "Almond King", "product_picture": "https://auto.theroasterseg.com/storage/products/almond-king-roasted-salted_1765228734_uv2w3x.png", "stock_at_order_time": "6500.00"}
158	88	57	\N	\N	\N	product	كاجو كينج - Cashew King - 250G - Roasted With Salt	1	300.00	2025-12-10 20:28:21	2025-12-10 20:28:21	79	{"sku": "CASHEWKING-250G-ROASTED-1", "price": "300.00", "weight": {"unit": "g", "value": 250}, "available": true, "variant_id": 79, "category_ar": "Nuts", "category_en": "Nuts", "attributes_ar": {"الوزن": "250 جرام", "التحميص للمكسرات": "محمص مملح"}, "attributes_en": {"Weight": "250G", "Nuts Roasting": "Roasted With Salt"}, "inventory_mode": "unified", "product_name_ar": "كاجو كينج", "product_name_en": "Cashew King", "product_picture": "https://www.theroasterseg.com/wp-content/uploads/2025/07/cashew-top-view-bowl-pnglib-%E2%80%93-free-png-library.png", "stock_at_order_time": "1250.00"}
159	88	59	\N	\N	\N	product	لوز كينج - Almond King - 250G - Roasted With Salt	1	220.00	2025-12-10 20:28:21	2025-12-10 20:28:21	87	{"sku": "ALMONDKING-250G-ROASTED", "price": "220.00", "weight": {"unit": "g", "value": 250}, "available": true, "variant_id": 87, "category_ar": "Nuts", "category_en": "Nuts", "attributes_ar": {"الوزن": "250 جرام", "التحميص للمكسرات": "محمص مملح"}, "attributes_en": {"Weight": "250G", "Nuts Roasting": "Roasted With Salt"}, "inventory_mode": "unified", "product_name_ar": "لوز كينج", "product_name_en": "Almond King", "product_picture": "https://auto.theroasterseg.com/storage/products/almond-king-roasted-salted_1765228734_uv2w3x.png", "stock_at_order_time": "5250.00"}
160	88	56	\N	\N	\N	product	عين جمل كينج - Walnut King Raw - 500G - Raw	1	440.00	2025-12-10 20:28:21	2025-12-10 20:28:21	70	{"sku": "WALNUTKINGRAW-500G-RAW", "price": "440.00", "weight": {"unit": "g", "value": 500}, "available": true, "variant_id": 70, "category_ar": "Nuts", "category_en": "Nuts", "attributes_ar": {"الوزن": "500 جرام", "التحميص للمكسرات": "ني"}, "attributes_en": {"Weight": "500G", "Nuts Roasting": "Raw"}, "inventory_mode": "unified", "product_name_ar": "عين جمل كينج", "product_name_en": "Walnut King Raw", "product_picture": "https://www.theroasterseg.com/wp-content/uploads/2025/07/walnuts10.jpg", "stock_at_order_time": "8750.00"}
161	88	56	\N	\N	\N	product	عين جمل كينج - Walnut King Raw - 250G - Raw	1	220.00	2025-12-10 20:28:21	2025-12-10 20:28:21	69	{"sku": "WALNUTKINGRAW-250G-RAW", "price": "220.00", "weight": {"unit": "g", "value": 250}, "available": true, "variant_id": 69, "category_ar": "Nuts", "category_en": "Nuts", "attributes_ar": {"الوزن": "250 جرام", "التحميص للمكسرات": "ني"}, "attributes_en": {"Weight": "250G", "Nuts Roasting": "Raw"}, "inventory_mode": "unified", "product_name_ar": "عين جمل كينج", "product_name_en": "Walnut King Raw", "product_picture": "https://www.theroasterseg.com/wp-content/uploads/2025/07/walnuts10.jpg", "stock_at_order_time": "8750.00"}
162	88	58	\N	\N	\N	product	فستق كينج - Pistachio King - 500G - Roasted With Salt	1	600.00	2025-12-10 20:28:21	2025-12-10 20:28:21	84	{"sku": "PISTACHIOKING-500G-ROASTED", "price": "600.00", "weight": {"unit": "g", "value": 500}, "available": true, "variant_id": 84, "category_ar": "Nuts", "category_en": "Nuts", "attributes_ar": {"الوزن": "500 جرام", "التحميص للمكسرات": "محمص مملح"}, "attributes_en": {"Weight": "500G", "Nuts Roasting": "Roasted With Salt"}, "inventory_mode": "unified", "product_name_ar": "فستق كينج", "product_name_en": "Pistachio King", "product_picture": "https://auto.theroasterseg.com/storage/products/pistachio-king-roasted-unsalted_1765227950_b5nSxF.png", "stock_at_order_time": "3500.00"}
163	88	63	\N	\N	\N	product	كاندي اسباني ميكس - Spanish Candy Mix - 1KG	1	480.00	2025-12-10 20:28:21	2025-12-10 20:28:21	129	{"sku": "spanish-candy-mix-1kg", "price": "480.00", "weight": {"unit": "g", "value": 1000}, "available": true, "variant_id": 129, "category_ar": "All Product", "category_en": "All Product", "attributes_ar": {"الوزن": "1 كيلو"}, "attributes_en": {"Weight": "1KG"}, "inventory_mode": "unified", "product_name_ar": "كاندي اسباني ميكس", "product_name_en": "Spanish Candy Mix", "product_picture": "https://auto.theroasterseg.com/storage/products/spanish-candy-mix_1765234032_YCqBXt.png", "stock_at_order_time": "5000.00"}
133	75	\N	4	\N	\N	offer	عرض اللمة	1	4800.00	2025-12-09 00:50:07	2025-12-09 00:50:07	\N	{"price": "4800.00", "offer_id": 4, "offer_name": "عرض اللمة", "offer_name_en": "Alama Offer"}
\.


--
-- Data for Name: orders; Type: TABLE DATA; Schema: public; Owner: TheRoasters_Auto
--

COPY public.orders (id, order_number, customer_id, customer_snapshot, order_price, shipping_price, discount_type, discount_value, order_date, order_status, shipping_status, tracking_number, shipping_address, shipping_city, created_at, updated_at, deleted_at, notes, shipping_company_id, payment_method_id, payment_status, coupon_id, coupon_code, coupon_discount, cashback_applied, cashback_earned, cashback_credited, delivered_at) FROM stdin;
36	UNIT-TEST-1763935633	5	\N	0.00	0.00	fixed	0.00	2025-11-23 22:07:14	pending	pending	\N	\N	\N	2025-11-23 22:07:13	2025-11-23 23:48:31	2025-11-23 22:07:13		\N	\N	pending	\N	\N	0.00	0.00	0.00	f	\N
87	ORD-ZAYO5IIRC7	4	{"name":"\\u0623\\u062d\\u0645\\u062f \\u0645\\u062d\\u0645\\u062f","city":"\\u0645\\u062f\\u064a\\u0646\\u0629 \\u0646\\u0635\\u0631 (\\u0627\\u0644\\u0642\\u0627\\u0647\\u0631\\u0629 \\u0627\\u0644\\u0643\\u0628\\u0631\\u0649)","address":"19 \\u0634\\u0627\\u0631\\u0639 \\u0627\\u0628\\u0646 \\u0643\\u062a\\u0628\\u0629","mobile1":"01003336044","mobile2":null}	3480.00	120.00	fixed	0.00	2025-12-10 15:07:44	pending	shipped	27911374	19 شارع ابن كتبة	مدينة نصر (القاهرة الكبرى)	2025-12-10 15:07:44	2026-01-12 14:13:56	2026-01-12 14:13:56	\N	1	1	pending	\N	\N	0.00	0.00	0.00	f	\N
40	SNAPSHOT-TEST-1763936721	8	\N	200.00	0.00	fixed	0.00	2025-11-23 22:25:21	pending	pending	\N	\N	\N	2025-11-23 22:25:21	2025-11-23 22:25:21	2025-11-23 22:25:21		\N	\N	pending	\N	\N	0.00	0.00	0.00	f	\N
82	TEST-1765245574	11	[]	4800.00	50.00	fixed	0.00	2025-12-09 01:59:34	pending	pending	\N	\N	\N	2025-12-09 01:59:34	2025-12-09 02:01:03	2025-12-09 02:01:03		\N	1	pending	\N	\N	0.00	0.00	0.00	f	\N
41	STOCK-TEST-1763940885	5	\N	200.00	0.00	fixed	0.00	2025-11-23 23:34:45	pending	pending	\N	\N	\N	2025-11-23 23:34:45	2025-11-23 23:34:46	2025-11-23 23:34:46		\N	\N	pending	\N	\N	0.00	0.00	0.00	f	\N
34	TEST-1763935455	7	\N	0.00	0.00	fixed	0.00	2025-11-23 22:04:15	pending	pending	\N	\N	\N	2025-11-23 22:04:15	2025-11-23 23:48:31	2025-11-23 22:04:15		\N	\N	pending	\N	\N	0.00	0.00	0.00	f	\N
44	TEST-1763941267	\N	\N	0.00	0.00	fixed	0.00	2025-11-23 23:41:07	pending	pending	\N	\N	\N	2025-11-23 23:41:07	2025-12-08 20:28:34	2025-12-08 20:28:34		\N	\N	pending	\N	\N	0.00	0.00	0.00	f	\N
37	TEST-1763936033	4	\N	0.00	0.00	fixed	0.00	2025-11-23 22:13:53	pending	pending	\N	\N	\N	2025-11-23 22:13:53	2025-12-08 20:28:34	2025-12-08 20:28:34		\N	\N	pending	\N	\N	0.00	0.00	0.00	f	\N
33	TEST-1763935445	4	\N	0.00	0.00	fixed	0.00	2025-11-23 22:04:05	pending	pending	\N	\N	\N	2025-11-23 22:04:05	2025-12-08 20:28:34	2025-12-08 20:28:34		\N	\N	pending	\N	\N	0.00	0.00	0.00	f	\N
42	FINAL-TEST-1763940984	4	\N	200.00	0.00	fixed	0.00	2025-11-23 23:36:24	pending	pending	\N	\N	\N	2025-11-23 23:36:24	2025-11-23 23:36:25	2025-11-23 23:36:25		\N	\N	pending	\N	\N	0.00	0.00	0.00	f	\N
88	ORD-URVZ2WYEOP	4	{"name":"\\u0623\\u062d\\u0645\\u062f \\u0645\\u062d\\u0645\\u062f","city":"Cairo (Greater Cairo)","address":"19 \\u0634 \\u0628\\u0646 \\u0642\\u062a\\u064a\\u0628\\u0629 - \\u0627\\u0644\\u062d\\u064a \\u0627\\u0644\\u0633\\u0627\\u0628\\u0639 - \\u0645\\u062f\\u064a\\u0646\\u0629 \\u0646\\u0635\\u0631","mobile1":"01003336044","mobile2":null}	2260.00	120.00	fixed	0.00	2025-12-10 20:28:21	pending	shipped	64934144	19 ش بن قتيبة - الحي السابع - مدينة نصر	Cairo (Greater Cairo)	2025-12-10 20:28:21	2026-01-12 14:13:56	2026-01-12 14:13:56	طلب جديد بعد تأكيد العميل - بدون فول سوداني لعدم توفره	1	1	pending	\N	\N	0.00	0.00	0.00	f	\N
83	ORD-6937944E1A949	10	{"id":10,"name":"Test AI Customer","city":"Cairo","address":"Test Address","city2":null,"address2":null,"mobile1":"01555555555","mobile2":null,"vip":false}	4800.00	120.00	fixed	0.00	2025-12-09 03:15:00	pending	pending	\N	Test Address	Cairo	2025-12-09 03:15:52	2025-12-09 03:22:23	2025-12-09 03:22:23		\N	\N	pending	\N	\N	0.00	0.00	0.00	f	\N
35	TEST-1763935475	1	\N	0.00	0.00	fixed	0.00	2025-11-23 22:04:36	pending	pending	\N	\N	\N	2025-11-23 22:04:35	2025-11-23 23:48:31	2025-11-23 22:04:35		\N	\N	pending	\N	\N	0.00	0.00	0.00	f	\N
39	API-TEST-1763936493	1	\N	400.00	20.00	fixed	0.00	2025-11-23 22:21:33	pending	pending	\N	\N	\N	2025-11-23 22:21:33	2025-11-23 22:21:34	2025-11-23 22:21:34		\N	\N	pending	\N	\N	0.00	0.00	0.00	f	\N
38	TEST-1763936084	7	\N	0.00	0.00	fixed	0.00	2025-11-23 22:14:44	pending	pending	\N	\N	\N	2025-11-23 22:14:44	2025-12-08 20:28:34	2025-12-08 20:28:34		\N	\N	pending	\N	\N	0.00	0.00	0.00	f	\N
84	ORD-6937966358625	10	{"id":10,"name":"Test AI Customer","city":"Cairo","address":"Test Address","city2":null,"address2":null,"mobile1":"01555555555","mobile2":null,"vip":false}	4800.00	120.00	fixed	0.00	2025-12-09 03:24:00	pending	pending	\N	Test Address	Cairo	2025-12-09 03:24:35	2025-12-09 03:25:39	2025-12-09 03:25:39		\N	\N	pending	\N	\N	0.00	0.00	0.00	f	\N
54	TEST-1764206727	9	\N	500.00	50.00	fixed	0.00	2025-11-27 01:25:27	pending	pending	\N	\N	\N	2025-11-27 01:25:27	2025-11-27 01:26:54	2025-11-27 01:26:54		\N	\N	pending	7	222	50.00	0.00	0.00	f	\N
85	ORD-693799A9BB42C	10	{"id":10,"name":"Test AI Customer","city":"Cairo","address":"Test Address","city2":null,"address2":null,"mobile1":"01555555555","mobile2":null,"vip":false}	4240.00	120.00	fixed	0.00	2025-12-09 03:38:00	delivered	delivered	34343434	Test Address	Cairo	2025-12-09 03:38:36	2026-01-12 14:13:56	2026-01-12 14:13:56		1	1	pending	\N	\N	0.00	0.00	0.00	f	2025-12-09 22:43:48
86	ORD-86PARGLY5D	4	{"name":"\\u0623\\u062d\\u0645\\u062f \\u0645\\u062d\\u0645\\u062f","city":"\\u0645\\u062f\\u064a\\u0646\\u0629 \\u0646\\u0635\\u0631 (\\u0627\\u0644\\u0642\\u0627\\u0647\\u0631\\u0629 \\u0627\\u0644\\u0643\\u0628\\u0631\\u0649)","address":"19 \\u0634\\u0627\\u0631\\u0639 \\u0627\\u0628\\u0646 \\u0643\\u062a\\u0628\\u0629","mobile1":"01003336044","mobile2":null}	1860.00	120.00	percentage	0.00	2025-12-10 13:42:29	pending	shipped	46353639	19 شارع ابن كتبة	مدينة نصر (القاهرة الكبرى)	2025-12-10 13:42:29	2026-01-12 14:13:56	2026-01-12 14:13:56	\N	1	1	pending	\N	\N	0.00	0.00	0.00	f	\N
43	TEST-1763941260	\N	\N	0.00	0.00	fixed	0.00	2025-11-23 23:41:00	pending	pending	\N	\N	\N	2025-11-23 23:41:00	2025-12-08 20:28:34	2025-12-08 20:28:34		\N	\N	pending	\N	\N	0.00	0.00	0.00	f	\N
75	TEST-OFFER-3FD906EF	9	{"name":"\\u0634\\u0631\\u0648\\u0642 \\u0645\\u062d\\u0645\\u0648\\u062f \\u062d\\u0633\\u0646","city":"\\u0627\\u0644\\u0642\\u0627\\u0647\\u0631\\u0629","address":"\\u0645\\u062f\\u064a\\u0646\\u0629 \\u0646\\u0635\\u0631 17 \\u0627\\u0628\\u0646 \\u0642\\u062a\\u064a\\u0628\\u0629 \\u0627\\u0644\\u062d\\u064a \\u0627\\u0644\\u0633\\u0627\\u0628\\u0639"}	4800.00	50.00	fixed	0.00	2025-12-09 00:50:07	pending	pending	\N	مدينة نصر 17 ابن قتيبة الحي السابع	القاهرة	2025-12-09 00:50:07	2025-12-09 00:56:25	2025-12-09 00:56:25		\N	1	pending	\N	\N	0.00	0.00	0.00	f	\N
\.


--
-- Data for Name: page_blocks; Type: TABLE DATA; Schema: public; Owner: TheRoasters_Auto
--

COPY public.page_blocks (id, store_page_id, block_type, order_index, settings, active, created_at, updated_at) FROM stdin;
\.


--
-- Data for Name: password_reset_tokens; Type: TABLE DATA; Schema: public; Owner: TheRoasters_Auto
--

COPY public.password_reset_tokens (email, token, created_at) FROM stdin;
\.


--
-- Data for Name: payment_methods; Type: TABLE DATA; Schema: public; Owner: TheRoasters_Auto
--

COPY public.payment_methods (id, name, name_ar, logo, description, description_ar, active, sort_order, created_at, updated_at) FROM stdin;
1	Cash on Delivery	الدفع عند الاستلام	\N	Pay with cash when your order is delivered	\N	t	1	2025-11-26 17:35:17	2025-11-26 17:35:17
2	Credit Card	بطاقة ائتمان	\N	Pay securely with your credit or debit card	\N	t	2	2025-11-26 17:35:17	2025-11-26 17:35:17
3	Vodafone Cash	فودافون كاش	\N	Pay using Vodafone Cash mobile wallet	\N	t	3	2025-11-26 17:35:17	2025-11-26 17:35:17
\.


--
-- Data for Name: permissions; Type: TABLE DATA; Schema: public; Owner: TheRoasters_Auto
--

COPY public.permissions (id, name, guard_name, created_at, updated_at) FROM stdin;
\.


--
-- Data for Name: personal_access_tokens; Type: TABLE DATA; Schema: public; Owner: TheRoasters_Auto
--

COPY public.personal_access_tokens (id, tokenable_type, tokenable_id, name, token, abilities, last_used_at, expires_at, created_at, updated_at) FROM stdin;
1	App\\Models\\User	1	api-token	793458d693b5fb6fd767ea47237a9da1421254485bbf77a4ec66a64e5d332ae7	["*"]	\N	2025-11-23 18:08:12	2025-11-22 18:08:12	2025-11-22 18:08:12
2	App\\Models\\User	1	api-permanent-token	b828a501176e9a90c2be9da36ae13c4a5cfa6fb617854dbdc201a0205eabf529	["*"]	\N	\N	2025-11-22 18:08:17	2025-11-22 18:08:17
3	App\\Models\\User	1	api-token	c09ceff40d60ba00fe710af8a86660518997f0dbc7f3128aeef13201ee1a95c0	["*"]	\N	2025-11-23 18:14:15	2025-11-22 18:14:15	2025-11-22 18:14:15
4	App\\Models\\User	1	api-permanent-token	bddd2f2037eeba3a0e497ea7441a5d747f07b6a5e3ae21e30aadc329f32d7c0a	["*"]	\N	\N	2025-11-22 18:14:21	2025-11-22 18:14:21
5	App\\Models\\User	1	api-token	74ef30e12dad8068dd518c6495551e45bbe8eee860198736623fa62786c52b2d	["*"]	\N	2025-11-23 18:39:43	2025-11-22 18:39:43	2025-11-22 18:39:43
6	App\\Models\\User	1	api-token	30785e8b882d13a5195b2b33f2426e95a3c6d78096f07f6debfdc66dc1c5502d	["*"]	\N	2025-11-23 18:39:43	2025-11-22 18:39:43	2025-11-22 18:39:43
7	App\\Models\\User	1	api-token	8cb0285885404f1fef3f182ec427de6d0c40e8d2def6b9d87418a8f1c0dac375	["*"]	\N	2025-11-23 18:39:43	2025-11-22 18:39:43	2025-11-22 18:39:43
8	App\\Models\\User	1	api-token	0807544092349d0d98a7f6e1c5ad709370ec3ac01ddcc6ad1201bca79f5a50ef	["*"]	\N	2025-11-23 18:39:43	2025-11-22 18:39:43	2025-11-22 18:39:43
9	App\\Models\\User	1	api-token	0a0cee6a858713864ad4a42a999027e0329c3cdc1648a54d2250ce1d786b6f60	["*"]	\N	2025-11-23 18:39:43	2025-11-22 18:39:43	2025-11-22 18:39:43
10	App\\Models\\User	1	api-token	749f0da50e020699f0da72486b8e32ce9c8bdfc44416cfa817a37a18c8b1e517	["*"]	\N	2025-11-23 18:39:44	2025-11-22 18:39:44	2025-11-22 18:39:44
11	App\\Models\\User	1	api-token	60b16621a553639f443e4020aacb1a04d01b57f4aaed7728a3cae9b27ebbb2e1	["*"]	\N	2025-11-23 18:39:44	2025-11-22 18:39:44	2025-11-22 18:39:44
12	App\\Models\\User	1	api-token	570b133f2b81fa8e58b75e60f4ad138b2090801ba6e183d2c7f8cd817cb08c36	["*"]	\N	2025-11-23 18:39:44	2025-11-22 18:39:44	2025-11-22 18:39:44
13	App\\Models\\User	1	api-token	0211d70d954862c29d05d031e3080e8feadea147a2f2e1789b92f913b0e87e06	["*"]	\N	2025-11-23 18:39:44	2025-11-22 18:39:44	2025-11-22 18:39:44
14	App\\Models\\User	1	api-token	af300b3c31b63f4ce606d13f0b65f632e2ec38164b125fcb67aec2189d2db0db	["*"]	\N	2025-11-23 18:39:44	2025-11-22 18:39:44	2025-11-22 18:39:44
15	App\\Models\\User	1	api-token	ecbefcf4bf513fee705cca154a0121a9c58b3fd57c6d38d384ccb9912e63d512	["*"]	\N	2025-11-23 18:39:44	2025-11-22 18:39:44	2025-11-22 18:39:44
16	App\\Models\\User	1	api-token	354555bdea1eaa74d78b7ca0e5c9d7d2c9ea54d7a86194b4d080013b751ae0ba	["*"]	\N	2025-11-23 18:39:44	2025-11-22 18:39:44	2025-11-22 18:39:44
17	App\\Models\\User	1	api-token	18a0c468767f9d784fa1ff12cf9c0d6165866a6da67d3c2b02bc1c7308226c07	["*"]	\N	2025-11-23 18:39:44	2025-11-22 18:39:44	2025-11-22 18:39:44
18	App\\Models\\User	1	api-token	4ee10073048698d7906bf0adeda2d5f9a2e000e3c2a9a2e23323f6b8e8d95b74	["*"]	\N	2025-11-23 18:39:44	2025-11-22 18:39:44	2025-11-22 18:39:44
19	App\\Models\\User	1	api-token	74b6aa8df8c754085577a17b127f2bf164ffbbf7b8c0af4ffa32ef7eb3760647	["*"]	\N	2025-11-23 18:39:45	2025-11-22 18:39:45	2025-11-22 18:39:45
20	App\\Models\\User	1	api-token	040e69298e026872f62546f259c302a3af1dec8fd067ca04066204bf73edb413	["*"]	\N	2025-11-23 18:39:47	2025-11-22 18:39:47	2025-11-22 18:39:47
21	App\\Models\\User	1	api-token	19483b2f97e2e8aa79b675bf2c5bd32c0a78182db102da4343bd0f7a2fe81edf	["*"]	\N	2025-11-23 18:39:47	2025-11-22 18:39:47	2025-11-22 18:39:47
22	App\\Models\\User	1	api-token	75d95444beee0bc7e632b2d2c2a0212baa610ee47c5bf4f725d18e220944e959	["*"]	\N	2025-11-23 18:39:48	2025-11-22 18:39:48	2025-11-22 18:39:48
23	App\\Models\\User	1	api-token	0df58ce1507a3a570f9581ad33a2e05246328748701f0ff9f677ab948d862b9b	["*"]	\N	2025-11-23 18:39:48	2025-11-22 18:39:48	2025-11-22 18:39:48
24	App\\Models\\User	1	api-token	605d24b75e3f95245da9cceead41c12fafde25125148974fa4a3d8e0cc0ed9d2	["*"]	\N	2025-11-23 18:39:48	2025-11-22 18:39:48	2025-11-22 18:39:48
25	App\\Models\\User	1	api-token	30d163d4fd68950ab3144402dd7030cfb8b507f6b312039fda2c72d2c580b88d	["*"]	\N	2025-11-23 18:39:48	2025-11-22 18:39:48	2025-11-22 18:39:48
26	App\\Models\\User	1	api-token	f01ed2eb31dc4115e7803b11c6f2c8aa14598008b7f6bb2eb773705315b87732	["*"]	\N	2025-11-23 18:39:48	2025-11-22 18:39:48	2025-11-22 18:39:48
27	App\\Models\\User	1	test-token	6c10ab169b7344cf924791472677a774391b9a26795fe0a91267fe1f0660cf49	["*"]	\N	\N	2025-11-24 04:24:02	2025-11-24 04:24:02
\.


--
-- Data for Name: price_histories; Type: TABLE DATA; Schema: public; Owner: TheRoasters_Auto
--

COPY public.price_histories (id, product_variant_id, old_price, new_price, price_difference, percentage_change, price_type, change_reason, change_note, changed_by_user_id, is_automatic, created_at, updated_at) FROM stdin;
1	3	0.00	1200.00	1200.00	0.00	price	Initial price set	\N	1	f	2025-11-21 12:31:39	2025-11-21 12:31:39
2	3	1200.00	300.00	-900.00	-75.00	price	Price manually updated	\N	1	f	2025-11-21 12:54:38	2025-11-21 12:54:38
3	4	0.00	600.00	600.00	0.00	price	Initial price set	\N	1	f	2025-11-21 13:16:21	2025-11-21 13:16:21
4	5	0.00	1200.00	1200.00	0.00	price	Initial price set	\N	1	f	2025-11-21 13:35:31	2025-11-21 13:35:31
5	4	0.00	600.00	600.00	0.00	calculated_price	Auto-calculated based on pricing mode	\N	1	t	2025-11-21 13:38:31	2025-11-21 13:38:31
6	6	0.00	600.00	600.00	0.00	price	Initial price set	\N	1	f	2025-11-21 13:41:15	2025-11-21 13:41:15
7	7	0.00	300.00	300.00	0.00	price	Initial price set	\N	1	f	2025-11-21 13:48:30	2025-11-21 13:48:30
8	8	0.00	300.00	300.00	0.00	price	Initial price set	\N	1	f	2025-11-21 13:49:09	2025-11-21 13:49:09
9	9	0.00	600.00	600.00	0.00	price	Initial price set	\N	1	f	2025-11-21 14:02:02	2025-11-21 14:02:02
10	10	0.00	1200.00	1200.00	0.00	price	Initial price set	\N	1	f	2025-11-21 14:03:10	2025-11-21 14:03:10
11	12	0.00	2400.00	2400.00	0.00	price	Initial price set	\N	1	f	2025-11-21 15:23:35	2025-11-21 15:23:35
12	14	0.00	300.00	300.00	0.00	price	Initial price set	\N	1	f	2025-11-21 15:51:26	2025-11-21 15:51:26
13	14	0.00	300.00	300.00	0.00	calculated_price	Auto-calculated based on pricing mode	\N	1	t	2025-11-21 16:11:17	2025-11-21 16:11:17
14	14	300.00	500.00	200.00	66.67	price	Price manually updated	\N	1	f	2025-11-21 16:11:36	2025-11-21 16:11:36
15	14	300.00	500.00	200.00	66.67	calculated_price	Auto-calculated based on pricing mode	\N	1	t	2025-11-21 16:11:44	2025-11-21 16:11:44
16	15	0.00	500.00	500.00	0.00	price	Initial price set	\N	1	f	2025-11-22 22:51:30	2025-11-22 22:51:30
17	16	0.00	500.00	500.00	0.00	price	Initial price set	\N	1	f	2025-11-22 23:07:40	2025-11-22 23:07:40
18	17	0.00	500.00	500.00	0.00	price	Initial price set	\N	1	f	2025-11-22 23:15:36	2025-11-22 23:15:36
19	18	0.00	500.00	500.00	0.00	price	Initial price set	\N	1	f	2025-11-22 23:24:55	2025-11-22 23:24:55
20	19	0.00	500.00	500.00	0.00	price	Initial price set	\N	1	f	2025-11-22 23:28:43	2025-11-22 23:28:43
21	19	0.00	500.00	500.00	0.00	calculated_price	Auto-calculated based on pricing mode	\N	1	t	2025-11-22 23:30:50	2025-11-22 23:30:50
22	20	0.00	300.00	300.00	0.00	price	Initial price set	\N	1	f	2025-11-23 03:55:34	2025-11-23 03:55:34
23	15	500.00	300.00	-200.00	-40.00	price	Price manually updated	\N	1	f	2025-11-23 21:02:47	2025-11-23 21:02:47
24	21	0.00	600.00	600.00	0.00	price	Initial price set	\N	1	f	2025-11-23 21:03:13	2025-11-23 21:03:13
25	22	0.00	1200.00	1200.00	0.00	price	Initial price set	\N	1	f	2025-11-23 21:03:39	2025-11-23 21:03:39
26	23	0.00	1200.00	1200.00	0.00	price	Initial price set	\N	1	f	2025-11-23 21:23:21	2025-11-23 21:23:21
27	24	0.00	1200.00	1200.00	0.00	price	Initial price set	\N	1	f	2025-11-23 21:23:47	2025-11-23 21:23:47
28	25	0.00	1200.00	1200.00	0.00	price	Initial price set	\N	1	f	2025-11-23 21:24:01	2025-11-23 21:24:01
29	26	0.00	600.00	600.00	0.00	price	Initial price set	\N	1	f	2025-11-23 21:24:26	2025-11-23 21:24:26
30	27	0.00	6.00	6.00	0.00	price	Initial price set	\N	1	f	2025-11-23 21:24:39	2025-11-23 21:24:39
31	28	0.00	600.00	600.00	0.00	price	Initial price set	\N	1	f	2025-11-23 21:24:52	2025-11-23 21:24:52
32	29	0.00	300.00	300.00	0.00	price	Initial price set	\N	1	f	2025-11-23 21:25:52	2025-11-23 21:25:52
33	30	0.00	300.00	300.00	0.00	price	Initial price set	\N	1	f	2025-11-23 21:26:04	2025-11-23 21:26:04
34	31	0.00	300.00	300.00	0.00	price	Initial price set	\N	1	f	2025-11-23 21:26:16	2025-11-23 21:26:16
36	34	0.00	180.00	180.00	0.00	price	Initial price set	\N	\N	f	2025-11-23 22:13:23	2025-11-23 22:13:23
37	35	0.00	190.00	190.00	0.00	price	Initial price set	\N	\N	f	2025-11-23 22:13:23	2025-11-23 22:13:23
38	36	0.00	120.00	120.00	0.00	price	Initial price set	\N	\N	f	2025-11-23 22:13:23	2025-11-23 22:13:23
39	37	0.00	130.00	130.00	0.00	price	Initial price set	\N	\N	f	2025-11-23 22:13:23	2025-11-23 22:13:23
40	38	0.00	220.00	220.00	0.00	price	Initial price set	\N	\N	f	2025-11-23 22:13:23	2025-11-23 22:13:23
41	39	0.00	250.00	250.00	0.00	price	Initial price set	\N	\N	f	2025-11-23 22:13:23	2025-11-23 22:13:23
42	40	0.00	200.00	200.00	0.00	price	Initial price set	\N	\N	f	2025-11-23 22:14:44	2025-11-23 22:14:44
43	41	0.00	440.00	440.00	0.00	price	Initial price set	\N	1	f	2025-11-25 21:43:33	2025-11-25 21:43:33
44	42	0.00	220.00	220.00	0.00	price	Initial price set	\N	1	f	2025-11-25 21:45:27	2025-11-25 21:45:27
45	14	500.00	220.00	-280.00	-56.00	price	Price manually updated	\N	1	f	2025-11-25 23:25:29	2025-11-25 23:25:29
46	14	220.00	880.00	660.00	300.00	price	Price manually updated	\N	1	f	2025-11-25 23:25:50	2025-11-25 23:25:50
48	46	0.00	1295.00	1295.00	0.00	price	Initial price set	\N	\N	f	2025-12-05 15:22:19	2025-12-05 15:22:19
49	47	0.00	1295.00	1295.00	0.00	price	Initial price set	\N	\N	f	2025-12-05 15:22:19	2025-12-05 15:22:19
50	48	0.00	1295.00	1295.00	0.00	price	Initial price set	\N	\N	f	2025-12-05 15:22:19	2025-12-05 15:22:19
51	49	0.00	1295.00	1295.00	0.00	price	Initial price set	\N	\N	f	2025-12-05 15:22:19	2025-12-05 15:22:19
52	50	0.00	1295.00	1295.00	0.00	price	Initial price set	\N	\N	f	2025-12-05 15:22:19	2025-12-05 15:22:19
53	51	0.00	1295.00	1295.00	0.00	price	Initial price set	\N	\N	f	2025-12-05 15:22:19	2025-12-05 15:22:19
54	52	0.00	2395.00	2395.00	0.00	price	Initial price set	\N	1	f	2025-12-05 15:27:50	2025-12-05 15:27:50
55	53	0.00	2395.00	2395.00	0.00	price	Initial price set	\N	1	f	2025-12-05 15:27:50	2025-12-05 15:27:50
56	54	0.00	2395.00	2395.00	0.00	price	Initial price set	\N	1	f	2025-12-05 15:27:50	2025-12-05 15:27:50
57	55	0.00	2395.00	2395.00	0.00	price	Initial price set	\N	1	f	2025-12-05 15:27:50	2025-12-05 15:27:50
58	56	0.00	2395.00	2395.00	0.00	price	Initial price set	\N	1	f	2025-12-05 15:27:50	2025-12-05 15:27:50
59	57	0.00	2395.00	2395.00	0.00	price	Initial price set	\N	1	f	2025-12-05 15:27:50	2025-12-05 15:27:50
60	58	0.00	1195.00	1195.00	0.00	price	Initial price set	\N	1	f	2025-12-05 15:46:10	2025-12-05 15:46:10
61	59	0.00	1195.00	1195.00	0.00	price	Initial price set	\N	1	f	2025-12-05 15:46:10	2025-12-05 15:46:10
62	60	0.00	1195.00	1195.00	0.00	price	Initial price set	\N	1	f	2025-12-05 15:46:10	2025-12-05 15:46:10
63	61	0.00	1195.00	1195.00	0.00	price	Initial price set	\N	1	f	2025-12-05 15:46:10	2025-12-05 15:46:10
64	62	0.00	1195.00	1195.00	0.00	price	Initial price set	\N	1	f	2025-12-05 15:46:10	2025-12-05 15:46:10
65	63	0.00	1195.00	1195.00	0.00	price	Initial price set	\N	1	f	2025-12-05 15:46:10	2025-12-05 15:46:10
66	64	0.00	1280.00	1280.00	0.00	price	Initial price set	\N	1	f	2025-12-08 20:15:19	2025-12-08 20:15:19
67	65	0.00	1280.00	1280.00	0.00	price	Initial price set	\N	1	f	2025-12-08 20:15:19	2025-12-08 20:15:19
68	66	0.00	1280.00	1280.00	0.00	price	Initial price set	\N	1	f	2025-12-08 20:15:19	2025-12-08 20:15:19
69	67	0.00	1280.00	1280.00	0.00	price	Initial price set	\N	1	f	2025-12-08 20:15:19	2025-12-08 20:15:19
70	65	1280.00	320.00	-960.00	-75.00	price	Price manually updated	\N	1	f	2025-12-08 20:17:56	2025-12-08 20:17:56
71	66	1280.00	640.00	-640.00	-50.00	price	Price manually updated	\N	1	f	2025-12-08 20:18:57	2025-12-08 20:18:57
72	68	0.00	90.00	90.00	0.00	price	Initial price set	\N	1	f	2025-12-08 20:34:55	2025-12-08 20:34:55
73	69	0.00	220.00	220.00	0.00	price	Initial price set	\N	1	f	2025-12-08 20:34:55	2025-12-08 20:34:55
74	70	0.00	440.00	440.00	0.00	price	Initial price set	\N	1	f	2025-12-08 20:34:55	2025-12-08 20:34:55
75	71	0.00	880.00	880.00	0.00	price	Initial price set	\N	1	f	2025-12-08 20:34:55	2025-12-08 20:34:55
76	72	0.00	1100.00	1100.00	0.00	price	Initial price set	\N	1	f	2025-12-08 20:43:57	2025-12-08 20:43:57
77	73	0.00	550.00	550.00	0.00	price	Initial price set	\N	1	f	2025-12-08 20:43:57	2025-12-08 20:43:57
78	74	0.00	275.00	275.00	0.00	price	Initial price set	\N	1	f	2025-12-08 20:43:57	2025-12-08 20:43:57
79	75	0.00	120.00	120.00	0.00	price	Initial price set	\N	1	f	2025-12-08 20:43:57	2025-12-08 20:43:57
80	72	1100.00	1200.00	100.00	9.09	price	Price manually updated	\N	1	f	2025-12-08 20:46:55	2025-12-08 20:46:55
81	73	550.00	600.00	50.00	9.09	price	Price manually updated	\N	1	f	2025-12-08 20:48:14	2025-12-08 20:48:14
82	74	275.00	300.00	25.00	9.09	price	Price manually updated	\N	1	f	2025-12-08 20:48:37	2025-12-08 20:48:37
83	76	0.00	300.00	300.00	0.00	price	Initial price set	\N	1	f	2025-12-08 20:49:55	2025-12-08 20:49:55
84	77	0.00	600.00	600.00	0.00	price	Initial price set	\N	1	f	2025-12-08 20:50:42	2025-12-08 20:50:42
85	78	0.00	1200.00	1200.00	0.00	price	Initial price set	\N	1	f	2025-12-08 20:50:58	2025-12-08 20:50:58
86	79	0.00	300.00	300.00	0.00	price	Initial price set	\N	1	f	2025-12-08 20:51:17	2025-12-08 20:51:17
87	80	0.00	600.00	600.00	0.00	price	Initial price set	\N	1	f	2025-12-08 20:51:31	2025-12-08 20:51:31
88	81	0.00	1200.00	1200.00	0.00	price	Initial price set	\N	1	f	2025-12-08 20:52:14	2025-12-08 20:52:14
89	82	0.00	120.00	120.00	0.00	price	Initial price set	\N	1	f	2025-12-08 21:07:18	2025-12-08 21:07:18
90	83	0.00	300.00	300.00	0.00	price	Initial price set	\N	1	f	2025-12-08 21:07:18	2025-12-08 21:07:18
91	84	0.00	600.00	600.00	0.00	price	Initial price set	\N	1	f	2025-12-08 21:07:18	2025-12-08 21:07:18
92	85	0.00	1200.00	1200.00	0.00	price	Initial price set	\N	1	f	2025-12-08 21:07:18	2025-12-08 21:07:18
93	86	0.00	90.00	90.00	0.00	price	Initial price set	\N	1	f	2025-12-08 21:20:10	2025-12-08 21:20:10
94	87	0.00	220.00	220.00	0.00	price	Initial price set	\N	1	f	2025-12-08 21:20:10	2025-12-08 21:20:10
95	88	0.00	440.00	440.00	0.00	price	Initial price set	\N	1	f	2025-12-08 21:20:10	2025-12-08 21:20:10
96	89	0.00	880.00	880.00	0.00	price	Initial price set	\N	1	f	2025-12-08 21:20:10	2025-12-08 21:20:10
97	90	0.00	220.00	220.00	0.00	price	Initial price set	\N	1	f	2025-12-08 21:22:04	2025-12-08 21:22:04
98	91	0.00	220.00	220.00	0.00	price	Initial price set	\N	1	f	2025-12-08 21:22:13	2025-12-08 21:22:13
99	92	0.00	440.00	440.00	0.00	price	Initial price set	\N	1	f	2025-12-08 21:22:35	2025-12-08 21:22:35
100	93	0.00	440.00	440.00	0.00	price	Initial price set	\N	1	f	2025-12-08 21:22:50	2025-12-08 21:22:50
101	94	0.00	880.00	880.00	0.00	price	Initial price set	\N	1	f	2025-12-08 21:23:50	2025-12-08 21:23:50
102	95	0.00	880.00	880.00	0.00	price	Initial price set	\N	1	f	2025-12-08 21:24:00	2025-12-08 21:24:00
103	96	0.00	100.00	100.00	0.00	price	Initial price set	\N	1	f	2025-12-08 21:31:10	2025-12-08 21:31:10
104	97	0.00	245.00	245.00	0.00	price	Initial price set	\N	1	f	2025-12-08 21:31:10	2025-12-08 21:31:10
105	98	0.00	490.00	490.00	0.00	price	Initial price set	\N	1	f	2025-12-08 21:31:10	2025-12-08 21:31:10
106	99	0.00	980.00	980.00	0.00	price	Initial price set	\N	1	f	2025-12-08 21:31:10	2025-12-08 21:31:10
107	100	0.00	980.00	980.00	0.00	price	Initial price set	\N	1	f	2025-12-08 21:33:20	2025-12-08 21:33:20
108	101	0.00	980.00	980.00	0.00	price	Initial price set	\N	1	f	2025-12-08 21:33:34	2025-12-08 21:33:34
109	102	0.00	440.00	440.00	0.00	price	Initial price set	\N	1	f	2025-12-08 21:34:17	2025-12-08 21:34:17
110	103	0.00	440.00	440.00	0.00	price	Initial price set	\N	1	f	2025-12-08 21:34:26	2025-12-08 21:34:26
111	104	0.00	220.00	220.00	0.00	price	Initial price set	\N	1	f	2025-12-08 21:34:44	2025-12-08 21:34:44
112	105	0.00	245.00	245.00	0.00	price	Initial price set	\N	1	f	2025-12-08 21:35:00	2025-12-08 21:35:00
113	102	440.00	490.00	50.00	11.36	price	Price manually updated	\N	1	f	2025-12-08 21:35:19	2025-12-08 21:35:19
114	103	440.00	490.00	50.00	11.36	price	Price manually updated	\N	1	f	2025-12-08 21:35:34	2025-12-08 21:35:34
115	104	220.00	245.00	25.00	11.36	price	Price manually updated	\N	1	f	2025-12-08 21:35:59	2025-12-08 21:35:59
116	106	0.00	90.00	90.00	0.00	price	Initial price set	\N	1	f	2025-12-08 21:38:38	2025-12-08 21:38:38
117	107	0.00	225.00	225.00	0.00	price	Initial price set	\N	1	f	2025-12-08 21:38:38	2025-12-08 21:38:38
118	108	0.00	450.00	450.00	0.00	price	Initial price set	\N	1	f	2025-12-08 21:38:38	2025-12-08 21:38:38
119	109	0.00	899.00	899.00	0.00	price	Initial price set	\N	1	f	2025-12-08 21:38:38	2025-12-08 21:38:38
120	109	899.00	900.00	1.00	0.11	price	Price manually updated	\N	1	f	2025-12-08 21:45:48	2025-12-08 21:45:48
121	110	0.00	99.00	99.00	0.00	price	Initial price set	\N	1	f	2025-12-08 22:01:19	2025-12-08 22:01:19
122	111	0.00	240.00	240.00	0.00	price	Initial price set	\N	1	f	2025-12-08 22:01:19	2025-12-08 22:01:19
123	112	0.00	480.00	480.00	0.00	price	Initial price set	\N	1	f	2025-12-08 22:01:19	2025-12-08 22:01:19
124	113	0.00	960.00	960.00	0.00	price	Initial price set	\N	1	f	2025-12-08 22:01:19	2025-12-08 22:01:19
125	114	0.00	960.00	960.00	0.00	price	Initial price set	\N	1	f	2025-12-08 22:05:10	2025-12-08 22:05:10
126	115	0.00	960.00	960.00	0.00	price	Initial price set	\N	1	f	2025-12-08 22:05:22	2025-12-08 22:05:22
127	116	0.00	480.00	480.00	0.00	price	Initial price set	\N	1	f	2025-12-08 22:06:02	2025-12-08 22:06:02
128	117	0.00	480.00	480.00	0.00	price	Initial price set	\N	1	f	2025-12-08 22:06:18	2025-12-08 22:06:18
129	118	0.00	240.00	240.00	0.00	price	Initial price set	\N	1	f	2025-12-08 22:07:06	2025-12-08 22:07:06
130	119	0.00	240.00	240.00	0.00	price	Initial price set	\N	1	f	2025-12-08 22:07:14	2025-12-08 22:07:14
131	120	0.00	900.00	900.00	0.00	price	Initial price set	\N	1	f	2025-12-08 22:09:14	2025-12-08 22:09:14
132	121	0.00	900.00	900.00	0.00	price	Initial price set	\N	1	f	2025-12-08 22:09:23	2025-12-08 22:09:23
133	122	0.00	450.00	450.00	0.00	price	Initial price set	\N	1	f	2025-12-08 22:11:23	2025-12-08 22:11:23
134	123	0.00	450.00	450.00	0.00	price	Initial price set	\N	1	f	2025-12-08 22:11:34	2025-12-08 22:11:34
135	124	0.00	225.00	225.00	0.00	price	Initial price set	\N	1	f	2025-12-08 22:12:07	2025-12-08 22:12:07
136	125	0.00	225.00	225.00	0.00	price	Initial price set	\N	1	f	2025-12-08 22:12:16	2025-12-08 22:12:16
137	126	0.00	50.00	50.00	0.00	price	Initial price set	\N	1	f	2025-12-08 22:49:04	2025-12-08 22:49:04
138	127	0.00	120.00	120.00	0.00	price	Initial price set	\N	1	f	2025-12-08 22:49:04	2025-12-08 22:49:04
139	128	0.00	240.00	240.00	0.00	price	Initial price set	\N	1	f	2025-12-08 22:49:04	2025-12-08 22:49:04
140	129	0.00	480.00	480.00	0.00	price	Initial price set	\N	1	f	2025-12-08 22:49:04	2025-12-08 22:49:04
141	130	0.00	119.00	119.00	0.00	price	Initial price set	\N	1	f	2025-12-08 22:53:53	2025-12-08 22:53:53
142	131	0.00	295.00	295.00	0.00	price	Initial price set	\N	1	f	2025-12-08 22:53:53	2025-12-08 22:53:53
143	132	0.00	590.00	590.00	0.00	price	Initial price set	\N	1	f	2025-12-08 22:53:53	2025-12-08 22:53:53
144	133	0.00	1180.00	1180.00	0.00	price	Initial price set	\N	1	f	2025-12-08 22:53:53	2025-12-08 22:53:53
145	130	119.00	120.00	1.00	0.84	price	Price manually updated	\N	1	f	2025-12-08 22:55:50	2025-12-08 22:55:50
146	134	0.00	150.00	150.00	0.00	price	Initial price set	\N	1	f	2025-12-08 22:59:29	2025-12-08 22:59:29
147	135	0.00	320.00	320.00	0.00	price	Initial price set	\N	1	f	2025-12-08 22:59:29	2025-12-08 22:59:29
148	136	0.00	640.00	640.00	0.00	price	Initial price set	\N	1	f	2025-12-08 22:59:29	2025-12-08 22:59:29
149	137	0.00	1280.00	1280.00	0.00	price	Initial price set	\N	1	f	2025-12-08 22:59:29	2025-12-08 22:59:29
150	138	0.00	90.00	90.00	0.00	price	Initial price set	\N	1	f	2026-01-12 13:11:26	2026-01-12 13:11:26
151	139	0.00	220.00	220.00	0.00	price	Initial price set	\N	1	f	2026-01-12 13:11:26	2026-01-12 13:11:26
152	140	0.00	440.00	440.00	0.00	price	Initial price set	\N	1	f	2026-01-12 13:11:26	2026-01-12 13:11:26
153	141	0.00	880.00	880.00	0.00	price	Initial price set	\N	1	f	2026-01-12 13:11:26	2026-01-12 13:11:26
154	142	0.00	80.00	80.00	0.00	price	Initial price set	\N	1	f	2026-01-12 13:19:18	2026-01-12 13:19:18
155	143	0.00	195.00	195.00	0.00	price	Initial price set	\N	1	f	2026-01-12 13:19:18	2026-01-12 13:19:18
156	144	0.00	390.00	390.00	0.00	price	Initial price set	\N	1	f	2026-01-12 13:19:18	2026-01-12 13:19:18
157	145	0.00	780.00	780.00	0.00	price	Initial price set	\N	1	f	2026-01-12 13:19:18	2026-01-12 13:19:18
158	146	0.00	80.00	80.00	0.00	price	Initial price set	\N	1	f	2026-01-12 13:20:11	2026-01-12 13:20:11
159	147	0.00	80.00	80.00	0.00	price	Initial price set	\N	1	f	2026-01-12 13:20:11	2026-01-12 13:20:11
160	148	0.00	80.00	80.00	0.00	price	Initial price set	\N	1	f	2026-01-12 13:20:11	2026-01-12 13:20:11
161	149	0.00	80.00	80.00	0.00	price	Initial price set	\N	1	f	2026-01-12 13:20:11	2026-01-12 13:20:11
162	150	0.00	60.00	60.00	0.00	price	Initial price set	\N	1	f	2026-01-12 13:21:52	2026-01-12 13:21:52
163	151	0.00	145.00	145.00	0.00	price	Initial price set	\N	1	f	2026-01-12 13:21:52	2026-01-12 13:21:52
164	152	0.00	290.00	290.00	0.00	price	Initial price set	\N	1	f	2026-01-12 13:21:53	2026-01-12 13:21:53
165	153	0.00	580.00	580.00	0.00	price	Initial price set	\N	1	f	2026-01-12 13:21:53	2026-01-12 13:21:53
166	149	80.00	780.00	700.00	875.00	price	Price manually updated	\N	1	f	2026-01-12 13:24:00	2026-01-12 13:24:00
167	147	80.00	195.00	115.00	143.75	price	Price manually updated	\N	1	f	2026-01-12 13:24:25	2026-01-12 13:24:25
168	148	80.00	390.00	310.00	387.50	price	Price manually updated	\N	1	f	2026-01-12 13:24:42	2026-01-12 13:24:42
169	154	0.00	99.00	99.00	0.00	price	Initial price set	\N	1	f	2026-01-12 13:31:48	2026-01-12 13:31:48
170	155	0.00	245.00	245.00	0.00	price	Initial price set	\N	1	f	2026-01-12 13:31:48	2026-01-12 13:31:48
171	156	0.00	490.00	490.00	0.00	price	Initial price set	\N	1	f	2026-01-12 13:31:48	2026-01-12 13:31:48
172	157	0.00	980.00	980.00	0.00	price	Initial price set	\N	1	f	2026-01-12 13:31:48	2026-01-12 13:31:48
173	158	0.00	30.00	30.00	0.00	price	Initial price set	\N	1	f	2026-01-12 13:34:35	2026-01-12 13:34:35
174	159	0.00	60.00	60.00	0.00	price	Initial price set	\N	1	f	2026-01-12 13:34:35	2026-01-12 13:34:35
175	160	0.00	120.00	120.00	0.00	price	Initial price set	\N	1	f	2026-01-12 13:34:35	2026-01-12 13:34:35
176	161	0.00	240.00	240.00	0.00	price	Initial price set	\N	1	f	2026-01-12 13:34:36	2026-01-12 13:34:36
177	162	0.00	35.00	35.00	0.00	price	Initial price set	\N	1	f	2026-01-12 13:37:10	2026-01-12 13:37:10
178	163	0.00	80.00	80.00	0.00	price	Initial price set	\N	1	f	2026-01-12 13:37:10	2026-01-12 13:37:10
179	164	0.00	160.00	160.00	0.00	price	Initial price set	\N	1	f	2026-01-12 13:37:10	2026-01-12 13:37:10
180	165	0.00	300.00	300.00	0.00	price	Initial price set	\N	1	f	2026-01-12 13:37:10	2026-01-12 13:37:10
181	164	160.00	150.00	-10.00	-6.25	price	Price manually updated	\N	1	f	2026-01-12 13:38:54	2026-01-12 13:38:54
182	163	80.00	75.00	-5.00	-6.25	price	Price manually updated	\N	1	f	2026-01-12 13:39:07	2026-01-12 13:39:07
183	133	1180.00	980.00	-200.00	-16.95	price	Price manually updated	\N	1	f	2026-01-12 13:46:15	2026-01-12 13:46:15
184	132	590.00	490.00	-100.00	-16.95	price	Price manually updated	\N	1	f	2026-01-12 13:46:32	2026-01-12 13:46:32
185	130	120.00	99.00	-21.00	-17.50	price	Price manually updated	\N	1	f	2026-01-12 13:47:08	2026-01-12 13:47:08
186	131	295.00	245.00	-50.00	-16.95	price	Price manually updated	\N	1	f	2026-01-12 13:47:28	2026-01-12 13:47:28
\.


--
-- Data for Name: pricing_rule_usage; Type: TABLE DATA; Schema: public; Owner: TheRoasters_Auto
--

COPY public.pricing_rule_usage (id, pricing_rule_id, customer_id, order_id, discount_amount, used_at) FROM stdin;
\.


--
-- Data for Name: pricing_rules; Type: TABLE DATA; Schema: public; Owner: TheRoasters_Auto
--

COPY public.pricing_rules (id, name, description, applies_to, target_id, discount_type, discount_value, min_quantity, max_quantity, start_time, end_time, days_of_week, valid_from, valid_until, priority, is_active, stackable, usage_limit, usage_count, per_customer_limit, created_by_user_id, created_at, updated_at, deleted_at) FROM stdin;
\.


--
-- Data for Name: product_attribute_options; Type: TABLE DATA; Schema: public; Owner: TheRoasters_Auto
--

COPY public.product_attribute_options (id, attribute_id, name, name_en, slug, numeric_value, color_code, price_modifier, "position", created_at, updated_at, extra_price_per_kg) FROM stdin;
8	3	ني	Raw	ny	\N	\N	0.00	1	2025-11-21 01:57:31	2025-11-21 01:57:31	0.00
9	3	محمص بدون ملح	Roasted Without Salt	mhms-bdon-mlh	\N	\N	0.00	2	2025-11-21 01:58:18	2025-11-21 01:58:18	0.00
10	3	محمص مملح	Roasted With Salt	mhms-mmlh	\N	\N	0.00	3	2025-11-21 01:58:40	2025-11-21 01:58:40	0.00
32	1	100G	100G	100g	100.00	\N	0.00	1	2025-12-08 20:34:55	2025-12-08 20:53:39	0.00
2	1	250 جرام	250G	250-gram	\N	\N	0.00	2	2025-11-21 00:18:59	2025-12-08 20:53:47	0.00
3	1	500 جرام	500G	500-gram	\N	\N	0.00	3	2025-11-21 00:18:59	2025-12-08 20:53:55	0.00
4	1	1 كيلو	1KG	1-kylo	\N	\N	0.00	4	2025-11-21 00:18:59	2025-12-08 20:54:11	0.00
34	4	وسط	Medium	mhog	\N	\N	0.00	2	2025-12-08 21:43:36	2025-12-08 21:50:27	0.00
33	4	فاتح	Light	sad	\N	\N	0.00	1	2025-12-08 21:43:19	2025-12-08 21:50:41	0.00
35	4	غامق	Dark	ghamk	\N	\N	0.00	3	2025-12-08 21:50:59	2025-12-08 21:50:59	0.00
\.


--
-- Data for Name: product_attributes; Type: TABLE DATA; Schema: public; Owner: TheRoasters_Auto
--

COPY public.product_attributes (id, name, name_en, slug, type, is_required, "position", created_at, updated_at) FROM stdin;
1	الوزن	Weight	weight	select	f	1	2025-11-21 00:17:02	2025-11-21 16:14:03
3	التحميص للمكسرات	Nuts Roasting	roasting-nuts	select	f	2	2025-11-21 00:19:08	2025-11-21 16:17:50
4	 تحميص القهوة	Coffee Roasting	Coffee-Roasting	select	f	0	2025-11-21 16:37:59	2025-11-21 16:37:59
\.


--
-- Data for Name: product_media; Type: TABLE DATA; Schema: public; Owner: TheRoasters_Auto
--

COPY public.product_media (id, product_id, media_type, media_category, source_type, file_path, external_url, title, title_en, alt_text, alt_text_en, description, description_en, "position", file_size, mime_type, width, height, duration, thumbnail_path, is_active, is_featured, created_at, updated_at) FROM stdin;
1	65	image	advertising	file	products/images/blanched-hazelnuts-roasted-kin_65_001.jpg	\N	بندق	haz	\N	\N	\N	\N	1	245918	image/jpeg	905	471	\N	\N	t	f	2026-01-08 14:40:44	2026-01-08 14:46:27
2	65	video	product	file	products/videos/blanched-hazelnuts-roasted-kin_65_002.mp4	\N	رمضان بوكس	Ramadan Box	\N	\N	\N	\N	2	1217155	application/octet-stream	\N	\N	\N	\N	t	f	2026-01-09 12:29:33	2026-01-09 12:30:34
3	65	video	advertising	youtube	\N	https://www.youtube.com/watch?v=xqiLBVdo7lA&pp=ygUIbnV0cyBhZHM%3D	يوتيوب فيديو	Youtube video	\N	\N	\N	\N	3	\N	\N	\N	\N	\N	\N	t	f	2026-01-09 12:29:33	2026-01-09 12:30:34
\.


--
-- Data for Name: product_related; Type: TABLE DATA; Schema: public; Owner: TheRoasters_Auto
--

COPY public.product_related (id, product_id, related_product_id, relevance_score, relation_type, order_index, created_by_ai, ai_reasoning, is_active, created_at, updated_at) FROM stdin;
\.


--
-- Data for Name: product_reviews; Type: TABLE DATA; Schema: public; Owner: TheRoasters_Auto
--

COPY public.product_reviews (id, product_id, customer_id, order_id, rating, title, comment, is_approved, is_verified_purchase, created_at, updated_at) FROM stdin;
\.


--
-- Data for Name: product_variant_attributes; Type: TABLE DATA; Schema: public; Owner: TheRoasters_Auto
--

COPY public.product_variant_attributes (id, variant_id, attribute_id, option_id, created_at, updated_at) FROM stdin;
1	1	1	2	2025-11-21 00:19:39	2025-11-21 00:19:39
3	2	1	3	2025-11-21 00:19:39	2025-11-21 00:19:39
5	3	1	2	2025-11-21 12:31:39	2025-11-21 12:31:39
7	4	1	3	2025-11-21 13:16:21	2025-11-21 13:16:21
8	4	3	8	2025-11-21 13:16:21	2025-11-21 13:16:21
9	5	1	4	2025-11-21 13:35:31	2025-11-21 13:35:31
10	5	3	9	2025-11-21 13:35:31	2025-11-21 13:35:31
13	7	1	2	2025-11-21 13:48:30	2025-11-21 13:48:30
17	8	1	2	2025-11-21 14:00:47	2025-11-21 14:00:47
18	8	3	8	2025-11-21 14:00:47	2025-11-21 14:00:47
19	9	1	3	2025-11-21 14:02:02	2025-11-21 14:02:02
20	9	3	8	2025-11-21 14:02:02	2025-11-21 14:02:02
21	10	1	4	2025-11-21 14:03:10	2025-11-21 14:03:10
22	10	3	8	2025-11-21 14:03:10	2025-11-21 14:03:10
23	12	1	4	2025-11-21 15:23:35	2025-11-21 15:23:35
24	12	3	8	2025-11-21 15:23:35	2025-11-21 15:23:35
35	16	1	2	2025-11-22 23:07:40	2025-11-22 23:07:40
36	16	3	8	2025-11-22 23:07:40	2025-11-22 23:07:40
37	17	1	2	2025-11-22 23:15:36	2025-11-22 23:15:36
38	17	3	8	2025-11-22 23:15:36	2025-11-22 23:15:36
39	18	1	2	2025-11-22 23:24:55	2025-11-22 23:24:55
40	18	3	8	2025-11-22 23:24:55	2025-11-22 23:24:55
41	19	1	2	2025-11-22 23:28:43	2025-11-22 23:28:43
42	19	3	8	2025-11-22 23:28:43	2025-11-22 23:28:43
43	20	1	2	2025-11-23 03:55:34	2025-11-23 03:55:34
44	20	3	8	2025-11-23 03:55:34	2025-11-23 03:55:34
45	15	1	2	2025-11-23 21:02:47	2025-11-23 21:02:47
46	15	3	8	2025-11-23 21:02:47	2025-11-23 21:02:47
47	21	1	3	2025-11-23 21:03:13	2025-11-23 21:03:13
48	21	3	8	2025-11-23 21:03:13	2025-11-23 21:03:13
49	22	1	4	2025-11-23 21:03:39	2025-11-23 21:03:39
50	22	3	8	2025-11-23 21:03:39	2025-11-23 21:03:39
51	23	1	4	2025-11-23 21:23:21	2025-11-23 21:23:21
52	23	3	10	2025-11-23 21:23:21	2025-11-23 21:23:21
53	24	1	4	2025-11-23 21:23:47	2025-11-23 21:23:47
54	24	3	9	2025-11-23 21:23:47	2025-11-23 21:23:47
55	25	1	4	2025-11-23 21:24:01	2025-11-23 21:24:01
56	25	3	8	2025-11-23 21:24:01	2025-11-23 21:24:01
57	26	1	3	2025-11-23 21:24:26	2025-11-23 21:24:26
58	26	3	10	2025-11-23 21:24:26	2025-11-23 21:24:26
59	27	1	3	2025-11-23 21:24:39	2025-11-23 21:24:39
60	27	3	9	2025-11-23 21:24:39	2025-11-23 21:24:39
61	28	1	3	2025-11-23 21:24:52	2025-11-23 21:24:52
62	28	3	8	2025-11-23 21:24:52	2025-11-23 21:24:52
63	29	1	2	2025-11-23 21:25:52	2025-11-23 21:25:52
64	29	3	10	2025-11-23 21:25:52	2025-11-23 21:25:52
65	30	1	2	2025-11-23 21:26:04	2025-11-23 21:26:04
66	30	3	9	2025-11-23 21:26:04	2025-11-23 21:26:04
67	31	1	2	2025-11-23 21:26:16	2025-11-23 21:26:16
68	31	3	8	2025-11-23 21:26:16	2025-11-23 21:26:16
76	41	3	8	2025-11-25 21:44:58	2025-11-25 21:44:58
80	42	3	8	2025-11-25 23:25:03	2025-11-25 23:25:03
85	14	1	4	2025-11-25 23:30:33	2025-11-25 23:30:33
86	14	3	8	2025-11-25 23:30:33	2025-11-25 23:30:33
108	65	1	2	2025-12-08 20:17:56	2025-12-08 20:17:56
109	65	3	8	2025-12-08 20:17:56	2025-12-08 20:17:56
110	66	1	3	2025-12-08 20:18:57	2025-12-08 20:18:57
111	66	3	8	2025-12-08 20:18:57	2025-12-08 20:18:57
112	67	1	4	2025-12-08 20:19:09	2025-12-08 20:19:09
113	67	3	8	2025-12-08 20:19:09	2025-12-08 20:19:09
118	71	1	4	2025-12-08 20:36:19	2025-12-08 20:36:19
119	71	3	8	2025-12-08 20:36:19	2025-12-08 20:36:19
120	68	1	32	2025-12-08 20:36:49	2025-12-08 20:36:49
121	68	3	8	2025-12-08 20:36:49	2025-12-08 20:36:49
122	69	1	2	2025-12-08 20:37:03	2025-12-08 20:37:03
123	69	3	8	2025-12-08 20:37:03	2025-12-08 20:37:03
124	70	1	3	2025-12-08 20:37:22	2025-12-08 20:37:22
125	70	3	8	2025-12-08 20:37:22	2025-12-08 20:37:22
129	75	1	32	2025-12-08 20:43:57	2025-12-08 20:43:57
130	72	1	4	2025-12-08 20:46:55	2025-12-08 20:46:55
131	72	3	8	2025-12-08 20:46:55	2025-12-08 20:46:55
132	73	1	3	2025-12-08 20:48:14	2025-12-08 20:48:14
133	73	3	8	2025-12-08 20:48:14	2025-12-08 20:48:14
134	74	1	2	2025-12-08 20:48:37	2025-12-08 20:48:37
135	74	3	8	2025-12-08 20:48:37	2025-12-08 20:48:37
136	76	1	2	2025-12-08 20:49:55	2025-12-08 20:49:55
137	76	3	9	2025-12-08 20:49:55	2025-12-08 20:49:55
138	77	1	3	2025-12-08 20:50:42	2025-12-08 20:50:42
139	77	3	9	2025-12-08 20:50:42	2025-12-08 20:50:42
140	78	1	4	2025-12-08 20:50:58	2025-12-08 20:50:58
141	78	3	9	2025-12-08 20:50:58	2025-12-08 20:50:58
142	79	1	2	2025-12-08 20:51:17	2025-12-08 20:51:17
143	79	3	10	2025-12-08 20:51:17	2025-12-08 20:51:17
144	80	1	3	2025-12-08 20:51:31	2025-12-08 20:51:31
145	80	3	10	2025-12-08 20:51:31	2025-12-08 20:51:31
146	81	1	4	2025-12-08 20:52:14	2025-12-08 20:52:14
147	81	3	10	2025-12-08 20:52:14	2025-12-08 20:52:14
148	82	1	32	2025-12-08 21:07:18	2025-12-08 21:07:18
152	85	1	4	2025-12-08 21:10:04	2025-12-08 21:10:04
153	85	3	10	2025-12-08 21:10:04	2025-12-08 21:10:04
154	83	1	2	2025-12-08 21:10:51	2025-12-08 21:10:51
155	83	3	10	2025-12-08 21:10:51	2025-12-08 21:10:51
156	84	1	3	2025-12-08 21:11:03	2025-12-08 21:11:03
157	84	3	10	2025-12-08 21:11:03	2025-12-08 21:11:03
158	86	1	32	2025-12-08 21:20:10	2025-12-08 21:20:10
162	89	1	4	2025-12-08 21:20:59	2025-12-08 21:20:59
163	89	3	10	2025-12-08 21:20:59	2025-12-08 21:20:59
164	87	1	2	2025-12-08 21:21:12	2025-12-08 21:21:12
165	87	3	10	2025-12-08 21:21:12	2025-12-08 21:21:12
166	88	1	3	2025-12-08 21:21:21	2025-12-08 21:21:21
167	88	3	10	2025-12-08 21:21:21	2025-12-08 21:21:21
168	90	1	2	2025-12-08 21:22:04	2025-12-08 21:22:04
169	90	3	9	2025-12-08 21:22:04	2025-12-08 21:22:04
170	91	1	2	2025-12-08 21:22:13	2025-12-08 21:22:13
171	91	3	8	2025-12-08 21:22:13	2025-12-08 21:22:13
172	92	1	3	2025-12-08 21:22:35	2025-12-08 21:22:35
173	92	3	9	2025-12-08 21:22:35	2025-12-08 21:22:35
176	93	1	3	2025-12-08 21:23:22	2025-12-08 21:23:22
177	93	3	8	2025-12-08 21:23:22	2025-12-08 21:23:22
178	94	1	4	2025-12-08 21:23:50	2025-12-08 21:23:50
179	94	3	9	2025-12-08 21:23:50	2025-12-08 21:23:50
180	95	1	4	2025-12-08 21:24:00	2025-12-08 21:24:00
181	95	3	8	2025-12-08 21:24:00	2025-12-08 21:24:00
182	96	1	32	2025-12-08 21:31:10	2025-12-08 21:31:10
186	99	1	4	2025-12-08 21:32:28	2025-12-08 21:32:28
187	99	3	8	2025-12-08 21:32:28	2025-12-08 21:32:28
188	97	1	2	2025-12-08 21:32:39	2025-12-08 21:32:39
189	97	3	8	2025-12-08 21:32:39	2025-12-08 21:32:39
190	98	1	3	2025-12-08 21:32:53	2025-12-08 21:32:53
191	98	3	8	2025-12-08 21:32:53	2025-12-08 21:32:53
192	100	1	4	2025-12-08 21:33:20	2025-12-08 21:33:20
193	100	3	10	2025-12-08 21:33:20	2025-12-08 21:33:20
194	101	1	4	2025-12-08 21:33:34	2025-12-08 21:33:34
195	101	3	9	2025-12-08 21:33:34	2025-12-08 21:33:34
202	105	1	2	2025-12-08 21:35:00	2025-12-08 21:35:00
203	105	3	8	2025-12-08 21:35:00	2025-12-08 21:35:00
204	102	1	3	2025-12-08 21:35:19	2025-12-08 21:35:19
205	102	3	10	2025-12-08 21:35:19	2025-12-08 21:35:19
206	103	1	3	2025-12-08 21:35:34	2025-12-08 21:35:34
207	103	3	8	2025-12-08 21:35:34	2025-12-08 21:35:34
208	104	1	2	2025-12-08 21:35:59	2025-12-08 21:35:59
209	104	3	9	2025-12-08 21:35:59	2025-12-08 21:35:59
210	106	1	32	2025-12-08 21:38:38	2025-12-08 21:38:38
232	110	1	32	2025-12-08 22:01:19	2025-12-08 22:01:19
236	113	4	33	2025-12-08 22:04:27	2025-12-08 22:04:27
237	113	1	4	2025-12-08 22:04:27	2025-12-08 22:04:27
240	111	4	33	2025-12-08 22:04:41	2025-12-08 22:04:41
241	111	1	2	2025-12-08 22:04:41	2025-12-08 22:04:41
242	112	4	33	2025-12-08 22:04:49	2025-12-08 22:04:49
243	112	1	3	2025-12-08 22:04:49	2025-12-08 22:04:49
244	114	4	34	2025-12-08 22:05:10	2025-12-08 22:05:10
245	114	1	4	2025-12-08 22:05:10	2025-12-08 22:05:10
246	115	4	35	2025-12-08 22:05:22	2025-12-08 22:05:22
247	115	1	4	2025-12-08 22:05:22	2025-12-08 22:05:22
248	116	4	34	2025-12-08 22:06:02	2025-12-08 22:06:02
249	116	1	3	2025-12-08 22:06:02	2025-12-08 22:06:02
250	117	4	35	2025-12-08 22:06:18	2025-12-08 22:06:18
251	117	1	3	2025-12-08 22:06:18	2025-12-08 22:06:18
252	118	4	34	2025-12-08 22:07:06	2025-12-08 22:07:06
253	118	1	2	2025-12-08 22:07:06	2025-12-08 22:07:06
254	119	4	35	2025-12-08 22:07:14	2025-12-08 22:07:14
255	119	1	2	2025-12-08 22:07:14	2025-12-08 22:07:14
256	107	4	33	2025-12-08 22:08:21	2025-12-08 22:08:21
257	107	1	2	2025-12-08 22:08:21	2025-12-08 22:08:21
258	109	4	33	2025-12-08 22:08:33	2025-12-08 22:08:33
259	109	1	4	2025-12-08 22:08:33	2025-12-08 22:08:33
260	108	4	33	2025-12-08 22:08:43	2025-12-08 22:08:43
261	108	1	3	2025-12-08 22:08:43	2025-12-08 22:08:43
262	120	4	34	2025-12-08 22:09:14	2025-12-08 22:09:14
263	120	1	4	2025-12-08 22:09:14	2025-12-08 22:09:14
264	121	4	35	2025-12-08 22:09:23	2025-12-08 22:09:23
265	121	1	4	2025-12-08 22:09:23	2025-12-08 22:09:23
266	122	4	34	2025-12-08 22:11:23	2025-12-08 22:11:23
267	122	1	3	2025-12-08 22:11:23	2025-12-08 22:11:23
268	123	4	35	2025-12-08 22:11:34	2025-12-08 22:11:34
269	123	1	3	2025-12-08 22:11:34	2025-12-08 22:11:34
270	124	4	34	2025-12-08 22:12:07	2025-12-08 22:12:07
271	124	1	2	2025-12-08 22:12:07	2025-12-08 22:12:07
272	125	4	35	2025-12-08 22:12:16	2025-12-08 22:12:16
273	125	1	2	2025-12-08 22:12:16	2025-12-08 22:12:16
274	126	1	32	2025-12-08 22:49:04	2025-12-08 22:49:04
275	127	1	2	2025-12-08 22:49:04	2025-12-08 22:49:04
276	128	1	3	2025-12-08 22:49:04	2025-12-08 22:49:04
277	129	1	4	2025-12-08 22:49:04	2025-12-08 22:49:04
290	134	1	32	2025-12-08 22:59:29	2025-12-08 22:59:29
291	135	1	2	2025-12-08 22:59:29	2025-12-08 22:59:29
292	136	1	3	2025-12-08 22:59:29	2025-12-08 22:59:29
293	137	1	4	2025-12-08 22:59:29	2025-12-08 22:59:29
294	138	1	32	2026-01-12 13:11:26	2026-01-12 13:11:26
295	139	1	2	2026-01-12 13:11:26	2026-01-12 13:11:26
296	140	1	3	2026-01-12 13:11:26	2026-01-12 13:11:26
297	141	1	4	2026-01-12 13:11:26	2026-01-12 13:11:26
298	142	1	32	2026-01-12 13:19:18	2026-01-12 13:19:18
299	143	1	2	2026-01-12 13:19:18	2026-01-12 13:19:18
300	144	1	3	2026-01-12 13:19:18	2026-01-12 13:19:18
301	145	1	4	2026-01-12 13:19:18	2026-01-12 13:19:18
302	146	1	32	2026-01-12 13:20:11	2026-01-12 13:20:11
306	150	1	32	2026-01-12 13:21:52	2026-01-12 13:21:52
307	151	1	2	2026-01-12 13:21:52	2026-01-12 13:21:52
308	152	1	3	2026-01-12 13:21:53	2026-01-12 13:21:53
309	153	1	4	2026-01-12 13:21:53	2026-01-12 13:21:53
310	149	1	4	2026-01-12 13:24:00	2026-01-12 13:24:00
311	147	1	2	2026-01-12 13:24:25	2026-01-12 13:24:25
312	148	1	3	2026-01-12 13:24:42	2026-01-12 13:24:42
313	154	1	32	2026-01-12 13:31:48	2026-01-12 13:31:48
314	155	1	2	2026-01-12 13:31:48	2026-01-12 13:31:48
315	156	1	3	2026-01-12 13:31:48	2026-01-12 13:31:48
316	157	1	4	2026-01-12 13:31:48	2026-01-12 13:31:48
317	158	1	32	2026-01-12 13:34:35	2026-01-12 13:34:35
318	159	1	2	2026-01-12 13:34:35	2026-01-12 13:34:35
319	160	1	3	2026-01-12 13:34:35	2026-01-12 13:34:35
320	161	1	4	2026-01-12 13:34:36	2026-01-12 13:34:36
321	162	1	32	2026-01-12 13:37:10	2026-01-12 13:37:10
324	165	1	4	2026-01-12 13:37:10	2026-01-12 13:37:10
325	164	1	3	2026-01-12 13:38:54	2026-01-12 13:38:54
326	163	1	2	2026-01-12 13:39:07	2026-01-12 13:39:07
327	133	1	4	2026-01-12 13:46:15	2026-01-12 13:46:15
328	133	3	8	2026-01-12 13:46:15	2026-01-12 13:46:15
329	132	1	3	2026-01-12 13:46:32	2026-01-12 13:46:32
330	132	3	8	2026-01-12 13:46:32	2026-01-12 13:46:32
331	130	1	32	2026-01-12 13:47:08	2026-01-12 13:47:08
332	130	3	8	2026-01-12 13:47:08	2026-01-12 13:47:08
333	131	1	2	2026-01-12 13:47:28	2026-01-12 13:47:28
334	131	3	8	2026-01-12 13:47:28	2026-01-12 13:47:28
\.


--
-- Data for Name: product_variants; Type: TABLE DATA; Schema: public; Owner: TheRoasters_Auto
--

COPY public.product_variants (id, product_id, sku, price, stock, weight, shipping_weight, is_default, available, picture, created_at, updated_at, deleted_at, calculated_price, manual_price, use_manual_price) FROM stdin;
15	16	ALMONDSLICE-250G-RAW	300.00	0	250.00	\N	f	t	\N	2025-11-22 22:51:30	2025-11-23 21:04:28	\N	\N	\N	f
21	16	ALMONDSLICE-500G-RAW	600.00	0	500.00	\N	f	t	\N	2025-11-23 21:03:13	2025-11-23 21:04:28	\N	\N	\N	f
22	16	ALMONDSLICE-1KG-RAW	1200.00	0	1000.00	\N	t	t	\N	2025-11-23 21:03:39	2025-11-23 21:04:28	\N	\N	\N	f
23	2	CASHEW-ROASTED	1200.00	0	\N	\N	t	t	\N	2025-11-23 21:23:21	2025-11-23 21:23:21	\N	\N	\N	f
9	10	ALMOND-500G-RAW	600.00	0	500.00	\N	f	t	\N	2025-11-21 14:02:02	2025-11-21 15:23:49	2025-11-21 15:22:39	\N	\N	f
24	2	CASHEW-ROASTED-1	1200.00	0	\N	\N	f	t	\N	2025-11-23 21:23:47	2025-11-23 21:23:47	\N	\N	\N	f
4	10	-500G-RAW	600.00	0	\N	\N	f	t	\N	2025-11-21 13:16:21	2025-11-21 15:23:49	2025-11-21 13:38:51	600.00	\N	f
6	10	ALMOND-500G	600.00	0	500.00	\N	f	t	\N	2025-11-21 13:41:15	2025-11-21 15:23:49	2025-11-21 13:48:46	\N	\N	f
5	10	ALMOND-1KG-ROASTED	1200.00	0	1000.00	\N	f	t	\N	2025-11-21 13:35:31	2025-11-21 15:23:49	2025-11-21 13:48:51	\N	\N	f
7	10	ALMOND-250G-LIGHT	300.00	0	250.00	\N	f	t	\N	2025-11-21 13:48:30	2025-11-21 15:23:49	2025-11-21 13:48:54	\N	\N	f
3	10	ALMOND-250.00G-250G-LIGHT	300.00	0	250.00	\N	f	t	\N	2025-11-21 12:31:39	2025-11-21 15:23:49	2025-11-21 13:38:58	\N	\N	f
10	10	ALMOND-1KG-RAW	1200.00	0	1000.00	\N	f	t	\N	2025-11-21 14:03:10	2025-11-21 15:23:49	2025-11-21 15:18:57	\N	\N	f
12	10	ALMOND-2KG-RAW	2400.00	0	2000.00	\N	f	t	\N	2025-11-21 15:23:35	2025-11-21 15:23:54	2025-11-21 15:23:54	\N	\N	f
2	7	BRAZILIANCOFFE-LIGHT	140.00	0	\N	\N	f	t	\N	2025-11-21 00:19:39	2025-11-21 13:46:50	\N	\N	\N	f
25	2	CASHEW-RAW	1200.00	0	\N	\N	f	t	\N	2025-11-23 21:24:01	2025-11-23 21:24:01	\N	\N	\N	f
56	52	-25	2395.00	0	25.00	\N	f	t	https://www.zayaline.com/wp-content/uploads/2023/11/SV43.jpg	2025-12-05 15:27:50	2025-12-05 15:27:50	\N	\N	\N	f
8	10	ALMOND-250G-RAW	300.00	50	250.00	\N	t	t	\N	2025-11-21 13:49:09	2025-11-22 23:03:36	\N	\N	\N	f
26	2	CASHEW-ROASTED-2	600.00	0	\N	\N	f	t	\N	2025-11-23 21:24:26	2025-11-23 21:24:26	\N	\N	\N	f
1	7	BRAZILIANCOFFE-DARK	75.00	0	\N	\N	t	t	\N	2025-11-21 00:19:39	2025-11-22 23:04:15	\N	\N	\N	f
16	17	ALMONDSLICEC-250G-RAW	500.00	0	250.00	\N	t	t	\N	2025-11-22 23:07:40	2025-11-22 23:07:40	\N	\N	\N	f
17	18	ALMONDSLICEC-250G-RAW-1	500.00	0	250.00	\N	t	t	\N	2025-11-22 23:15:36	2025-11-22 23:15:36	\N	\N	\N	f
18	19	ALMONDSLICEC-250G-RAW-2	500.00	0	250.00	\N	t	t	\N	2025-11-22 23:24:55	2025-11-22 23:24:55	\N	\N	\N	f
19	20	ALMONDSLICEC-250G-RAW-3	500.00	0	250.00	\N	t	t	\N	2025-11-22 23:28:43	2025-11-22 23:30:50	\N	500.00	\N	f
20	27	WALNUT22FGFCO-250G-RAW	300.00	0	250.00	\N	t	t	\N	2025-11-23 03:55:34	2025-11-23 03:55:34	\N	\N	\N	f
27	2	CASHEW-ROASTED-3	6.00	0	\N	\N	f	t	\N	2025-11-23 21:24:39	2025-11-23 21:24:39	\N	\N	\N	f
28	2	CASHEW-RAW-1	600.00	0	\N	\N	f	t	\N	2025-11-23 21:24:52	2025-11-23 21:24:52	\N	\N	\N	f
29	2	CASHEW-ROASTED-4	300.00	0	\N	\N	f	t	\N	2025-11-23 21:25:52	2025-11-23 21:25:52	\N	\N	\N	f
30	2	CASHEW-ROASTED-5	300.00	0	\N	\N	f	t	\N	2025-11-23 21:26:04	2025-11-23 21:26:04	\N	\N	\N	f
31	2	CASHEW-RAW-2	300.00	0	\N	\N	f	t	\N	2025-11-23 21:26:16	2025-11-23 21:26:16	\N	\N	\N	f
35	34	ALM-500-1763936003	190.00	30	500.00	\N	f	t	\N	2025-11-23 22:13:23	2025-11-23 22:13:23	\N	\N	\N	f
37	35	SYR-500ML-1763936003	130.00	25	500.00	\N	f	t	\N	2025-11-23 22:13:23	2025-11-23 22:13:23	\N	\N	\N	f
38	36	CASH-250-1763936003	220.00	0	250.00	\N	f	t	\N	2025-11-23 22:13:23	2025-11-23 22:13:23	\N	\N	\N	f
39	36	CASH-1KG-1763936003	250.00	0	1000.00	\N	f	t	\N	2025-11-23 22:13:23	2025-11-23 22:13:23	\N	\N	\N	f
40	33	COL-250-1763936084	200.00	0	250.00	\N	f	t	\N	2025-11-23 22:14:44	2025-11-23 22:14:44	\N	\N	\N	f
42	13	WALNUT-250G-250G-RAW	220.00	0	250.00	\N	f	t	\N	2025-11-25 21:45:27	2025-11-25 21:45:27	\N	\N	\N	f
57	52	-27-28	2395.00	0	27.00	\N	f	t	https://www.zayaline.com/wp-content/uploads/2023/11/SV43.jpg	2025-12-05 15:27:50	2025-12-05 15:27:50	\N	\N	\N	f
58	53	925-sterling-silver-ring-black-compass-bronze-star-jewelry-mens-sv24-14-15	1195.00	0	14.00	\N	t	t	https://www.zayaline.com/wp-content/uploads/2023/11/SV24-2.jpg	2025-12-05 15:46:10	2025-12-05 15:46:10	\N	\N	\N	f
34	34	ALM-250-1763936003	180.00	49	250.00	\N	f	t	\N	2025-11-23 22:13:23	2025-11-23 22:14:44	\N	\N	\N	f
36	35	SYR-250ML-1763936003	120.00	38	250.00	\N	f	t	\N	2025-11-23 22:13:23	2025-11-23 22:14:44	\N	\N	\N	f
41	13	WALNUT-500G-500G-RAW	440.00	0	500.00	\N	f	t	\N	2025-11-25 21:43:33	2025-11-25 21:44:58	\N	\N	\N	f
14	13	WALNUT-1KG-RAW	880.00	0	1000.00	\N	t	t	\N	2025-11-21 15:51:26	2025-11-25 23:25:50	\N	500.00	\N	f
59	53	925-sterling-silver-ring-black-compass-bronze-star-jewelry-mens-sv24-17-18	1195.00	0	17.00	\N	f	t	https://www.zayaline.com/wp-content/uploads/2023/11/SV24-2.jpg	2025-12-05 15:46:10	2025-12-05 15:46:10	\N	\N	\N	f
46	51	9619-14-15	1295.00	0	14.00	\N	t	t	https://www.zayaline.com/wp-content/uploads/2023/11/SV54.jpg	2025-12-05 15:22:19	2025-12-05 15:22:19	\N	\N	\N	f
47	51	9619-17-18	1295.00	0	17.00	\N	f	t	https://www.zayaline.com/wp-content/uploads/2023/11/SV54.jpg	2025-12-05 15:22:19	2025-12-05 15:22:19	\N	\N	\N	f
48	51	9619-20	1295.00	0	20.00	\N	f	t	https://www.zayaline.com/wp-content/uploads/2023/11/SV54.jpg	2025-12-05 15:22:19	2025-12-05 15:22:19	\N	\N	\N	f
49	51	9619-22-23	1295.00	0	22.00	\N	f	t	https://www.zayaline.com/wp-content/uploads/2023/11/SV54.jpg	2025-12-05 15:22:19	2025-12-05 15:22:19	\N	\N	\N	f
50	51	9619-25	1295.00	0	25.00	\N	f	t	https://www.zayaline.com/wp-content/uploads/2023/11/SV54.jpg	2025-12-05 15:22:19	2025-12-05 15:22:19	\N	\N	\N	f
51	51	9619-27-28	1295.00	0	27.00	\N	f	t	https://www.zayaline.com/wp-content/uploads/2023/11/SV54.jpg	2025-12-05 15:22:19	2025-12-05 15:22:19	\N	\N	\N	f
52	52	-14-15	2395.00	0	14.00	\N	t	t	https://www.zayaline.com/wp-content/uploads/2023/11/SV43.jpg	2025-12-05 15:27:50	2025-12-05 15:27:50	\N	\N	\N	f
53	52	-17-18	2395.00	0	17.00	\N	f	t	https://www.zayaline.com/wp-content/uploads/2023/11/SV43.jpg	2025-12-05 15:27:50	2025-12-05 15:27:50	\N	\N	\N	f
54	52	-20	2395.00	0	20.00	\N	f	t	https://www.zayaline.com/wp-content/uploads/2023/11/SV43.jpg	2025-12-05 15:27:50	2025-12-05 15:27:50	\N	\N	\N	f
55	52	-22-23	2395.00	0	22.00	\N	f	t	https://www.zayaline.com/wp-content/uploads/2023/11/SV43.jpg	2025-12-05 15:27:50	2025-12-05 15:27:50	\N	\N	\N	f
60	53	925-sterling-silver-ring-black-compass-bronze-star-jewelry-mens-sv24-20	1195.00	0	20.00	\N	f	t	https://www.zayaline.com/wp-content/uploads/2023/11/SV24-2.jpg	2025-12-05 15:46:10	2025-12-05 15:46:10	\N	\N	\N	f
61	53	925-sterling-silver-ring-black-compass-bronze-star-jewelry-mens-sv24-22-23	1195.00	0	22.00	\N	f	t	https://www.zayaline.com/wp-content/uploads/2023/11/SV24-2.jpg	2025-12-05 15:46:10	2025-12-05 15:46:10	\N	\N	\N	f
62	53	925-sterling-silver-ring-black-compass-bronze-star-jewelry-mens-sv24-25	1195.00	0	25.00	\N	f	t	https://www.zayaline.com/wp-content/uploads/2023/11/SV24-2.jpg	2025-12-05 15:46:10	2025-12-05 15:46:10	\N	\N	\N	f
63	53	925-sterling-silver-ring-black-compass-bronze-star-jewelry-mens-sv24-27-28	1195.00	0	27.00	\N	f	t	https://www.zayaline.com/wp-content/uploads/2023/11/SV24-2.jpg	2025-12-05 15:46:10	2025-12-05 15:46:10	\N	\N	\N	f
116	62	ROASTEDBLENDED-500G-MEDIUM	480.00	0	500.00	\N	f	t	\N	2025-12-08 22:06:02	2025-12-08 22:06:02	\N	\N	\N	f
118	62	ROASTEDBLENDED-250G-MEDIUM	240.00	0	250.00	\N	f	t	\N	2025-12-08 22:07:06	2025-12-08 22:07:06	\N	\N	\N	f
120	61	ROASTEDPLAINB-1KG-MEDIUM	900.00	0	1000.00	\N	f	t	\N	2025-12-08 22:09:14	2025-12-08 22:09:14	\N	\N	\N	f
67	54	BLANCHEDHAZELN-1KG-RAW	1280.00	0	1000.00	\N	t	t	https://www.theroasterseg.com/wp-content/uploads/2025/07/Hazelnut-Calories.png	2025-12-08 20:15:19	2025-12-08 23:24:04	\N	\N	\N	f
122	61	ROASTEDPLAINB-500G-MEDIUM	450.00	0	500.00	\N	f	t	\N	2025-12-08 22:11:23	2025-12-08 22:11:23	\N	\N	\N	f
124	61	ROASTEDPLAINB-250G-MEDIUM	225.00	0	250.00	\N	f	t	\N	2025-12-08 22:12:07	2025-12-08 22:12:07	\N	\N	\N	f
71	56	WALNUTKINGRAW-1KG-RAW	880.00	0	1000.00	\N	t	t	https://www.theroasterseg.com/wp-content/uploads/2025/07/Walnut-Callories.png	2025-12-08 20:34:55	2025-12-08 20:36:19	\N	\N	\N	f
68	56	WALNUTKINGRAW-100G-RAW	90.00	0	100.00	\N	f	t	https://www.theroasterseg.com/wp-content/uploads/2025/07/Walnut-Callories.png	2025-12-08 20:34:55	2025-12-08 20:36:49	\N	\N	\N	f
69	56	WALNUTKINGRAW-250G-RAW	220.00	0	250.00	\N	f	t	https://www.theroasterseg.com/wp-content/uploads/2025/07/Walnut-Callories.png	2025-12-08 20:34:55	2025-12-08 20:37:03	\N	\N	\N	f
70	56	WALNUTKINGRAW-500G-RAW	440.00	0	500.00	\N	f	t	https://www.theroasterseg.com/wp-content/uploads/2025/07/Walnut-Callories.png	2025-12-08 20:34:55	2025-12-08 20:37:22	\N	\N	\N	f
126	63	spanish-candy-mix-100g	50.00	0	100.00	\N	f	t	https://auto.theroasterseg.com/storage/products/spanish-candy-mix_1765234144_KJqbog.png	2025-12-08 22:49:04	2025-12-08 22:49:54	\N	\N	\N	f
72	57	CASHEWKINGROA-1KG-RAW	1200.00	0	1000.00	\N	f	t	https://www.theroasterseg.com/wp-content/uploads/2025/07/cashew-top-view-bowl-pnglib-–-free-png-library.png	2025-12-08 20:43:57	2025-12-08 20:52:25	\N	\N	\N	f
73	57	CASHEWKING-500G-RAW	600.00	0	500.00	\N	f	t	https://www.theroasterseg.com/wp-content/uploads/2025/07/cashew-top-view-bowl-pnglib-–-free-png-library.png	2025-12-08 20:43:57	2025-12-08 20:52:25	\N	\N	\N	f
74	57	CASHEWKING-250G-RAW	300.00	0	250.00	\N	f	t	https://www.theroasterseg.com/wp-content/uploads/2025/07/cashew-top-view-bowl-pnglib-–-free-png-library.png	2025-12-08 20:43:57	2025-12-08 20:52:25	\N	\N	\N	f
75	57	cashew-king-roasted-salted-100g	120.00	0	100.00	\N	f	t	https://www.theroasterseg.com/wp-content/uploads/2025/07/cashew-top-view-bowl-pnglib-–-free-png-library.png	2025-12-08 20:43:57	2025-12-08 20:52:25	2025-12-08 20:48:54	\N	\N	f
76	57	CASHEWKING-250G-ROASTED	300.00	0	250.00	\N	f	t	\N	2025-12-08 20:49:55	2025-12-08 20:52:25	\N	\N	\N	f
77	57	CASHEWKING-500G-ROASTED	600.00	0	500.00	\N	f	t	\N	2025-12-08 20:50:42	2025-12-08 20:52:25	\N	\N	\N	f
78	57	CASHEWKING-1KG-ROASTED	1200.00	0	1000.00	\N	f	t	\N	2025-12-08 20:50:58	2025-12-08 20:52:25	\N	\N	\N	f
79	57	CASHEWKING-250G-ROASTED-1	300.00	0	250.00	\N	f	t	\N	2025-12-08 20:51:17	2025-12-08 20:52:25	\N	\N	\N	f
80	57	CASHEWKING-500G-ROASTED-1	600.00	0	500.00	\N	f	t	\N	2025-12-08 20:51:31	2025-12-08 20:52:25	\N	\N	\N	f
86	59	almond-king-100g	90.00	0	100.00	\N	f	t	https://auto.theroasterseg.com/storage/products/almond-king_1765228810_a97L6V.png	2025-12-08 21:20:10	2025-12-08 21:20:39	2025-12-08 21:20:39	\N	\N	f
81	57	CASHEWKING-1KG-ROASTED-1	1200.00	0	1000.00	\N	t	t	\N	2025-12-08 20:52:14	2025-12-08 20:52:25	\N	\N	\N	f
127	63	spanish-candy-mix-250g	120.00	0	250.00	\N	f	t	https://auto.theroasterseg.com/storage/products/spanish-candy-mix_1765234144_AkeisG.png	2025-12-08 22:49:04	2025-12-08 22:49:54	\N	\N	\N	f
128	63	spanish-candy-mix-500g	240.00	0	500.00	\N	f	t	https://auto.theroasterseg.com/storage/products/spanish-candy-mix_1765234144_dXBkzU.png	2025-12-08 22:49:04	2025-12-08 22:49:54	\N	\N	\N	f
129	63	spanish-candy-mix-1kg	480.00	0	1000.00	\N	t	t	https://auto.theroasterseg.com/storage/products/spanish-candy-mix_1765234144_nGcz3N.png	2025-12-08 22:49:04	2025-12-08 22:49:54	\N	\N	\N	f
89	59	ALMONDKING-1KG-ROASTED	880.00	0	1000.00	\N	t	t	https://auto.theroasterseg.com/storage/products/almond-king_1765228810_z11w6I.png	2025-12-08 21:20:10	2025-12-08 21:20:59	\N	\N	\N	f
87	59	ALMONDKING-250G-ROASTED	220.00	0	250.00	\N	f	t	https://auto.theroasterseg.com/storage/products/almond-king_1765228810_AMleJT.png	2025-12-08 21:20:10	2025-12-08 21:21:12	\N	\N	\N	f
85	58	PISTACHIOKING-1KG-ROASTED	1200.00	0	1000.00	\N	t	t	https://auto.theroasterseg.com/storage/products/pistachio-king-roasted_1765228038_KAECQI.png	2025-12-08 21:07:18	2025-12-08 21:10:04	\N	\N	\N	f
83	58	PISTACHIOKING-250G-ROASTED	300.00	0	250.00	\N	f	t	https://auto.theroasterseg.com/storage/products/pistachio-king-roasted_1765228038_5vfaCU.png	2025-12-08 21:07:18	2025-12-08 21:10:51	\N	\N	\N	f
137	65	blanched-hazelnuts-roasted-king-1kg	1280.00	0	1000.00	\N	t	t	https://auto.theroasterseg.com/storage/products/blanched-hazelnuts-roasted-king_1765234769_quewPf.png	2025-12-08 22:59:29	2025-12-08 23:23:49	\N	\N	\N	f
135	65	blanched-hazelnuts-roasted-king-250g	320.00	0	250.00	\N	f	t	https://auto.theroasterseg.com/storage/products/blanched-hazelnuts-roasted-king_1765234769_WxQnhx.png	2025-12-08 22:59:29	2025-12-08 23:23:49	\N	\N	\N	f
65	54	BLANCHEDHAZELN-250G-RAW	320.00	0	250.00	\N	f	t	https://www.theroasterseg.com/wp-content/uploads/2025/07/Hazelnut-Calories.png	2025-12-08 20:15:19	2025-12-08 23:24:04	\N	\N	\N	f
64	54	blanched-hazelnuts-white-king-100g	1280.00	0	100.00	\N	f	t	https://www.theroasterseg.com/wp-content/uploads/2025/07/Hazelnut-Calories.png	2025-12-08 20:15:19	2025-12-08 23:24:04	2025-12-08 20:18:37	\N	\N	f
66	54	BLANCHEDHAZELN-500G-RAW	640.00	0	500.00	\N	f	t	https://www.theroasterseg.com/wp-content/uploads/2025/07/Hazelnut-Calories.png	2025-12-08 20:15:19	2025-12-08 23:24:04	\N	\N	\N	f
90	59	ALMONDKING-250G-ROASTED-1	220.00	0	250.00	\N	f	t	\N	2025-12-08 21:22:04	2025-12-08 21:22:04	\N	\N	\N	f
91	59	ALMONDKING-250G-RAW	220.00	0	250.00	\N	f	t	\N	2025-12-08 21:22:13	2025-12-08 21:22:13	\N	\N	\N	f
92	59	ALMONDKING-500G-ROASTED-1	440.00	0	500.00	\N	f	t	\N	2025-12-08 21:22:35	2025-12-08 21:22:35	\N	\N	\N	f
138	68	turkish-fig-100g	90.00	0	100.00	\N	f	t	https://auto.theroasterseg.com/storage/products/turkish-fig_1768223485_XW56Ai.png	2026-01-12 13:11:26	2026-01-12 13:13:07	\N	\N	\N	f
93	59	ALMONDKING-500G-RAW	440.00	0	500.00	\N	f	t	\N	2025-12-08 21:22:50	2025-12-08 21:23:22	\N	\N	\N	f
94	59	ALMONDKING-1KG-ROASTED-1	880.00	0	1000.00	\N	f	t	\N	2025-12-08 21:23:50	2025-12-08 21:23:50	\N	\N	\N	f
95	59	ALMONDKING-1KG-RAW	880.00	0	1000.00	\N	f	t	\N	2025-12-08 21:24:00	2025-12-08 21:24:00	\N	\N	\N	f
84	58	PISTACHIOKING-500G-ROASTED	600.00	0	500.00	\N	f	t	https://auto.theroasterseg.com/storage/products/pistachio-king-roasted_1765228038_Fq0gEU.png	2025-12-08 21:07:18	2025-12-08 21:11:03	\N	\N	\N	f
82	58	pistachio-king-roasted-100g	120.00	0	100.00	\N	f	t	https://auto.theroasterseg.com/storage/products/pistachio-king-roasted_1765228038_ilVozD.png	2025-12-08 21:07:18	2025-12-08 21:11:15	2025-12-08 21:11:15	\N	\N	f
88	59	ALMONDKING-500G-ROASTED	440.00	0	500.00	\N	f	t	https://auto.theroasterseg.com/storage/products/almond-king_1765228810_N51HyV.png	2025-12-08 21:20:10	2025-12-08 21:21:21	\N	\N	\N	f
117	62	ROASTEDBLENDED-500G-DARK	480.00	0	500.00	\N	f	t	\N	2025-12-08 22:06:18	2025-12-08 22:06:18	\N	\N	\N	f
119	62	ROASTEDBLENDED-250G-DARK	240.00	0	250.00	\N	f	t	\N	2025-12-08 22:07:14	2025-12-08 22:07:14	\N	\N	\N	f
107	61	ROASTEDPLAINB-250G-LIGHT	225.00	0	250.00	\N	f	t	https://auto.theroasterseg.com/storage/products/light-roasted-plain-brazilian-coffee_1765229918_VFzOwT.jpg	2025-12-08 21:38:38	2025-12-08 22:08:21	\N	\N	\N	f
108	61	ROASTEDPLAINB-500G-LIGHT	450.00	0	500.00	\N	f	t	https://auto.theroasterseg.com/storage/products/light-roasted-plain-brazilian-coffee_1765229918_GTpyFO.jpg	2025-12-08 21:38:38	2025-12-08 22:08:43	\N	\N	\N	f
121	61	ROASTEDPLAINB-1KG-DARK	900.00	0	1000.00	\N	f	t	\N	2025-12-08 22:09:23	2025-12-08 22:09:23	\N	\N	\N	f
123	61	ROASTEDPLAINB-500G-DARK	450.00	0	500.00	\N	f	t	\N	2025-12-08 22:11:34	2025-12-08 22:11:34	\N	\N	\N	f
125	61	ROASTEDPLAINB-250G-DARK	225.00	0	250.00	\N	f	t	\N	2025-12-08 22:12:16	2025-12-08 22:12:16	\N	\N	\N	f
96	60	mixed-king-nuts-100g	100.00	0	100.00	\N	f	t	https://auto.theroasterseg.com/storage/products/mixed-king-nuts_1765229470_x0UV1Y.png	2025-12-08 21:31:10	2025-12-08 21:33:52	2025-12-08 21:32:13	\N	\N	f
99	60	MIXEDKINGNUTS-1KG-RAW	980.00	0	1000.00	\N	f	t	https://auto.theroasterseg.com/storage/products/mixed-king-nuts_1765229470_Njq0zX.png	2025-12-08 21:31:10	2025-12-08 21:33:52	\N	\N	\N	f
97	60	MIXEDKINGNUTS-250G-RAW	245.00	0	250.00	\N	f	t	https://auto.theroasterseg.com/storage/products/mixed-king-nuts_1765229470_v672da.png	2025-12-08 21:31:10	2025-12-08 21:33:52	\N	\N	\N	f
98	60	MIXEDKINGNUTS-500G-RAW	490.00	0	500.00	\N	f	t	https://auto.theroasterseg.com/storage/products/mixed-king-nuts_1765229470_PEZ4Ie.png	2025-12-08 21:31:10	2025-12-08 21:33:52	\N	\N	\N	f
101	60	MIXEDKINGNUTS-1KG-ROASTED-1	980.00	0	1000.00	\N	f	t	\N	2025-12-08 21:33:34	2025-12-08 21:33:52	\N	\N	\N	f
100	60	MIXEDKINGNUTS-1KG-ROASTED	980.00	0	1000.00	\N	t	t	\N	2025-12-08 21:33:20	2025-12-08 21:33:52	\N	\N	\N	f
105	60	MIXEDKINGNUTS-250G-RAW-1	245.00	0	250.00	\N	f	t	\N	2025-12-08 21:35:00	2025-12-08 21:35:00	\N	\N	\N	f
102	60	MIXEDKINGNUTS-500G-ROASTED	490.00	0	500.00	\N	f	t	\N	2025-12-08 21:34:17	2025-12-08 21:35:19	\N	\N	\N	f
103	60	MIXEDKINGNUTS-500G-RAW-1	490.00	0	500.00	\N	f	t	\N	2025-12-08 21:34:26	2025-12-08 21:35:34	\N	\N	\N	f
104	60	MIXEDKINGNUTS-250G-ROASTED	245.00	0	250.00	\N	f	t	\N	2025-12-08 21:34:44	2025-12-08 21:35:59	\N	\N	\N	f
139	68	turkish-fig-250g	220.00	0	250.00	\N	f	t	https://auto.theroasterseg.com/storage/products/turkish-fig_1768223486_cVag4O.png	2026-01-12 13:11:26	2026-01-12 13:13:07	\N	\N	\N	f
140	68	turkish-fig-500g	440.00	0	500.00	\N	f	t	https://auto.theroasterseg.com/storage/products/turkish-fig_1768223486_WRcmzY.png	2026-01-12 13:11:26	2026-01-12 13:13:07	\N	\N	\N	f
106	61	light-roasted-plain-brazilian-coffee-100g	90.00	0	100.00	\N	f	t	https://auto.theroasterseg.com/storage/products/light-roasted-plain-brazilian-coffee_1765229918_EkRd25.jpg	2025-12-08 21:38:38	2025-12-08 21:42:01	2025-12-08 21:42:01	\N	\N	f
141	68	turkish-fig-1kg	880.00	0	1000.00	\N	t	t	https://auto.theroasterseg.com/storage/products/turkish-fig_1768223486_cowzll.png	2026-01-12 13:11:26	2026-01-12 13:13:08	\N	\N	\N	f
109	61	ROASTEDPLAINB-1KG-LIGHT	900.00	0	1000.00	\N	t	t	https://auto.theroasterseg.com/storage/products/light-roasted-plain-brazilian-coffee_1765229918_HFL5rL.jpg	2025-12-08 21:38:38	2025-12-08 21:57:19	\N	\N	\N	f
136	65	blanched-hazelnuts-roasted-king-500g	640.00	0	500.00	\N	f	t	https://auto.theroasterseg.com/storage/products/blanched-hazelnuts-roasted-king_1765234769_Wh14a2.png	2025-12-08 22:59:29	2025-12-08 23:23:49	\N	\N	\N	f
134	65	blanched-hazelnuts-roasted-king-100g	150.00	0	100.00	\N	f	t	https://auto.theroasterseg.com/storage/products/blanched-hazelnuts-roasted-king_1765234769_QwbMVc.png	2025-12-08 22:59:29	2025-12-08 23:23:49	2025-12-08 23:00:15	\N	\N	f
110	62	roasted-blended-brazilian-coffee-100g	99.00	0	100.00	\N	f	t	https://auto.theroasterseg.com/storage/products/roasted-blended-brazilian-coffee_1765231279_ujDYrl.jpg	2025-12-08 22:01:19	2025-12-08 22:02:54	2025-12-08 22:02:54	\N	\N	f
113	62	ROASTEDBLENDED-1KG-LIGHT	960.00	0	1000.00	\N	t	t	https://auto.theroasterseg.com/storage/products/roasted-blended-brazilian-coffee_1765231279_CiebU9.jpg	2025-12-08 22:01:19	2025-12-08 22:04:27	\N	\N	\N	f
111	62	ROASTEDBLENDED-250G-LIGHT	240.00	0	250.00	\N	f	t	https://auto.theroasterseg.com/storage/products/roasted-blended-brazilian-coffee_1765231279_PAzxET.jpg	2025-12-08 22:01:19	2025-12-08 22:04:35	\N	\N	\N	f
112	62	ROASTEDBLENDED-500G-LIGHT	480.00	0	500.00	\N	f	t	https://auto.theroasterseg.com/storage/products/roasted-blended-brazilian-coffee_1765231279_RcI3Vp.jpg	2025-12-08 22:01:19	2025-12-08 22:04:49	\N	\N	\N	f
114	62	ROASTEDBLENDED-1KG-MEDIUM	960.00	0	1000.00	\N	f	t	\N	2025-12-08 22:05:10	2025-12-08 22:05:10	\N	\N	\N	f
115	62	ROASTEDBLENDED-1KG-DARK	960.00	0	1000.00	\N	f	t	\N	2025-12-08 22:05:22	2025-12-08 22:05:22	\N	\N	\N	f
146	72	syrian-rope-fig-100g	80.00	0	100.00	\N	f	t	https://auto.theroasterseg.com/storage/products/syrian-rope-fig_1768224011_ccryFe.jpg	2026-01-12 13:20:11	2026-01-12 13:23:35	\N	\N	\N	f
150	73	prunes-boneless-king-size-100g	60.00	0	100.00	\N	f	t	https://auto.theroasterseg.com/storage/products/prunes-boneless-king-size_1768224112_Q3Iqq5.jpg	2026-01-12 13:21:52	2026-01-12 13:27:58	\N	\N	\N	f
133	64	SLICEDALMONDS-1KG-RAW	980.00	0	1000.00	\N	t	t	https://auto.theroasterseg.com/storage/products/sliced-almonds_1765234433_RFkT4x.webp	2025-12-08 22:53:53	2026-01-12 13:46:15	\N	\N	\N	f
132	64	SLICEDALMONDS-500G-RAW	490.00	0	500.00	\N	f	t	https://auto.theroasterseg.com/storage/products/sliced-almonds_1765234433_udgKeA.webp	2025-12-08 22:53:53	2026-01-12 13:46:32	\N	\N	\N	f
130	64	SLICEDALMONDS-100G-RAW	99.00	0	100.00	\N	f	t	https://auto.theroasterseg.com/storage/products/sliced-almonds_1765234432_W4kF0w.webp	2025-12-08 22:53:53	2026-01-12 13:47:08	\N	\N	\N	f
131	64	SLICEDALMONDS-250G-RAW	245.00	0	250.00	\N	f	t	https://auto.theroasterseg.com/storage/products/sliced-almonds_1765234433_0MPo2a.webp	2025-12-08 22:53:53	2026-01-12 13:47:28	\N	\N	\N	f
142	71	syrian-fig-dried-100g	80.00	0	100.00	\N	f	t	https://auto.theroasterseg.com/storage/products/syrian-fig-dried_1768223958_Y38NvD.png	2026-01-12 13:19:18	2026-01-12 13:22:33	\N	\N	\N	f
143	71	syrian-fig-dried-250g	195.00	0	250.00	\N	f	t	https://auto.theroasterseg.com/storage/products/syrian-fig-dried_1768223958_wlyBid.png	2026-01-12 13:19:18	2026-01-12 13:22:33	\N	\N	\N	f
144	71	syrian-fig-dried-500g	390.00	0	500.00	\N	f	t	https://auto.theroasterseg.com/storage/products/syrian-fig-dried_1768223958_3ow9TK.png	2026-01-12 13:19:18	2026-01-12 13:22:33	\N	\N	\N	f
145	71	syrian-fig-dried-1kg	780.00	0	1000.00	\N	t	t	https://auto.theroasterseg.com/storage/products/syrian-fig-dried_1768223958_KEAI9l.png	2026-01-12 13:19:18	2026-01-12 13:22:33	\N	\N	\N	f
158	75	black-raisins-organic-100g	30.00	0	100.00	\N	f	t	https://auto.theroasterseg.com/storage/products/black-raisins-organic_1768224875_7ROthU.jpg	2026-01-12 13:34:35	2026-01-12 13:35:12	\N	\N	\N	f
149	72	SYRIANROPEFIG-1KG	780.00	0	1000.00	\N	t	t	https://auto.theroasterseg.com/storage/products/syrian-rope-fig_1768224011_udsJum.jpg	2026-01-12 13:20:11	2026-01-12 13:24:00	\N	\N	\N	f
159	75	black-raisins-organic-250g	60.00	0	250.00	\N	f	t	https://auto.theroasterseg.com/storage/products/black-raisins-organic_1768224875_2KnNak.jpg	2026-01-12 13:34:35	2026-01-12 13:35:12	\N	\N	\N	f
147	72	SYRIANROPEFIG-250G	195.00	0	250.00	\N	f	t	https://auto.theroasterseg.com/storage/products/syrian-rope-fig_1768224011_eK5qbF.jpg	2026-01-12 13:20:11	2026-01-12 13:24:25	\N	\N	\N	f
160	75	black-raisins-organic-500g	120.00	0	500.00	\N	f	t	https://auto.theroasterseg.com/storage/products/black-raisins-organic_1768224875_gw8pN4.jpg	2026-01-12 13:34:35	2026-01-12 13:35:12	\N	\N	\N	f
148	72	SYRIANROPEFIG-500G	390.00	0	500.00	\N	f	t	https://auto.theroasterseg.com/storage/products/syrian-rope-fig_1768224011_TUV7FU.jpg	2026-01-12 13:20:11	2026-01-12 13:24:42	\N	\N	\N	f
151	73	prunes-boneless-king-size-250g	145.00	0	250.00	\N	f	t	https://auto.theroasterseg.com/storage/products/prunes-boneless-king-size_1768224112_JWenMp.jpg	2026-01-12 13:21:52	2026-01-12 13:27:58	\N	\N	\N	f
152	73	prunes-boneless-king-size-500g	290.00	0	500.00	\N	f	t	https://auto.theroasterseg.com/storage/products/prunes-boneless-king-size_1768224112_0K4A7Z.jpg	2026-01-12 13:21:53	2026-01-12 13:27:58	\N	\N	\N	f
163	76	IRANIANRAISINS-250G	75.00	0	250.00	\N	f	t	https://auto.theroasterseg.com/storage/products/iranian-raisins-gold_1768225030_TvynOt.png	2026-01-12 13:37:10	2026-01-12 13:39:07	\N	\N	\N	f
153	73	prunes-boneless-king-size-1kg	580.00	0	1000.00	\N	t	t	https://auto.theroasterseg.com/storage/products/prunes-boneless-king-size_1768224113_czw3Vs.jpg	2026-01-12 13:21:53	2026-01-12 13:27:58	\N	\N	\N	f
154	74	dried-apricots-king-size-100g	99.00	0	100.00	\N	f	t	https://auto.theroasterseg.com/storage/products/dried-apricots-king-size_1768224708_QUQZzk.jpg	2026-01-12 13:31:48	2026-01-12 13:32:35	\N	\N	\N	f
155	74	dried-apricots-king-size-250g	245.00	0	250.00	\N	f	t	https://auto.theroasterseg.com/storage/products/dried-apricots-king-size_1768224708_OPZorT.jpg	2026-01-12 13:31:48	2026-01-12 13:32:35	\N	\N	\N	f
156	74	dried-apricots-king-size-500g	490.00	0	500.00	\N	f	t	https://auto.theroasterseg.com/storage/products/dried-apricots-king-size_1768224708_aqg0N4.jpg	2026-01-12 13:31:48	2026-01-12 13:32:35	\N	\N	\N	f
161	75	black-raisins-organic-1kg	240.00	0	1000.00	\N	t	t	https://auto.theroasterseg.com/storage/products/black-raisins-organic_1768224875_FThDcl.jpg	2026-01-12 13:34:36	2026-01-12 13:35:12	\N	\N	\N	f
157	74	dried-apricots-king-size-1kg	980.00	0	1000.00	\N	t	t	https://auto.theroasterseg.com/storage/products/dried-apricots-king-size_1768224708_XMlCDf.jpg	2026-01-12 13:31:48	2026-01-12 13:32:35	\N	\N	\N	f
162	76	iranian-raisins-gold-100g	35.00	0	100.00	\N	f	t	https://auto.theroasterseg.com/storage/products/iranian-raisins-gold_1768225030_Cix9Yo.png	2026-01-12 13:37:10	2026-01-12 13:38:32	\N	\N	\N	f
165	76	iranian-raisins-gold-1kg	300.00	0	1000.00	\N	t	t	https://auto.theroasterseg.com/storage/products/iranian-raisins-gold_1768225030_yWEDNg.png	2026-01-12 13:37:10	2026-01-12 13:38:32	\N	\N	\N	f
164	76	IRANIANRAISINS-500G	150.00	0	500.00	\N	f	t	https://auto.theroasterseg.com/storage/products/iranian-raisins-gold_1768225030_MSE3Jf.png	2026-01-12 13:37:10	2026-01-12 13:38:54	\N	\N	\N	f
\.


--
-- Data for Name: products; Type: TABLE DATA; Schema: public; Owner: TheRoasters_Auto
--

COPY public.products (id, product_name, product_price, weight, stock, available, category_id, picture, picture_file, description, created_at, updated_at, deleted_at, product_name_en, description_ar, description_en, product_type, inventory_mode, unified_stock, unit_of_measure, pricing_mode, base_price_per_kg, low_stock_threshold, cost_price_per_kg, margin_percentage, auto_calculate_from_margin, average_daily_sales, lead_time_days, safety_stock_days, auto_reorder_point, reorder_point_calculated_at, woocommerce_id, last_synced_at, sync_status, short_description, short_description_ar, short_description_en, import_status, pending_import_id, meta_title, meta_description, meta_keywords, meta_title_en, meta_description_en, meta_keywords_en, og_image, slug, slug_en) FROM stdin;
1	كاجو - Cashew	1200.00	1.00	1	t	1	https://nuts.com/images/ct/images.cdn.us-central1.gcp.commercetools.com/fe6ef66f-361c-4adb-b11f-d4aa8f13c79c/4022_RoastedCashewsU-BXZmlsKT-zoom.jpg	\N	\N	2025-11-17 23:06:20	2025-11-18 02:26:56	2025-11-18 02:26:56	\N	\N	\N	simple	product	\N	piece	manual	\N	5000.00	\N	\N	f	\N	7	3	\N	\N	\N	\N	pending	\N	\N	\N	\N	\N	\N	\N	\N	\N	\N	\N	\N	\N	\N
4	Brazil - Yellow Bourbon	320.00	1.00	1000	t	1	\N	\N	\N	2025-11-19 20:44:20	2025-11-19 20:51:14	2025-11-19 20:51:14	Brazil - Yellow Bourbon	\N	\N	simple	product	\N	piece	manual	\N	5000.00	\N	\N	f	\N	7	3	\N	\N	\N	\N	pending	\N	\N	\N	\N	\N	\N	\N	\N	\N	\N	\N	\N	\N	\N
12	فستق	1200.00	\N	0	f	1	\N	\N	\N	2025-11-21 15:47:29	2025-11-21 15:50:45	2025-11-21 15:50:45	Pistachio 	\N	Almond King Size	configurable	unified	10000.00	g	manual	\N	5000.00	\N	\N	f	\N	7	3	\N	\N	\N	\N	pending	\N	\N	\N	\N	\N	\N	\N	\N	\N	\N	\N	\N	\N	\N
11	لوز (Copy)	1200.00	\N	0	f	1	\N	\N	\N	2025-11-21 15:40:38	2025-11-21 15:50:45	2025-11-21 15:50:45	Almond (Copy)	\N	Almond King Size	configurable	unified	10000.00	g	manual	\N	5000.00	\N	\N	f	\N	7	3	\N	\N	\N	\N	pending	\N	\N	\N	\N	\N	\N	\N	\N	\N	\N	\N	\N	\N	\N
15	منتج اختبار نسخ	100.00	1.00	100	t	1	\N	\N	\N	2025-11-22 22:46:55	2025-11-22 22:46:55	2025-11-22 22:46:55	Test Copy Product	\N	\N	simple	product	\N	piece	manual	\N	5000.00	\N	\N	f	\N	7	3	\N	\N	\N	\N	pending	\N	\N	\N	\N	\N	\N	\N	\N	\N	\N	\N	\N	\N	\N
14	منتج اختبار	100.00	1.00	100	t	1	\N	\N	\N	2025-11-22 22:45:27	2025-11-22 22:50:53	2025-11-22 22:50:53	Test Product	\N	\N	simple	product	\N	piece	manual	\N	5000.00	\N	\N	f	\N	7	3	\N	\N	\N	\N	pending	\N	\N	\N	\N	\N	\N	\N	\N	\N	\N	\N	\N	\N	\N
7	قهوة برازيلية	150.00	\N	0	t	1	\N	\N	\N	2025-11-21 00:19:39	2025-12-08 20:12:00	2025-12-08 20:12:00	Brazilian Coffee	\N	\N	configurable	unified	7500.00	g	manual	\N	5000.00	\N	\N	f	\N	7	3	\N	\N	\N	\N	pending	\N	\N	\N	\N	\N	\N	\N	\N	\N	\N	\N	\N	\N	\N
27	عين جمل2245 (Copy) (Copy) (نسخة) (Copy) (Copy)	300.00	\N	0	f	1	\N	\N	\N	2025-11-23 03:54:57	2025-11-23 21:01:33	2025-11-23 21:01:33	Walnut22fgf (Copy) (Copy) (نسخة) (Copy) (Copy)	\N	\N	configurable	unified	60000.00	g	manual	\N	5000.00	\N	\N	f	\N	7	3	\N	\N	\N	\N	pending	\N	\N	\N	\N	\N	\N	\N	\N	\N	\N	\N	\N	\N	\N
26	عين جمل2245 (Copy) (Copy) (نسخة) (Copy)	1200.00	\N	0	f	1	\N	\N	\N	2025-11-23 03:50:54	2025-11-23 21:01:33	2025-11-23 21:01:33	Walnut22fgf (Copy) (Copy) (نسخة) (Copy)	\N	\N	configurable	unified	60000.00	g	manual	\N	5000.00	\N	\N	f	\N	7	3	\N	\N	\N	\N	pending	\N	\N	\N	\N	\N	\N	\N	\N	\N	\N	\N	\N	\N	\N
18	لوز شرايح (Copy) (Copy)	1200.00	\N	0	f	1	\N	\N	\N	2025-11-22 23:15:36	2025-11-22 23:24:43	2025-11-22 23:24:43	Almond Slice (Copy) (Copy)	\N	Walnut King Size	configurable	unified	2500.00	g	manual	\N	5000.00	\N	\N	f	\N	7	3	\N	\N	\N	\N	pending	\N	\N	\N	\N	\N	\N	\N	\N	\N	\N	\N	\N	\N	\N
17	لوز شرايح (Copy)	1200.00	\N	0	f	1	\N	\N	\N	2025-11-22 23:07:40	2025-11-22 23:24:43	2025-11-22 23:24:43	Almond Slice (Copy)	\N	Walnut King Size	configurable	unified	2500.00	g	manual	\N	5000.00	\N	\N	f	\N	7	3	\N	\N	\N	\N	pending	\N	\N	\N	\N	\N	\N	\N	\N	\N	\N	\N	\N	\N	\N
36	كاجو مملح - ت1763936003	220.00	\N	0	t	1	\N	\N	\N	2025-11-23 22:13:23	2025-11-25 20:37:00	2025-11-25 20:37:00	Salted Cashew Test	\N	\N	variable	unified	13000.00	g	manual	\N	5000.00	\N	\N	f	\N	7	3	\N	\N	\N	\N	pending	\N	\N	\N	\N	\N	\N	\N	\N	\N	\N	\N	\N	\N	\N
25	عين جمل2245 (Copy) (Copy) (نسخة)	1200.00	\N	0	f	1	\N	\N	\N	2025-11-23 03:50:35	2025-11-23 21:01:33	2025-11-23 21:01:33	Walnut22fgf (Copy) (Copy) (نسخة)	\N	\N	configurable	unified	60000.00	g	manual	\N	5000.00	\N	\N	f	\N	7	3	\N	\N	\N	\N	pending	\N	\N	\N	\N	\N	\N	\N	\N	\N	\N	\N	\N	\N	\N
24	عين جمل2245 (Copy) (Copy)	1200.00	\N	0	f	1	\N	\N	\N	2025-11-23 03:50:08	2025-11-23 21:01:33	2025-11-23 21:01:33	Walnut22fgf (Copy) (Copy)	\N	\N	configurable	unified	60000.00	g	manual	\N	5000.00	\N	\N	f	\N	7	3	\N	\N	\N	\N	pending	\N	\N	\N	\N	\N	\N	\N	\N	\N	\N	\N	\N	\N	\N
23	عين جمل2245 (Copy)	1200.00	\N	0	t	1	\N	\N	\N	2025-11-23 00:34:50	2025-11-23 21:01:33	2025-11-23 21:01:33	Walnut22fgf (Copy)	\N	\N	configurable	unified	60000.00	g	manual	\N	5000.00	\N	\N	f	\N	7	3	\N	\N	\N	\N	pending	\N	\N	\N	\N	\N	\N	\N	\N	\N	\N	\N	\N	\N	\N
22	عين جمل2245	1200.00	\N	0	t	1	\N	\N	\N	2025-11-23 00:15:25	2025-11-23 21:01:33	2025-11-23 21:01:33	Walnut22fgf	\N	\N	configurable	unified	50000.00	g	manual	\N	5000.00	\N	\N	f	\N	7	3	\N	\N	\N	\N	pending	\N	\N	\N	\N	\N	\N	\N	\N	\N	\N	\N	\N	\N	\N
21	عين جمل22	1200.00	\N	0	t	1	\N	\N	\N	2025-11-22 23:32:54	2025-11-23 21:01:33	2025-11-23 21:01:33	Walnut22	ثث	dfdf	configurable	unified	0.00	g	manual	\N	5000.00	\N	\N	f	\N	7	3	\N	\N	\N	\N	pending	\N	\N	\N	\N	\N	\N	\N	\N	\N	\N	\N	\N	\N	\N
20	لوز شرايح (Copy2)	1200.00	\N	0	t	1	\N	\N	\N	2025-11-22 23:28:43	2025-11-23 21:01:33	2025-11-23 21:01:33	Almond Slice (Copy2)	\N	Walnut King Size	configurable	unified	2000.00	g	manual	\N	5000.00	\N	\N	f	\N	7	3	\N	\N	\N	\N	pending	\N	\N	\N	\N	\N	\N	\N	\N	\N	\N	\N	\N	\N	\N
19	لوز شرايح (Copy)	1200.00	\N	0	f	1	\N	\N	\N	2025-11-22 23:24:55	2025-11-23 21:01:33	2025-11-23 21:01:33	Almond Slice (Copy)	\N	Walnut King Size	configurable	unified	2000.00	g	manual	\N	5000.00	\N	\N	f	\N	7	3	\N	\N	\N	\N	pending	\N	\N	\N	\N	\N	\N	\N	\N	\N	\N	\N	\N	\N	\N
5	Brazil - Yellow Bourbon	320.00	1.00	997	t	1	\N	\N	\N	2025-11-19 20:51:05	2025-12-08 20:12:00	2025-12-08 20:12:00	Brazil - Yellow Bourbon	\N	\N	simple	product	\N	piece	manual	\N	5000.00	\N	\N	f	\N	7	3	\N	\N	\N	\N	pending	\N	\N	\N	\N	\N	\N	\N	\N	\N	\N	\N	\N	\N	\N
16	لوز شرايح	1200.00	\N	-2	t	1	\N	\N	\N	2025-11-22 22:51:30	2025-12-08 20:12:00	2025-12-08 20:12:00	Almond Slice	\N	Walnut King Size	configurable	unified	11000.00	g	manual	\N	5000.00	\N	\N	f	\N	7	3	\N	\N	\N	\N	pending	\N	\N	\N	\N	\N	\N	\N	\N	\N	\N	\N	\N	\N	\N
34	لوز محمص - ت1763936003	180.00	\N	0	t	1	\N	\N	\N	2025-11-23 22:13:23	2025-11-25 20:37:00	2025-11-25 20:37:00	Roasted Almond Test	\N	\N	variable	variant	\N	g	manual	\N	5000.00	\N	\N	f	\N	7	3	\N	\N	\N	\N	pending	\N	\N	\N	\N	\N	\N	\N	\N	\N	\N	\N	\N	\N	\N
35	شراب فانيليا - ت1763936003	120.00	\N	0	t	1	\N	\N	\N	2025-11-23 22:13:23	2025-11-25 20:37:00	2025-11-25 20:37:00	Vanilla Syrup Test	\N	\N	variable	variant	\N	ml	manual	\N	5000.00	\N	\N	f	\N	7	3	\N	\N	\N	\N	pending	\N	\N	\N	\N	\N	\N	\N	\N	\N	\N	\N	\N	\N	\N
33	قهوة كولومبية - ت1763935983	200.00	\N	0	t	1	\N	\N	\N	2025-11-23 22:13:03	2025-11-25 20:37:00	2025-11-25 20:37:00	Colombian Coffee Test	\N	\N	variable	unified	19250.00	g	manual	\N	5000.00	\N	\N	f	\N	7	3	\N	\N	\N	\N	pending	\N	\N	\N	\N	\N	\N	\N	\N	\N	\N	\N	\N	\N	\N
37	Brazil - aa	500.00	100.00	1000	t	1	\N	\N	\N	2025-11-23 22:19:07	2025-11-25 20:37:07	2025-11-25 20:37:07	\N	\N	\N	simple	product	\N	piece	manual	\N	5000.00	\N	\N	f	\N	7	3	\N	\N	\N	\N	pending	\N	\N	\N	\N	\N	\N	\N	\N	\N	\N	\N	\N	\N	\N
32	فستق محمص - ت1763935983	150.00	\N	98	t	1	\N	\N	\N	2025-11-23 22:13:03	2025-11-25 20:37:13	2025-11-25 20:37:13	Pistachio Test	\N	\N	simple	product	\N	piece	manual	\N	5000.00	\N	\N	f	\N	7	3	\N	\N	\N	\N	pending	\N	\N	\N	\N	\N	\N	\N	\N	\N	\N	\N	\N	\N	\N
13	عين جمل	880.00	\N	-1	t	1	\N	\N	\N	2025-11-21 15:51:26	2025-12-08 20:12:00	2025-12-08 20:12:00	Walnut	\N	Walnut King Size	configurable	unified	7750.00	g	manual	\N	5000.00	\N	\N	f	\N	7	3	\N	\N	\N	\N	pending	\N	\N	\N	\N	\N	\N	\N	\N	\N	\N	\N	\N	\N	\N
3	فستق	1200.00	1.00	1000	t	1	https://nuts.com/images/ct/images.cdn.us-central1.gcp.commercetools.com/fe6ef66f-361c-4adb-b11f-d4aa8f13c79c/4022_RoastedCashewsU-BXZmlsKT-zoom.jpg	\N	\N	2025-11-18 02:28:11	2025-12-08 20:12:00	2025-12-08 20:12:00	Pistachio	فستق أمريكي كينج - تحميص يومي	Pistachio King Size - Daily Roasted	simple	product	\N	piece	manual	\N	5000.00	\N	\N	f	\N	7	3	\N	\N	\N	\N	pending	\N	\N	\N	\N	\N	\N	\N	\N	\N	\N	\N	\N	\N	\N
10	لوز	1200.00	\N	0	f	1	\N	\N	\N	2025-11-21 12:27:34	2025-12-08 20:12:00	2025-12-08 20:12:00	Almond	\N	Almond King Size	configurable	unified	10000.00	g	manual	\N	5000.00	\N	\N	f	\N	7	3	\N	\N	\N	\N	pending	\N	\N	\N	\N	\N	\N	\N	\N	\N	\N	\N	\N	\N	\N
2	كاجو	1200.00	1.00	999	t	1	https://nuts.com/images/ct/images.cdn.us-central1.gcp.commercetools.com/fe6ef66f-361c-4adb-b11f-d4aa8f13c79c/4022_RoastedCashewsU-BXZmlsKT-zoom.jpg	\N	\N	2025-11-18 02:26:34	2025-12-08 20:12:00	2025-12-08 20:12:00	Cashew	كاجو مقاس كينج - تحميص يومي - أمريكي	Cashew King Size - Daily Roasted - Imported From USA	configurable	unified	93750.00	g	manual	\N	5000.00	\N	\N	f	\N	7	3	\N	\N	\N	\N	pending	\N	\N	\N	\N	\N	\N	\N	\N	\N	\N	\N	\N	\N	\N
38	925 Sterling Silver Pendent Flower - SV60	795.00	\N	0	t	\N	https://www.zayaline.com/wp-content/uploads/2023/11/1-3.jpg	\N	<div id="product-fullbody" class="mb-1">\n<h4>925 Sterling Silver Pendent Flower - SV60</p>\n<p>Product Features:</h4>\n<p>Made of 925 Sterling silver.</p>\n<p>Gemstone enamel has been used.</p>\n<p>The Pendent is made by handcraft.</p>\n<p>The product has a certificate.</p>\n<p>We advise you not to use soap or any chemicals for a long time because the ring loses its luster .</p>\n</div>\n<div class="col-12 col-md-4 mb-1 border border-bottom-0">\n<div>\n<p>925 Sterling Silver pendant with a stainless steel chain</p>\n<p>&nbsp;</p>\n</div>\n</div>\n<h6>925 Sterling <a href="https://en.wikipedia.org/wiki/Sterling_silver">silver</a> from <a href="https://zayaline.com/">LookStock</a></h6>\n	2025-11-25 22:39:17	2025-11-25 23:23:33	2025-11-25 23:23:33	\N	\N	<div id="product-fullbody" class="mb-1">\n<h4>925 Sterling Silver Pendent Flower - SV60</p>\n<p>Product Features:</h4>\n<p>Made of 925 Sterling silver.</p>\n<p>Gemstone enamel has been used.</p>\n<p>The Pendent is made by handcraft.</p>\n<p>The product has a certificate.</p>\n<p>We advise you not to use soap or any chemicals for a long time because the ring loses its luster .</p>\n</div>\n<div class="col-12 col-md-4 mb-1 border border-bottom-0">\n<div>\n<p>925 Sterling Silver pendant with a stainless steel chain</p>\n<p>&nbsp;</p>\n</div>\n</div>\n<h6>925 Sterling <a href="https://en.wikipedia.org/wiki/Sterling_silver">silver</a> from <a href="https://zayaline.com/">LookStock</a></h6>\n	simple	product	\N	piece	manual	\N	5000.00	\N	\N	f	\N	7	3	\N	\N	\N	\N	pending	\N	\N	\N	\N	\N	\N	\N	\N	\N	\N	\N	\N	\N	\N
50	مجوهرات معلقة من الفضة الإسترليني عيار 925 - SV34	1395.00	\N	0	t	\N	https://www.zayaline.com/wp-content/uploads/2023/11/SV34-1.jpg	\N	ميزات المنتج: مصنوع من الفضة الإسترليني عيار 925. تم استخدام مينا الأحجار الكريمة. القلادة مصنوعة يدوياً. المنتج حاصل على شهادة. ننصحك بعدم استخدام الصابون أو أي مواد كيميائية لفترة طويلة لأن الخاتم يفقد بريقه. الوزن تقريباً: 6-8 جرام 925 فضة استرليني 925 فضة استرليني 925 من لوك ستوك	2025-11-26 00:47:06	2025-11-26 01:25:42	2025-11-26 01:25:42	925 Sterling Silver Pendent Jewelry - SV34	ميزات المنتج: مصنوع من الفضة الإسترليني عيار 925. تم استخدام مينا الأحجار الكريمة. القلادة مصنوعة يدوياً. المنتج حاصل على شهادة. ننصحك بعدم استخدام الصابون أو أي مواد كيميائية لفترة طويلة لأن الخاتم يفقد بريقه. الوزن تقريباً: 6-8 جرام 925 فضة استرليني 925 فضة استرليني 925 من لوك ستوك	Product Features: Made of 925 Sterling silver. Gemstone enamel has been used. The Pendent is made by handcraft. The product has a certificate. We advise you not to use soap or any chemicals for a long time because the ring loses its luster . Weight approximately : 6-8 Gram 925 Sterling Silver pendant with a stainless steel chain 925 Sterling silver from LookStock	simple	product	\N	piece	manual	\N	5000.00	\N	\N	f	\N	7	3	\N	\N	\N	\N	pending	\N	\N	\N	\N	\N	\N	\N	\N	\N	\N	\N	\N	\N	\N
48	قلادة الأزواج التيتانيوم - CP20	995.00	\N	0	t	\N	https://www.zayaline.com/wp-content/uploads/2023/11/couple_set_love_stainless_stee_1685583687_9088b55f_progressive.jpeg	\N	نبذة عن التيتانيوم سمي على اسم "الجبابرة" في الأساطير الإغريقية لقوته الشديدة إنه عنصر عدده الذري 22، ورمزه Ti إنه خامل ومقاوم للتآكل تماماً، لن يصدأ التيتانيوم أو يتآكل أو يتلطخ أبداً. لا يُسبّب الحساسية بنسبة 100%، لن تتحسس من التيتانيوم. أقوى من الفولاذ ولكنه أخف وزناً بنسبة 42%، فهو أثقل بقليل من الألمنيوم. يتمتع بأعلى نسبة قوة وكثافة بين جميع المواد المعدنية. 85% من هيكل مكوك الفضاء مصنوع من التيتانيوم. تزداد شعبيته كمعدن للمجوهرات. ضمان ضد الصدأ والبهتان مدى الحياة. التيتانيوم معدن أبيض، لكن على عكس الذهب يُستخدم في المجوهرات بشكله النقي تقريباً (نقي بنسبة 99% تقريباً). التيتانيوم يدوم طويلاً للغاية. لونه الطبيعي هو اللون الرمادي. التيتانيوم خفيف الوزن جداً، لذا فإن قلادة وسلسلة مفاتيح من التيتانيوم أخف بكثير من قلادة وسلسلة مفاتيح من الذهب عيار 18 قيراطاً وأخف بكثير من قلادة وسلسلة مفاتيح من البلاتين. قلادة وسلسلة مفاتيح من التيتانيوم	2025-11-26 00:33:32	2025-11-26 01:25:42	2025-11-26 01:25:42	Necklace Couples Titanium - CP20	\N	About Titanium Named after the "Titans" of Greek mythology for its extreme strength It is an element with the atomic number of 22, the symbol is Ti It is inert and completely corrosion resistant, titanium will not rust, corrode or ever tarnish. 100% Hypoallergenic, you will not be allergic to titanium. Stronger than steel but 42% lighter, it is only slightly heavier than aluminum. Has the highest ratio of strength and density of all metallic materials. 85% of the space shuttle's structure is made of titanium. Exploding in popularity as a jewelry metal. Life Time Guarantee Anti-Rust & Fade. Titanium is a white metal, but unlike gold it is used in jewelry in almost its pure form (approximately 99% pure). Titanium is extremely long wearing. Its natural color is a gray color. Titanium is very lightweight, so a titanium Necklace & Key-Chain will feel much lighter than an 18ct gold Necklace & Key-Chain and much lighter than a platinum Necklace & Key Chain. Titanium Steel,, Necklace	simple	product	\N	piece	manual	\N	5000.00	\N	\N	f	\N	7	3	\N	\N	\N	\N	pending	\N	\N	\N	\N	\N	\N	\N	\N	\N	\N	\N	\N	\N	\N
45	قلادة زهرة الفضة الإسترليني 925 الفضة الإسترليني - SV60	795.00	\N	0	t	\N	https://www.zayaline.com/wp-content/uploads/2023/11/1-3.jpg	\N	زهرة معلّقة من الفضة الإسترليني عيار 925 - SV60 مميزات المنتج: مصنوعة من الفضة الإسترليني عيار 925. تم استخدام مينا الأحجار الكريمة. الدلاية مصنوعة يدوياً. المنتج حاصل على شهادة. ننصحك بعدم استخدام الصابون أو أي مواد كيميائية لفترة طويلة لأن الخاتم يفقد بريقه. قلادة فضة إسترليني 925 مع سلسلة من الفولاذ المقاوم للصدأ 925 فضة إسترليني من لوك ستوك	2025-11-26 00:11:54	2025-11-26 01:25:42	2025-11-26 01:25:42	925 Sterling Silver Pendent Flower - SV60	\N	925 Sterling Silver Pendent Flower - SV60 Product Features: Made of 925 Sterling silver. Gemstone enamel has been used. The Pendent is made by handcraft. The product has a certificate. We advise you not to use soap or any chemicals for a long time because the ring loses its luster . 925 Sterling Silver pendant with a stainless steel chain   925 Sterling silver from LookStock	simple	product	\N	piece	manual	\N	5000.00	\N	\N	f	\N	7	3	\N	\N	\N	\N	pending	\N	\N	\N	\N	\N	\N	\N	\N	\N	\N	\N	\N	\N	\N
44	925 Sterling Silver Pendent Flower - SV60	795.00	\N	0	t	\N	https://www.zayaline.com/wp-content/uploads/2023/11/1-3.jpg	\N	\N	2025-11-25 23:39:48	2025-12-05 15:16:37	2025-12-05 15:16:37	925 Sterling Silver Pendent Flower - SV60	\N	925 Sterling Silver Pendent Flower - SV60 Product Features: Made of 925 Sterling silver. Gemstone enamel has been used. The Pendent is made by handcraft. The product has a certificate. We advise you not to use soap or any chemicals for a long time because the ring loses its luster . 925 Sterling Silver pendant with a stainless steel chain   925 Sterling silver from LookStock	simple	product	\N	piece	manual	\N	5000.00	\N	\N	f	\N	7	3	\N	\N	\N	\N	pending	\N	\N	\N	\N	\N	\N	\N	\N	\N	\N	\N	\N	\N	\N
49	ليزر أخضر أصلي بقوة 10,000 واط، مصنوع في ألمانيا	995.00	\N	0	t	\N	https://www.zayaline.com/wp-content/uploads/2024/11/31ZhBOes00L._AC_.jpg	\N	10,000 واط من الطاقة مدى يصل إلى 10 كم في الهواء قفل أمان على الجزء الخلفي من الليزر شاحن بطارية خاص لليزر رأس قابل للتعديل لزيادة حجم النقطة أو تقليلها، مع رأس إضافي لأشكال فريدة سلسلة مفاتيح ليزر أخضر خاص ليزر أخضر ألماني - تقنية متقدمة لأداء مثالي يتميز الليزر الأخضر الألماني بمواصفات تقنية متقدمة، مما يجعله أحد أفضل الخيارات المتاحة في السوق. فيما يلي ميزاته الرئيسية واستخداماته المتعددة: مواصفات الليزر الأخضر الألماني: بعيد المدى: يصل مدى الليزر إلى أكثر من 4 كيلومترات، مما يجعله مثاليًا لمختلف التطبيقات، بما في ذلك الأغراض العلمية والترفيهية. قوة الشعاع: يتميز بشعاع قوي يصل إلى عدة واط، مما يضمن رؤية عالية حتى في ظروف الإضاءة المنخفضة. بطارية قابلة للشحن: مزوّد ببطارية قابلة لإعادة الشحن يستغرق شحنها من ساعتين إلى ثلاث ساعات فقط، مما يوفر الراحة وسهولة الشحن عبر منفذ USB. تصميم متين وعالي الجودة: مصنوعة من الألومنيوم المقاوم للتآكل، مما يضمن المتانة والعمر الطويل. حجمها الصغير ووزنها الخفيف (حوالي 200 جرام) يجعلها ملائمة للاستخدام في أي مكان. مقارنة مع الأجهزة الأخرى: يتفوق جهاز الليزر الأخضر الألماني على العديد من الأجهزة المنافسة بفضل مداه الطويل ومواده عالية الجودة، في حين أن الأجهزة الأخرى غالبًا ما تأتي بمدى أقصر أو بطاريات غير قابلة لإعادة الشحن، مما يحد من فعاليتها. الاستخدامات والفوائد: التخييم: أداة مثالية لمحبي الطبيعة والمغامرين، حيث يساعد على تحديد النقاط البعيدة بسهولة، حتى في المناطق المظلمة. الصيد: تساعد الصيادين في تحديد الأهداف بدقة حتى في ظروف الإضاءة المنخفضة، مما يعزز كفاءة الصيد ويقلل من الأخطاء. علم الفلك: يُستخدم للإشارة إلى النجوم والكواكب والأجرام السماوية الأخرى، مما يسهل على علماء الفلك توجيه التلسكوبات وأداة أساسية في الجولات الفلكية. العروض التقديمية: مناسبة للإشارة إلى النقاط البعيدة على الشاشات الكبيرة، مما يضمن وضوح الرؤية والمساهمة في العروض التقديمية الاحترافية. الفوائد البيئية والاقتصادية: بفضل بطاريته القابلة لإعادة الشحن، يساعد الليزر على تقليل النفايات الإلكترونية ويوفر خياراً اقتصادياً مستداماً على المدى الطويل. بفضل مواصفاته المتطورة، يُعد الليزر الأخضر الألماني خيارًا مثاليًا للباحثين عن جهاز قوي وموثوق به للاستخدامات المتنوعة، سواء كانت ترفيهية أو احترافية. لوكستوك، ليزر أخضر	2025-11-26 00:40:29	2025-11-26 01:25:42	2025-11-26 01:25:42	Original Green Laser with 10,000 Watts Power, Made in Germany	\N	10,000 Watts of power Range up to 10 km in the air Safety lock on the back of the laser Special battery charger for the laser Adjustable head to increase or decrease dot size, with additional head for unique shapes Special laser keychain German Green Laser – Advanced Technology for Optimal Performance The German Green Laser is distinguished by advanced technical specifications, making it one of the best options available on the market. Here are its key features and versatile uses: Specifications of the German Green Laser: Long Range: The laser has a range of over 4 kilometers, making it ideal for various applications, including scientific and recreational purposes. Beam Strength: It features a powerful beam of several watts, ensuring high visibility even in low-light conditions. Rechargeable Battery: Equipped with a rechargeable battery that takes only two to three hours to charge, providing convenience and easy charging via a USB port. Durable and High-Quality Design: Made from corrosion-resistant aluminum, ensuring durability and long life. Its compact size and lightweight (around 200 grams) make it convenient to use anywhere. Comparison with Other Devices: The German Green Laser surpasses many competing devices with its long range and high-quality materials, while other devices often come with shorter range or non-rechargeable batteries, limiting their effectiveness. Uses and Benefits: Camping: An ideal tool for nature lovers and adventurers, helping to locate distant points with ease, even in dark areas. Hunting: Assists hunters in accurately targeting even in low-light conditions, enhancing hunting efficiency and reducing errors. Astronomy: Used to point out stars, planets, and other celestial bodies, making it easier for astronomers to guide telescopes and an essential tool in astronomical tours. Presentations: Suitable for pointing out distant points on large screens, ensuring clear visibility and contributing to professional presentations. Environmental and Economic Benefits: Thanks to its rechargeable battery, the laser helps reduce electronic waste and offers a sustainable, economical choice for the long term. With its advanced specifications, the German Green Laser is an ideal choice for those seeking a powerful and reliable device for diverse uses, whether recreational or professional. LookStock, Green Laser	simple	product	\N	piece	manual	\N	5000.00	\N	\N	f	\N	7	3	\N	\N	\N	\N	pending	\N	\N	\N	\N	\N	\N	\N	\N	\N	\N	\N	\N	\N	\N
47	قلادة تيتانيوم - GL88	450.00	\N	0	t	\N	https://www.zayaline.com/wp-content/uploads/2023/11/1-2.jpg	\N	نبذة عن التيتانيوم سمي على اسم "الجبابرة" في الأساطير الإغريقية لقوته الشديدة إنه عنصر عدده الذري 22، ورمزه Ti إنه خامل ومقاوم للتآكل تماماً، لن يصدأ التيتانيوم أو يتآكل أو يتلطخ أبداً. لا يُسبّب الحساسية بنسبة 100%، لن تتحسس من التيتانيوم. أقوى من الفولاذ ولكنه أخف وزناً بنسبة 42%، فهو أثقل بقليل من الألمنيوم. يتمتع بأعلى نسبة قوة وكثافة بين جميع المواد المعدنية. 85% من هيكل مكوك الفضاء مصنوع من التيتانيوم. تزداد شعبيته كمعدن للمجوهرات. التيتانيوم معدن أبيض، ولكن على عكس الذهب يُستخدم في المجوهرات في شكله النقي تقريباً (نقي بنسبة 99% تقريباً). التيتانيوم طويل الأمد للغاية. لونه الطبيعي هو اللون الرمادي. التيتانيوم خفيف الوزن للغاية، لذا فإن خاتم التيتانيوم أخف بكثير من خاتم الذهب عيار 18 قيراطاً وأخف بكثير من خاتم البلاتين. القلادة	2025-11-26 00:27:25	2025-11-26 01:25:42	2025-11-26 01:25:42	Titanium Necklace - GL88	\N	About Titanium Named after the "Titans" of Greek mythology for its extreme strength It is an element with the atomic number of 22, the symbol is Ti It is inert and completely corrosion resistant, titanium will not rust, corrode or ever tarnish. 100% Hypoallergenic, you will not be allergic to titanium. Stronger than steel but 42% lighter, it is only slightly heavier than aluminum. Has the highest ratio of strength and density of all metallic materials. 85% of the space shuttle's structure is made of titanium. Exploding in popularity as a jewelry metal. Titanium is a white metal, but unlike gold it is used in jewelry in almost its pure form (approximately 99% pure). Titanium is extremely long wearing. Its natural color is a gray color. Titanium is very lightweight, so a titanium ring will feel much lighter than an 18ct gold ring and much lighter than a platinum ring. Necklace	simple	product	\N	piece	manual	\N	5000.00	\N	\N	f	\N	7	3	\N	\N	\N	\N	pending	\N	\N	\N	\N	\N	\N	\N	\N	\N	\N	\N	\N	\N	\N
46	سلسال الصليب المصري المصنوع من التيتانيوم المصنوع من حجر التيتانيوم - LK80	750.00	\N	0	t	\N	https://www.zayaline.com/wp-content/uploads/2023/11/1-2-1.jpg	\N	نبذة عن التيتانيوم سمي على اسم "الجبابرة" في الأساطير الإغريقية لقوته الشديدة إنه عنصر عدده الذري 22، ورمزه Ti إنه خامل ومقاوم للتآكل تماماً، لن يصدأ التيتانيوم أو يتآكل أو يتلطخ أبداً. لا يُسبّب الحساسية بنسبة 100%، لن تتحسس من التيتانيوم. أقوى من الفولاذ ولكنه أخف وزناً بنسبة 42%، فهو أثقل بقليل من الألمنيوم. يتمتع بأعلى نسبة قوة وكثافة بين جميع المواد المعدنية. 85% من هيكل مكوك الفضاء مصنوع من التيتانيوم. تزداد شعبيته كمعدن للمجوهرات. التيتانيوم معدن أبيض، ولكن على عكس الذهب يُستخدم في المجوهرات في شكله النقي تقريباً (نقي بنسبة 99% تقريباً). التيتانيوم طويل الأمد للغاية. لونه الطبيعي هو اللون الرمادي. يتميّز التيتانيوم بخفة وزنه، لذا فإن خاتم التيتانيوم أخف بكثير من قلادة الذهب عيار 18 قيراطاً وأخف بكثير من قلادة البلاتين. القلادة	2025-11-26 00:17:38	2025-11-26 01:25:42	2025-11-26 01:25:42	The Key of the Nile CZ Stone Egyptian Cross Titanium Necklace - LK80	\N	About Titanium Named after the "Titans" of Greek mythology for its extreme strength It is an element with the atomic number of 22, the symbol is Ti It is inert and completely corrosion resistant, titanium will not rust, corrode or ever tarnish. 100% Hypoallergenic, you will not be allergic to titanium. Stronger than steel but 42% lighter, it is only slightly heavier than aluminum. Has the highest ratio of strength and density of all metallic materials. 85% of the space shuttle's structure is made of titanium. Exploding in popularity as a jewelry metal. Titanium is a white metal, but unlike gold it is used in jewelry in almost its pure form (approximately 99% pure). Titanium is extremely long wearing. Its natural color is a gray color. Titanium is very lightweight, so a titanium ring will feel much lighter than an 18ct gold Pendant and much lighter than a platinum Pendant. Pendant	simple	product	\N	piece	manual	\N	5000.00	\N	\N	f	\N	7	3	\N	\N	\N	\N	pending	\N	\N	\N	\N	\N	\N	\N	\N	\N	\N	\N	\N	\N	\N
53	خاتم فضة إسترليني 925 فضة إسترليني خاتم نجمة برونزية ببوصلة سوداء للرجال - SV24	1195.00	\N	500	t	\N	https://www.zayaline.com/wp-content/uploads/2023/11/SV24-2.jpg	\N	ميزات المنتج: مصنوع من الفضة الإسترليني عيار 925. تم استخدام مينا الأحجار الكريمة. الخاتم مصنوع يدوياً. المنتج حاصل على شهادة. ننصح بعدم استخدام الصابون أو أي مواد كيميائية لفترة طويلة لأن الخاتم يفقد بريقه. الوزن تقريباً: قد يحدث اختلاف طفيف في الوزن حسب حجم الخاتم. 10-12 جرام فضة إسترليني 925 جرام من لوك ستوك	2025-12-05 15:46:10	2025-12-08 16:55:13	2025-12-08 16:55:13	925 Sterling Silver Ring Black Compass Bronze Star Jewelry Men's - SV24	ميزات المنتج: مصنوع من الفضة الإسترليني عيار 925. تم استخدام مينا الأحجار الكريمة. الخاتم مصنوع يدوياً. المنتج حاصل على شهادة. ننصح بعدم استخدام الصابون أو أي مواد كيميائية لفترة طويلة لأن الخاتم يفقد بريقه. الوزن تقريباً: قد يحدث اختلاف طفيف في الوزن حسب حجم الخاتم. 10-12 جرام فضة إسترليني 925 جرام من لوك ستوك	Product Features: Made of 925 Sterling silver. Gemstone enamel has been used. The ring is made by handcraft. The product has a certificate. We advise you not to use soap or any chemicals for a long time because the ring loses its luster . Weight approximately : a slight difference in weight may occur depending on the size of the ring. 10-12 Gram 925 Sterling silver from LookStock	configurable	variant	\N	g	manual	\N	5000.00	\N	\N	f	\N	7	3	\N	\N	\N	\N	pending	مصنوع من الفضة عيار 925. تم استخدام مينا الأحجار الكريمة. الخاتم مصنوع يدوياً.	مصنوع من الفضة عيار 925. تم استخدام مينا الأحجار الكريمة. الخاتم مصنوع يدوياً.	Made of 925 silver. Gemstone enamel has been used. The ring is made by handcraft.	imported	4	\N	\N	\N	\N	\N	\N	\N	\N	\N
51	مجوهرات خاتم حجر المرساة من الفضة الإسترليني عيار 925 - SV54	1295.00	\N	0	t	\N	https://www.zayaline.com/wp-content/uploads/2023/11/SV54.jpg	\N	ميزات المنتج: مصنوع من الفضة الإسترليني عيار 925. تم استخدام مينا الأحجار الكريمة. الخاتم مصنوع يدوياً. المنتج حاصل على شهادة. ننصح بعدم استخدام الصابون أو أي مواد كيميائية لفترة طويلة لأن الخاتم يفقد بريقه. الوزن تقريباً: قد يحدث اختلاف طفيف في الوزن حسب حجم الخاتم. 11-13 جرام فضة إسترليني 925 جرام من لوك ستوك	2025-12-05 15:09:21	2025-12-08 16:55:13	2025-12-08 16:55:13	925 Sterling Silver Anchor Stone Ring Jewelry - SV54	ميزات المنتج: مصنوع من الفضة الإسترليني عيار 925. تم استخدام مينا الأحجار الكريمة. الخاتم مصنوع يدوياً. المنتج حاصل على شهادة. ننصح بعدم استخدام الصابون أو أي مواد كيميائية لفترة طويلة لأن الخاتم يفقد بريقه. الوزن تقريباً: قد يحدث اختلاف طفيف في الوزن حسب حجم الخاتم. 11-13 جرام فضة إسترليني 925 جرام من لوك ستوك	Product Features: Made of 925 Sterling silver. Gemstone enamel has been used. The ring is made by handcraft. The product has a certificate. We advise you not to use soap or any chemicals for a long time because the ring loses its luster . Weight approximately : a slight difference in weight may occur depending on the size of the ring. 11-13 Gram 925 Sterling silver from LookStock	configurable	variant	\N	g	manual	\N	5000.00	\N	\N	f	\N	7	3	\N	\N	9619	\N	pending	مصنوع من الفضة عيار 925. تم استخدام مينا الأحجار الكريمة. الخاتم مصنوع يدوياً.	مصنوع من الفضة عيار 925. تم استخدام مينا الأحجار الكريمة. الخاتم مصنوع يدوياً.	Made of 925 silver. Gemstone enamel has been used. The ring is made by handcraft.	imported	2	\N	\N	\N	\N	\N	\N	\N	\N	\N
52	خاتم مجوهرات مسجد 925 فضة إسترليني - SV43	2395.00	\N	0	t	\N	https://www.zayaline.com/wp-content/uploads/2023/11/SV43.jpg	\N	ميزات المنتج: مصنوع من الفضة الإسترليني عيار 925. تم استخدام مينا الأحجار الكريمة. الخاتم مصنوع يدوياً. المنتج حاصل على شهادة. ننصح بعدم استخدام الصابون أو أي مواد كيميائية لفترة طويلة لأن الخاتم يفقد بريقه. الوزن تقريباً: قد يحدث اختلاف طفيف في الوزن حسب حجم الخاتم. 21-24 جرام https://zayaline.com/wp-content/uploads/2023/11/SV43.mp4 فضة إسترليني 925 من لوك ستوك	2025-12-05 15:27:50	2025-12-08 16:55:13	2025-12-08 16:55:13	925 Sterling Silver Ring Mosque Jewelry - SV43	ميزات المنتج: مصنوع من الفضة الإسترليني عيار 925. تم استخدام مينا الأحجار الكريمة. الخاتم مصنوع يدوياً. المنتج حاصل على شهادة. ننصح بعدم استخدام الصابون أو أي مواد كيميائية لفترة طويلة لأن الخاتم يفقد بريقه. الوزن تقريباً: قد يحدث اختلاف طفيف في الوزن حسب حجم الخاتم. 21-24 جرام https://zayaline.com/wp-content/uploads/2023/11/SV43.mp4 فضة إسترليني 925 من لوك ستوك	Product Features: Made of 925 Sterling silver. Gemstone enamel has been used. The ring is made by handcraft. The product has a certificate. We advise you not to use soap or any chemicals for a long time because the ring loses its luster . Weight approximately : a slight difference in weight may occur depending on the size of the ring. 21-24 Gram https://zayaline.com/wp-content/uploads/2023/11/SV43.mp4 925 Sterling silver from LookStock	configurable	variant	\N	g	manual	\N	5000.00	\N	\N	f	\N	7	3	\N	\N	\N	\N	pending	مصنوع من الفضة عيار 925. تم استخدام مينا الأحجار الكريمة. الخاتم مصنوع يدوياً.	مصنوع من الفضة عيار 925. تم استخدام مينا الأحجار الكريمة. الخاتم مصنوع يدوياً.	Made of 925 silver. Gemstone enamel has been used. The ring is made by handcraft.	imported	3	\N	\N	\N	\N	\N	\N	\N	\N	\N
55	ملك الجوز الخام	0.00	\N	0	t	\N	https://www.theroasterseg.com/wp-content/uploads/2025/07/walnuts10.jpg	\N	الفوائد الصحية للجوز التغذية الشاملة: يعد الجوز أحد أكثر المصادر الغذائية الكاملة كثافة بالمغذيات من حمض ألفا لينولينيك (ALA)، وهو أحد أحماض أوميغا 3 الدهنية الأساسية. تساعد أوميغا 3 على تقليل احتمالات الإصابة بأمراض القلب والسرطان والسكتة الدماغية والسكري وارتفاع ضغط الدم والسمنة والاكتئاب السريري. صديقة للقلب: أظهرت مجموعة متزايدة من الأبحاث أن الجوز يلعب دورًا مهمًا في الحد من خطر الإصابة بأمراض القلب. تشمل فوائد الجوز للقلب خفض الكوليسترول وتقليل الالتهابات وتحسين وظيفة الشرايين. مضادات الأكسدة المذهلة: أشارت دراسة أجرتها وزارة الزراعة الأمريكية عن مضادات الأكسدة الغذائية إلى التركيز العالي لمضادات الأكسدة في الجوز، والتي تساعد الجسم على درء الأمراض التي تهدد الحياة مثل السرطان وأمراض القلب والسكري، بالإضافة إلى الأمراض المنهكة مثل التهاب المفاصل وهشاشة العظام ومرض الزهايمر. في حين أن هناك العديد من الطرق المختلفة المستخدمة لقياس مستويات مضادات الأكسدة، مثل طريقة قدرة امتصاص جذور الأكسجين (ORAC) وطريقة القدرة على اختزال الحديديك في البلازما (FRAP)، فإن الجوز يحتل مرتبة عالية في أي من الطريقتين. الجوز لفقدان الوزن: لاحظ الباحثون في العديد من الدراسات التي أجريت على الجوز أن الأشخاص الذين خضعوا لدراسات الجوز لم يكتسبوا الوزن عند استبدال الجوز بالدهون الأخرى في النظام الغذائي. وأفاد الأشخاص بأنهم شعروا بشعور أكبر بالرضا، وقال العديد منهم إن الجوز سهّل الالتزام بالنظام الغذائي وحسّن من فقدان الوزن.   مزيد من المعلومات يُحفظ في مكان بارد وجاف لمدة تصل إلى 6 أشهر. لا بأس بتبريده. بلد المنشأ الولايات المتحدة الأمريكية	2025-12-08 20:32:06	2025-12-08 20:32:34	2025-12-08 20:32:34	Walnut King Raw	الفوائد الصحية للجوز التغذية الشاملة: يعد الجوز أحد أكثر المصادر الغذائية الكاملة كثافة بالمغذيات من حمض ألفا لينولينيك (ALA)، وهو أحد أحماض أوميغا 3 الدهنية الأساسية. تساعد أوميغا 3 على تقليل احتمالات الإصابة بأمراض القلب والسرطان والسكتة الدماغية والسكري وارتفاع ضغط الدم والسمنة والاكتئاب السريري. صديقة للقلب: أظهرت مجموعة متزايدة من الأبحاث أن الجوز يلعب دورًا مهمًا في الحد من خطر الإصابة بأمراض القلب. تشمل فوائد الجوز للقلب خفض الكوليسترول وتقليل الالتهابات وتحسين وظيفة الشرايين. مضادات الأكسدة المذهلة: أشارت دراسة أجرتها وزارة الزراعة الأمريكية عن مضادات الأكسدة الغذائية إلى التركيز العالي لمضادات الأكسدة في الجوز، والتي تساعد الجسم على درء الأمراض التي تهدد الحياة مثل السرطان وأمراض القلب والسكري، بالإضافة إلى الأمراض المنهكة مثل التهاب المفاصل وهشاشة العظام ومرض الزهايمر. في حين أن هناك العديد من الطرق المختلفة المستخدمة لقياس مستويات مضادات الأكسدة، مثل طريقة قدرة امتصاص جذور الأكسجين (ORAC) وطريقة القدرة على اختزال الحديديك في البلازما (FRAP)، فإن الجوز يحتل مرتبة عالية في أي من الطريقتين. الجوز لفقدان الوزن: لاحظ الباحثون في العديد من الدراسات التي أجريت على الجوز أن الأشخاص الذين خضعوا لدراسات الجوز لم يكتسبوا الوزن عند استبدال الجوز بالدهون الأخرى في النظام الغذائي. وأفاد الأشخاص بأنهم شعروا بشعور أكبر بالرضا، وقال العديد منهم إن الجوز سهّل الالتزام بالنظام الغذائي وحسّن من فقدان الوزن.   مزيد من المعلومات يُحفظ في مكان بارد وجاف لمدة تصل إلى 6 أشهر. لا بأس بتبريده. بلد المنشأ الولايات المتحدة الأمريكية	Health Benefits Of Walnuts Overall nutrition:  walnuts are one of the most nutrient-dense whole food sources of alpha-linolenic acid (ALA), an essential omega-3 fatty acid. Omega-3s help reduce the potential for heart disease, cancer, stroke, diabetes, high blood pressure, obesity and clinical depression. Heart friendly: An ever-growing body of research has shown that walnuts play a significant role in reducing the risk of heart disease. The heart benefits of  walnuts include lowering cholesterol, reducing inflammation and improving arterial function. Amazing antioxidants: A USDA study of food antioxidants noted the high antioxidant concentration in walnuts, which help the body ward off life-threatening maladies such as cancer, heart disease, diabetes, as well as debilitating ailments such as arthritis, osteoporosis and Alzheimer’s disease. While there are several different methods used to measure antioxidant levels, such as the oxygen radical absorbance capacity (ORAC) and the ferric-reducing ability of plasma (FRAP) methods, walnuts rank highly under either method. Walnuts for weight loss: Researchers have noted in many walnuts studies that subjects did not gain weight when walnuts were substituted for other fat in the diet. People reported feeling more satisfied; many said walnuts made it easier to stick to a diet and improve weight loss.   More Info Store in a cool dry place for up to 6 months. It is ok to refrigerate. Country of origin: United States	simple	product	\N	piece	manual	\N	5000.00	\N	\N	f	\N	7	3	\N	\N	\N	\N	pending	\N	\N	\N	\N	\N	\N	\N	\N	\N	\N	\N	\N	\N	\N
57	كاجو كينج	1200.00	\N	0	t	1	https://www.theroasterseg.com/wp-content/uploads/2025/07/cashew-top-view-bowl-pnglib-%E2%80%93-free-png-library.png	\N	يصل الكاجو مقشوراً لراحتك. غني بالطاقة والعناصر الغذائية وغني بالبروتين والأحماض الدهنية الأساسية. مكسرات طازجة دائماً، طازجة وذات جودة عالية ورائعة للوجبات الخفيفة والخبز وعند إضافتها إلى العديد من الأطباق. الكاجو الكامل من بيت المحمصات لذيذ للغاية ومقرمش؛ هذه الوجبة الخفيفة الشهيرة غنية بالقيم الغذائية. يُقال أن حفنة من الكاجو مفيدة جداً لصحتك لأنها تحتوي على كميات كافية من الفوسفور والمنغنيز والنحاس والمغنيسيوم. وعلى عكس المكسرات الزيتية الأخرى، يحتوي الكاجو على النشا الذي يشكل 10% من وزنه. وهذا يساعده في الواقع على أن يكون أكثر فعالية في أطباق مثل الحلويات التي تحتوي على الحليب، واليخنات والحساء.	2025-12-08 20:43:57	2026-01-12 14:13:56	\N	Cashew King	يصل الكاجو مقشوراً لراحتك. غني بالطاقة والعناصر الغذائية وغني بالبروتين والأحماض الدهنية الأساسية. مكسرات طازجة دائماً، طازجة وذات جودة عالية ورائعة للوجبات الخفيفة والخبز وعند إضافتها إلى العديد من الأطباق. الكاجو الكامل من بيت المحمصات لذيذ للغاية ومقرمش؛ هذه الوجبة الخفيفة الشهيرة غنية بالقيم الغذائية. يُقال أن حفنة من الكاجو مفيدة جداً لصحتك لأنها تحتوي على كميات كافية من الفوسفور والمنغنيز والنحاس والمغنيسيوم. وعلى عكس المكسرات الزيتية الأخرى، يحتوي الكاجو على النشا الذي يشكل 10% من وزنه. وهذا يساعده في الواقع على أن يكون أكثر فعالية في أطباق مثل الحلويات التي تحتوي على الحليب، واليخنات والحساء.	Cashews arrive shelled for your convenience. Rich in energy and nutrients, high in protein and essential fatty acids. Always fresh, premium quality nuts that are great for snacking, baking, and when added to many dishes. Whole cashew from the house of The Roasters are absolutely delicious and crunchy; this popular snack is loaded with nutritional values. It is said that a handful of cashews can be really good for your health as it has sufficient amounts of phosphorus, manganese, copper and magnesium. Cashews, unlike other oily tree nuts, contain starch which comprises 10% of their weight. This actually helps them to be more effective in dishes like milk-based desserts, stews and soups.	configurable	unified	22000.00	g	manual	\N	5000.00	\N	\N	f	\N	7	3	\N	\N	\N	\N	pending	مكسرات الكاجو الاستوائية المحمصة بالملح عالية الجودة، تحتوي هذه المكسرات الاستوائية على سعرات حرارية عالية وقيمة غذائية كبيرة. اشتري الآن بأفضل الأسعار.	مكسرات الكاجو الاستوائية المحمصة بالملح عالية الجودة، تحتوي هذه المكسرات الاستوائية على سعرات حرارية عالية وقيمة غذائية كبيرة. اشتري الآن بأفضل الأسعار.	High quality Roasted With Salt cashew nuts, these tropical nuts contain high calories and great nutritional value. Buy now at the best price.	imported	9	\N	\N	\N	\N	\N	\N	\N	\N	\N
58	فستق كينج	1200.00	\N	0	t	1	https://auto.theroasterseg.com/storage/products/pistachio-king-roasted-unsalted_1765227950_b5nSxF.png	\N	الفوائد الصحية للفستق المحمص تعادل حصة أونصة واحدة من الفستق المحمص 49 حبة مكسرات - أي أكثر من أي مكسرات أخرى في الحصة الواحدة وتحتوي على أكثر من 10% من القيمة اليومية للألياف الغذائية وفيتامين ب-6 والثيامين والفوسفور والنحاس. الفستق غني بشكل خاص بالفيتوستيرول النباتي الذي يرتبط بشكل مباشر بخفض مستويات الكوليسترول وقد يوفر الحماية من أنواع معينة من السرطان. الفستق مصدر نباتي عالي الجودة للبروتين، حيث يوفر كميات كافية ومتوازنة من الأحماض الأمينية الأساسية. وبالإضافة إلى ذلك، يحتوي الفستق على نسبة عالية نسبياً من الأحماض الأمينية غير الأساسية، الأرجينين، والتي قد تلعب دوراً محتملاً في الوقاية من أمراض القلب والأوعية الدموية أو الحد منها. في حين يحتوي الفستق على الدهون، فإن الدهون تكون في الغالب أحادية غير مشبعة، على غرار تلك الموجودة في زيت الزيتون.   المزيد من المعلومات يُحفظ في مكان بارد وجاف لمدة تصل إلى 6 أشهر. لا بأس بتبريده. بلد المنشأ الولايات المتحدة الأمريكية حقائق عن التغذية حجم الحصة 28 جم (حوالي 1 أونصة)	2025-12-08 21:07:18	2026-01-12 14:13:56	\N	Pistachio King	الفوائد الصحية للفستق المحمص تعادل حصة أونصة واحدة من الفستق المحمص 49 حبة مكسرات - أي أكثر من أي مكسرات أخرى في الحصة الواحدة وتحتوي على أكثر من 10% من القيمة اليومية للألياف الغذائية وفيتامين ب-6 والثيامين والفوسفور والنحاس. الفستق غني بشكل خاص بالفيتوستيرول النباتي الذي يرتبط بشكل مباشر بخفض مستويات الكوليسترول وقد يوفر الحماية من أنواع معينة من السرطان. الفستق مصدر نباتي عالي الجودة للبروتين، حيث يوفر كميات كافية ومتوازنة من الأحماض الأمينية الأساسية. وبالإضافة إلى ذلك، يحتوي الفستق على نسبة عالية نسبياً من الأحماض الأمينية غير الأساسية، الأرجينين، والتي قد تلعب دوراً محتملاً في الوقاية من أمراض القلب والأوعية الدموية أو الحد منها. في حين يحتوي الفستق على الدهون، فإن الدهون تكون في الغالب أحادية غير مشبعة، على غرار تلك الموجودة في زيت الزيتون.   المزيد من المعلومات يُحفظ في مكان بارد وجاف لمدة تصل إلى 6 أشهر. لا بأس بتبريده. بلد المنشأ الولايات المتحدة الأمريكية حقائق عن التغذية حجم الحصة 28 جم (حوالي 1 أونصة)	Health Benefits Of Roasted Pistachios A one-ounce serving of roasted pistachios equals 49 nuts – more nuts per serving than any other nut and contains more than 10% of the Daily Value for dietary fiber, vitamin B-6, thiamin, phosphorus and copper. Pistachios are especially rich in phytosterols, which are directly associated with lowering cholesterol levels and may offer protection from certain types of cancer. Pistachios are a very high-quality plant source of protein, providing adequate and balanced amounts of essential amino acids. In addition, pistachios are relatively high in a nonessential amino acid, arginine, which may play a potential role in prevention or reduction of cardiovascular disease. While pistachios contain fat, the fat is predominantly monounsaturated, similar to that found in olive oil.   More Info Store in a cool dry place for up to 6 months. It is ok to refrigerate. Country of origin: United States   Nutrition Facts Serving size 28g (~1 oz.)  	configurable	unified	4000.00	g	auto_by_weight	1200.00	5000.00	\N	\N	f	\N	7	3	\N	\N	\N	\N	pending	هذا الفستق المحمص رائع وضخم. نحن في ذا روسترز فخورون بمكسراتنا، وهذا الفستق المحمص هو بالتأكيد أفضل ما لدينا، فهو أكبر وألذ أنواع الفستق التي رأيناها منذ سنوات! هذا الفستق من الفستق ذو اللون الطبيعي المزروع في كاليفورنيا. ممتاز للتقديم في جميع المناسبات. عندما ينضج الفستق الحلبي تنشق قشرته من الداخل، مما يشير بشكل طبيعي إلى وقت الحصاد المناسب.	هذا الفستق المحمص رائع وضخم. نحن في ذا روسترز فخورون بمكسراتنا، وهذا الفستق المحمص هو بالتأكيد أفضل ما لدينا، فهو أكبر وألذ أنواع الفستق التي رأيناها منذ سنوات! هذا الفستق من الفستق ذو اللون الطبيعي المزروع في كاليفورنيا. ممتاز للتقديم في جميع المناسبات. عندما ينضج الفستق الحلبي تنشق قشرته من الداخل، مما يشير بشكل طبيعي إلى وقت الحصاد المناسب.	These Roasted Pistachios are wonderful and HUGE. At The Roasters, we are proud of our nuts, and these roasted pistachios certainly take the cake, as they are the biggest and most delicious variety that we have seen in years! This is a naturally colored pistachio grown in California. Excellent to serve for all occasions. As the pistachio ripens the shell within splits, naturally indicating the proper harvest time.	imported	10	\N	\N	\N	\N	\N	\N	\N	\N	\N
60	مكسرات كينج مشكلة	980.00	\N	0	t	1	https://auto.theroasterseg.com/storage/products/mixed-king-nuts-roasted-salted_1765229379_6XNi8r.jpg	\N	للمزيد من المعلومات يُحفظ في مكان بارد وجاف لمدة تصل إلى 6 أشهر. لا بأس بتبريده. بلد المنشأ الولايات المتحدة الأمريكية تغذية المكسرات	2025-12-08 21:31:10	2025-12-08 21:31:45	\N	Mixed King Nuts	للمزيد من المعلومات يُحفظ في مكان بارد وجاف لمدة تصل إلى 6 أشهر. لا بأس بتبريده. بلد المنشأ الولايات المتحدة الأمريكية تغذية المكسرات	More Info Store in a cool dry place for up to 6 months. It is ok to refrigerate. Country of origin: United States   Nuts Nutrition  	configurable	unified	10000.00	g	manual	\N	5000.00	\N	\N	f	\N	7	3	\N	\N	\N	\N	pending	مزيج من اللوز والجوز والفستق والكاجو المحمص الطازج والجوز والهازولانت والفستق والكاجو. لا تحتوي هذه المكسرات المشكلة المحمصة المملحة على الفول السوداني. ستتمكّن من تذوّق طراوة هذه المكسرات الطازجة الرائعة لأننا نقوم بتحميصها في المنزل.	مزيج من اللوز والجوز والفستق والكاجو المحمص الطازج والجوز والهازولانت والفستق والكاجو. لا تحتوي هذه المكسرات المشكلة المحمصة المملحة على الفول السوداني. ستتمكّن من تذوّق طراوة هذه المكسرات الطازجة الرائعة لأننا نقوم بتحميصها في المنزل.	A combination of freshly roasted Almonds, Walnuts, Hazzullant, Pistachios, and cashews. These salted roasted mixed nuts contain no peanuts. You’ll be able to taste the incredible freshness of these nuts because we roast them in-house.	imported	12	\N	\N	\N	\N	\N	\N	\N	\N	\N
61	قهوة برازيلية سادة محمصة	900.00	\N	0	t	9	https://auto.theroasterseg.com/storage/products/light-roasted-plain-brazilian-coffee_1765229826_z0YVN9.jpg	\N	الفوائد: مصنوع من حبوب البن المطحونة بشكل غير مصفى وناعم لدرجة أنها تشبه قوام مسحوق الكاكاو. يمنحك إحساسًا بثقافة بلاد الشام، خاصةً إذا ما تم تذوقه مع مجموعة كبيرة من التمر من ذا روسترز.	2025-12-08 21:38:38	2025-12-08 23:04:59	\N	Roasted Plain Brazilian Coffee	الفوائد: مصنوع من حبوب البن المطحونة بشكل غير مصفى وناعم لدرجة أنها تشبه قوام مسحوق الكاكاو. يمنحك إحساسًا بثقافة بلاد الشام، خاصةً إذا ما تم تذوقه مع مجموعة كبيرة من التمر من ذا روسترز.	Benefits: It is made unfiltered with coffee beans ground so finely that they resemble the texture of cocoa powder. It gives you the feel of the Levant culture, especially if indulged with The Roasters wide range of dates.	configurable	unified	5000.00	g	manual	\N	2000.00	\N	\N	f	\N	7	3	\N	\N	\N	\N	pending	تمنحك هذه القهوة البرازيلية الخفيفة من أبو عوف مذاقًا غنيًا ولذيذًا. مذاق سميك وجريء وغني يرضي جميع عشاق القهوة.	تمنحك هذه القهوة البرازيلية الخفيفة من أبو عوف مذاقًا غنيًا ولذيذًا. مذاق سميك وجريء وغني يرضي جميع عشاق القهوة.	The flavorful, rich taste of this light Brazilian coffee from Abu Auf gives you a fresh start. A thick, bold, and rich taste that would satisfy all coffee enthusiast.	imported	13	\N	\N	\N	\N	\N	\N	\N	\N	\N
62	قهوة برازيلية محوجة محمصة 	960.00	\N	0	t	3	https://auto.theroasterseg.com/storage/products/light-roasted-blended-brazilian-coffee_1765231148_UVDYOv.jpg	\N	الفوائد: مصنوع من حبوب البن المطحونة بشكل غير مصفى وناعم لدرجة أنها تشبه قوام مسحوق الكاكاو. يمنحك إحساسًا بثقافة بلاد الشام، خاصةً إذا ما تم تذوقه مع مجموعة كبيرة من التمر من ذا روسترز.	2025-12-08 22:01:19	2025-12-08 22:44:57	\N	Roasted Blended Brazilian Coffee	الفوائد: مصنوع من حبوب البن المطحونة بشكل غير مصفى وناعم لدرجة أنها تشبه قوام مسحوق الكاكاو. يمنحك إحساسًا بثقافة بلاد الشام، خاصةً إذا ما تم تذوقه مع مجموعة كبيرة من التمر من ذا روسترز.	Benefits: It is made unfiltered with coffee beans ground so finely that they resemble the texture of cocoa powder. It gives you the feel of the Levant culture, especially if indulged with The Roasters wide range of dates.	configurable	unified	5000.00	g	hybrid	960.00	2000.00	\N	\N	f	\N	7	3	\N	\N	\N	\N	pending	تمنحك هذه القهوة البرازيلية الخفيفة من أبو عوف مذاقًا غنيًا ولذيذًا. مذاق سميك وجريء وغني يرضي جميع عشاق القهوة.	تمنحك هذه القهوة البرازيلية الخفيفة من أبو عوف مذاقًا غنيًا ولذيذًا. مذاق سميك وجريء وغني يرضي جميع عشاق القهوة.	The flavorful, rich taste of this light Brazilian coffee from Abu Auf gives you a fresh start. A thick, bold, and rich taste that would satisfy all coffee enthusiast.	imported	14	\N	\N	\N	\N	\N	\N	\N	\N	\N
63	كاندي اسباني ميكس	480.00	\N	0	t	3	https://auto.theroasterseg.com/storage/products/spanish-candy-mix_1765234032_YCqBXt.png	\N		2025-12-08 22:49:04	2026-01-12 14:13:56	\N	Spanish Candy Mix	\N	\N	configurable	unified	5000.00	g	auto_by_weight	480.00	1000.00	\N	\N	f	\N	7	3	\N	\N	\N	\N	pending	حلوى إسبانية طازجة متوفرة بأكثر من 40 نكهة.	حلوى إسبانية طازجة متوفرة بأكثر من 40 نكهة.	Fresh Spanish candy available in more than 40 flavors.	imported	15	\N	\N	\N	\N	\N	\N	\N	\N	\N
59	لوز كينج	880.00	\N	0	t	1	https://auto.theroasterseg.com/storage/products/almond-king-roasted-salted_1765228734_uv2w3x.png	\N	الفوائد الصحية للوز المحمص توفر الحصة الواحدة من اللوز المحمص ستة جرامات من البروتين وثلاثة جرامات من الألياف الغذائية لكل حصة. كما أنه مصدر جيد لفيتامين E والكالسيوم والحديد ومضادات الأكسدة. اللوز غني بالدهون الأحادية غير المشبعة، والتي يمكن أن تساعد في خفض مستويات الكوليسترول الضار.   المزيد من المعلومات يُحفظ في مكان بارد وجاف لمدة تصل إلى 6 أشهر. لا بأس بتبريده. بلد المنشأ الولايات المتحدة الأمريكية حقائق غذائية حجم الحصة 30 جم (حوالي 1.1 أونصة)	2025-12-08 21:20:10	2026-01-12 14:13:56	\N	Almond King	الفوائد الصحية للوز المحمص توفر الحصة الواحدة من اللوز المحمص ستة جرامات من البروتين وثلاثة جرامات من الألياف الغذائية لكل حصة. كما أنه مصدر جيد لفيتامين E والكالسيوم والحديد ومضادات الأكسدة. اللوز غني بالدهون الأحادية غير المشبعة، والتي يمكن أن تساعد في خفض مستويات الكوليسترول الضار.   المزيد من المعلومات يُحفظ في مكان بارد وجاف لمدة تصل إلى 6 أشهر. لا بأس بتبريده. بلد المنشأ الولايات المتحدة الأمريكية حقائق غذائية حجم الحصة 30 جم (حوالي 1.1 أونصة)	Health Benefits Of Roasted Almonds A single serving of roasted almonds provides six grams of protein and three grams of dietary fiber per serving. They also supply a good source of vitamin E, calcium, iron and antioxidants. Almonds are plentiful in monounsaturated fats, which can help lower harmful cholesterol levels.   More Info Store in a cool dry place for up to 6 months. It is ok to refrigerate. Country of origin: United States   Nutrition Facts Serving size 30g (~1.1 oz.)	configurable	unified	7000.00	g	manual	\N	5000.00	\N	\N	f	\N	7	3	\N	\N	\N	\N	pending	اللوز المحمص المملح المحمص هو وجبة خفيفة غير معقدة ومرضية وصحية في نفس الوقت. اللوز هو الطريقة المثالية والصحية لدرء الرغبة الشديدة في تناول الوجبات السريعة. يتم تحميص اللوز لدينا في المنزل بشكل مثالي ومملح ليس كثيراً ولا قليلاً. التميز والنضارة مضمونان في كل كيس.	اللوز المحمص المملح المحمص هو وجبة خفيفة غير معقدة ومرضية وصحية في نفس الوقت. اللوز هو الطريقة المثالية والصحية لدرء الرغبة الشديدة في تناول الوجبات السريعة. يتم تحميص اللوز لدينا في المنزل بشكل مثالي ومملح ليس كثيراً ولا قليلاً. التميز والنضارة مضمونان في كل كيس.	Roasted, salted almonds are an uncomplicated yet satisfying snack that’s healthy to boot. Almonds are the perfect, wholesome way to stave off a junk food craving. Our almonds are roasted-in house to perfection and salted not too much and not too little. Excellence and freshness guaranteed in every bag.	imported	11	\N	\N	\N	\N	\N	\N	\N	\N	\N
65	بندق محمص كينج	1280.00	\N	0	t	3	https://auto.theroasterseg.com/storage/products/blanched-hazelnuts-roasted-king_1765234688_G5Xgw5.png	\N	الفوائد الصحية للبندق يحتوي البندق على 91 بالمائة من الدهون الأحادية غير المشبعة وأقل من 4 بالمائة من الدهون المشبعة. تشير أكثر من 30 دراسة عن المكسرات الشجرية إلى أن هذا المستوى العالي من الدهون الأحادية غير المشبعة مسؤول على الأرجح عن انخفاض مستويات الكوليسترول الضار في الدم ومستويات الكوليسترول الضار عند تناول البندق كجزء من نظام غذائي منخفض الدهون المشبعة. يوفر البندق الخام كميات كبيرة من البروتين والألياف والحديد والفوسفور وفيتامينات B1 و B2 و C و E والفولات والعديد من العناصر الغذائية الأساسية الأخرى.   المزيد من المعلومات يُحفظ في مكان بارد وجاف لمدة تصل إلى 6 أشهر. لا بأس بتبريده. بلد المنشأ: تركيا   البندق السعرات الحرارية	2025-12-08 22:59:29	2025-12-08 23:00:32	\N	Blanched Hazelnuts Roasted King	الفوائد الصحية للبندق يحتوي البندق على 91 بالمائة من الدهون الأحادية غير المشبعة وأقل من 4 بالمائة من الدهون المشبعة. تشير أكثر من 30 دراسة عن المكسرات الشجرية إلى أن هذا المستوى العالي من الدهون الأحادية غير المشبعة مسؤول على الأرجح عن انخفاض مستويات الكوليسترول الضار في الدم ومستويات الكوليسترول الضار عند تناول البندق كجزء من نظام غذائي منخفض الدهون المشبعة. يوفر البندق الخام كميات كبيرة من البروتين والألياف والحديد والفوسفور وفيتامينات B1 و B2 و C و E والفولات والعديد من العناصر الغذائية الأساسية الأخرى.   المزيد من المعلومات يُحفظ في مكان بارد وجاف لمدة تصل إلى 6 أشهر. لا بأس بتبريده. بلد المنشأ: تركيا   البندق السعرات الحرارية	Health Benefits Of Hazelnuts Hazelnuts contain 91 percent monounsaturated fat and less than 4% saturated fat. Over 30 tree nut studies indicate this high level of monounsaturated fat is likely responsible for a reduction in both total blood and LDL cholesterol levels when hazelnuts are consumed as part of a diet low in saturated fat. Raw hazelnuts offer significant amounts of protein, fiber, iron, phosphorus, vitamins B1, B2, C, and E, folate and many other essential nutrients.   More Info Store in a cool dry place for up to 6 months. It is ok to refrigerate. Country of origin: Turkey.   Hazelnut Calories	configurable	unified	5000.00	g	auto_by_weight	1280.00	2000.00	\N	\N	f	\N	7	3	\N	\N	\N	\N	pending	لا تقلق بشأن العبث بقشور البندق لأننا قمنا بتغطية ذلك! البندق المقشر لدينا طازج ولذيذ. تُعد هذه المكسرات وجبة خفيفة مثالية أثناء التنقل ويمكن استخدامها في الخبز. ينحدر البندق من تركيا، ويُعرف البندق أيضاً باسم فيلبيرت.	لا تقلق بشأن العبث بقشور البندق لأننا قمنا بتغطية ذلك! البندق المقشر لدينا طازج ولذيذ. تُعد هذه المكسرات وجبة خفيفة مثالية أثناء التنقل ويمكن استخدامها في الخبز. ينحدر البندق من تركيا، ويُعرف البندق أيضاً باسم فيلبيرت.	Don’t worry about messing with the hazelnut skins because we’ve got it covered! Our blanched hazelnuts are fresh and delicious. These nuts are a perfect on-the-go snack and can even be used in baking. Hailing from Turkey, hazelnuts are also known as filberts.	imported	17	\N	\N	\N	\N	\N	\N	\N	\N	\N
66	قمر الدين سوري 400 غرام	220.00	0.40	110	t	11	https://www.theroasterseg.com/wp-content/uploads/2025/07/image_97d0bf9f-66cc-43a6-bc7f-2dbd496d1fe5_1200x.webp	\N	معجون المشمش السوري المجفف 400 غرام	2026-01-12 12:58:55	2026-01-12 13:03:48	\N	Syrian Qamar El Deen 400 gm	المشمش السوري المجفف 400 غرام	Syrian Dried Apricot Paste 400 gm	simple	product	\N	piece	manual	\N	5000.00	\N	\N	f	\N	7	3	\N	\N	\N	\N	pending	\N	لفة قمر الدين سوري 400 غرام	Syrian Qamar El Deen 400 gm	\N	\N	\N	\N	\N	\N	\N	\N	\N	\N	\N
72	تين سوري حبل	780.00	\N	0	t	3	https://auto.theroasterseg.com/storage/products/syrian-rope-fig_1768223800_geyKqT.jpg	\N	تمر هندي سوري مجفف	2026-01-12 13:20:11	2026-01-12 13:28:30	\N	Syrian Rope Fig	تين حبل سوري مجفف	Syrian Rope Fig Dried	configurable	unified	10000.00	g	manual	\N	5000.00	\N	\N	f	\N	7	3	\N	\N	\N	\N	pending	تمر هندي سوري مجفف	تين حبل سوري مجفف	Syrian Rope Fig Dried	imported	21	\N	\N	\N	\N	\N	\N	\N	\N	\N
67	لفة تمر هندي 300 غرام	65.00	0.30	100	t	3	https://auto.theroasterseg.com/storage/products/tamarind-organic-300g_1768223226_tP8tV9.png	\N	تمر هندي عضوي 300 غرام	2026-01-12 13:08:01	2026-01-12 13:09:10	\N	Tamarind Organic 300g	تمر هندي عضوي 300 غرام	Tamarind Organic 300g	simple	product	\N	g	manual	\N	5000.00	\N	\N	f	\N	7	3	\N	\N	\N	\N	pending	تمر هندي عضوي 300 غرام	لفة تمر هندي 300 غرام	Tamarind Organic 300g	imported	18	\N	\N	\N	\N	\N	\N	\N	\N	\N
68	تين تركي	880.00	\N	0	t	3	https://auto.theroasterseg.com/storage/products/turkish-fig_1768223394_3X3vYA.png	\N	التركي FIG مجفف	2026-01-12 13:11:25	2026-01-12 13:12:42	\N	Turkish FIG	تين تركي مجفف	Turkish FIG Dried	configurable	unified	10000.00	g	manual	\N	5000.00	\N	\N	f	\N	7	3	\N	\N	\N	\N	pending	التركي FIG مجفف	التركي FIG مجفف	Turkish FIG Dried	imported	19	\N	\N	\N	\N	\N	\N	\N	\N	\N
69	التين السوري	0.00	\N	0	t	\N	https://www.theroasterseg.com/wp-content/uploads/2025/07/DR021.jpg	\N	تمر هندي سوري مجفف	2026-01-12 13:14:06	2026-01-12 13:15:24	2026-01-12 13:15:24	Syrian Rope Fig	تمر هندي سوري مجفف	Syrian Rope Fig Dried	simple	product	\N	piece	manual	\N	5000.00	\N	\N	f	\N	7	3	\N	\N	\N	\N	pending	\N	\N	\N	\N	\N	\N	\N	\N	\N	\N	\N	\N	\N	\N
70	التين السوري	0.00	\N	0	t	\N	https://www.theroasterseg.com/wp-content/uploads/2025/07/DR021.jpg	\N	تمر هندي سوري مجفف	2026-01-12 13:15:40	2026-01-12 13:16:21	2026-01-12 13:16:21	Syrian Rope Fig	تمر هندي سوري مجفف	Syrian Rope Fig Dried	simple	product	\N	piece	manual	\N	5000.00	\N	\N	f	\N	7	3	\N	\N	\N	\N	pending	\N	\N	\N	\N	\N	\N	\N	\N	\N	\N	\N	\N	\N	\N
71	تين سوري مجفف	780.00	\N	0	t	3	https://auto.theroasterseg.com/storage/products/syrian-fig-dried_1768223766_wuA4Tm.png	\N	تين سوري مجفف	2026-01-12 13:19:18	2026-01-12 13:22:57	\N	Syrian Fig Dried	تين سوري مجفف	Syrian Fig Dried	configurable	unified	10000.00	g	manual	\N	5000.00	\N	\N	f	\N	7	3	\N	\N	\N	\N	pending	تين سوري مجفف	تين سوري مجفف	Syrian Fig Dried	imported	20	\N	\N	\N	\N	\N	\N	\N	\N	\N
74	مشمشية مجففة حجم كينج	980.00	\N	0	t	3	https://auto.theroasterseg.com/storage/products/dried-apricots-king-size_1768224617_CBuxdB.jpg	\N	مشمش مجفف حجم كبير	2026-01-12 13:31:48	2026-01-12 13:33:16	\N	Dried Apricots King Size	مشمشية مجففة حجم كينج	Dried Apricots King Size	configurable	unified	10000.00	g	manual	\N	5000.00	\N	\N	f	\N	7	3	\N	\N	\N	\N	pending	مشمش مجفف حجم كبير	مشمشية مجففة حجم كينج	Dried Apricots King Size	imported	23	\N	\N	\N	\N	\N	\N	\N	\N	\N
73	قراصية مخلية مقاس كينج	580.00	\N	0	t	3	https://auto.theroasterseg.com/storage/products/prunes-boneless-king-size_1768223823_6hatQZ.jpg	\N	برونز بدون عظم كينغ	2026-01-12 13:21:52	2026-01-12 13:28:11	\N	Prunes Boneless King Size	قراصية مخلية مقاس كينج	Prunes Boneless King	configurable	unified	10000.00	g	manual	\N	5000.00	\N	\N	f	\N	7	3	\N	\N	\N	\N	pending	برونز بدون عظم كينغ	قراصية مخلية مقاس كينج	Prunes Boneless King	imported	22	\N	\N	\N	\N	\N	\N	\N	\N	\N
75	زبيب أسود أورجانيك	240.00	\N	0	t	12	https://auto.theroasterseg.com/storage/products/black-raisins-organic_1768224823_Hl9jzW.jpg	\N	زبيب أسود 100٪ عضوي	2026-01-12 13:34:35	2026-01-12 13:35:30	\N	Black Raisins Organic	زبيب أسود 100٪ أورجانيك	Black Raisins 100% Organic	configurable	unified	10000.00	g	manual	\N	5000.00	\N	\N	f	\N	7	3	\N	\N	\N	\N	pending	زبيب أسود 100٪ عضوي	زبيب أسود 100٪ أورجانيك	Black Raisins 100% Organic	imported	24	\N	\N	\N	\N	\N	\N	\N	\N	\N
76	زبيب إيراني جولد	35.00	\N	0	t	3	https://auto.theroasterseg.com/storage/products/iranian-raisins-gold_1768224973_Rb3Rph.png	\N	زبيب إيراني ذهبي 100٪ عضوي	2026-01-12 13:37:10	2026-01-12 13:39:57	\N	Iranian Raisins Gold	زبيب إيراني جولد 100٪ أورجانيك	Iranian Raisins Gold 100% Organic	configurable	unified	10000.00	g	manual	\N	5000.00	\N	\N	f	\N	7	3	\N	\N	\N	\N	pending	زبيب إيراني ذهبي 100٪ عضوي	زبيب إيراني جولد 100٪ أورجانيك	Iranian Raisins Gold 100% Organic	imported	25	\N	\N	\N	\N	\N	\N	\N	\N	\N
64	شرائح اللوز	980.00	\N	0	t	1	https://auto.theroasterseg.com/storage/products/sliced-almonds_1765234363_V83zuE.webp	\N	للمزيد من المعلومات يُحفظ في مكان بارد وجاف لمدة تصل إلى 6 أشهر. لا بأس بتبريده. بلد المنشأ الولايات المتحدة الأمريكية حقائق غذائية	2025-12-08 22:53:52	2026-01-12 13:48:36	\N	Sliced Almonds	يُحفظ في مكان بارد وجاف لمدة تصل إلى 6 أشهر. لا بأس بتبريده. بلد المنشأ الولايات المتحدة الأمريكية حقائق غذائية	Store in a cool dry place for up to 6 months. It is ok to refrigerate. Country of origin: United States   Nutrition Facts	configurable	unified	10000.00	g	auto_by_weight	980.00	1000.00	\N	\N	f	\N	7	3	\N	\N	\N	\N	pending	أنقذ السلطة المملة أو الوجبات الخفيفة الروتينية المملة مع شرائح اللوز! أضف الملمس إلى كل شيء من سلطة البطاطس إلى الزبادي والآيس كريم مع إضافة شرائح اللوز المقطعة. تمت إزالة القشرة من شرائح اللوز المقطعة لدينا، لذا فهي مثالية لجميع احتياجاتك من المخبوزات.	أنقذ السلطة المملة أو الوجبات الخفيفة الروتينية المملة مع شرائح اللوز! أضف الملمس إلى كل شيء من سلطة البطاطس إلى الزبادي والآيس كريم مع إضافة شرائح اللوز المقطعة. تمت إزالة القشرة من شرائح اللوز المقطعة لدينا، لذا فهي مثالية لجميع احتياجاتك من المخبوزات.	Rescue a boring salad or snacking routine with sliced almonds! Add texture to everything from potato salad to yogurt and ice cream with the addition of sliced almonds. Our sliced almonds have the skins removed so they are ideal for all your baking needs.	imported	16	\N	\N	\N	\N	\N	\N	\N	\N	\N
54	بندق أبيض مقشر كينج	1280.00	\N	0	t	3	https://www.theroasterseg.com/wp-content/uploads/2025/07/Hazelnut3.png	\N	الفوائد الصحية للبندق يحتوي البندق على 91 بالمائة من الدهون الأحادية غير المشبعة وأقل من 4 بالمائة من الدهون المشبعة. تشير أكثر من 30 دراسة عن المكسرات الشجرية إلى أن هذا المستوى العالي من الدهون الأحادية غير المشبعة مسؤول على الأرجح عن انخفاض مستويات الكوليسترول الضار في الدم ومستويات الكوليسترول الضار عند تناول البندق كجزء من نظام غذائي منخفض الدهون المشبعة. يوفر البندق الخام كميات كبيرة من البروتين والألياف والحديد والفوسفور وفيتامينات B1 و B2 و C و E والفولات والعديد من العناصر الغذائية الأساسية الأخرى.   المزيد من المعلومات يُحفظ في مكان بارد وجاف لمدة تصل إلى 6 أشهر. لا بأس بتبريده. بلد المنشأ: تركيا   البندق السعرات الحرارية	2025-12-08 20:15:19	2026-01-12 14:13:56	\N	Blanched Hazelnuts White King	الفوائد الصحية للبندق يحتوي البندق على 91 بالمائة من الدهون الأحادية غير المشبعة وأقل من 4 بالمائة من الدهون المشبعة. تشير أكثر من 30 دراسة عن المكسرات الشجرية إلى أن هذا المستوى العالي من الدهون الأحادية غير المشبعة مسؤول على الأرجح عن انخفاض مستويات الكوليسترول الضار في الدم ومستويات الكوليسترول الضار عند تناول البندق كجزء من نظام غذائي منخفض الدهون المشبعة. يوفر البندق الخام كميات كبيرة من البروتين والألياف والحديد والفوسفور وفيتامينات B1 و B2 و C و E والفولات والعديد من العناصر الغذائية الأساسية الأخرى.   المزيد من المعلومات يُحفظ في مكان بارد وجاف لمدة تصل إلى 6 أشهر. لا بأس بتبريده. بلد المنشأ: تركيا   البندق السعرات الحرارية	Health Benefits Of Hazelnuts Hazelnuts contain 91 percent monounsaturated fat and less than 4% saturated fat. Over 30 tree nut studies indicate this high level of monounsaturated fat is likely responsible for a reduction in both total blood and LDL cholesterol levels when hazelnuts are consumed as part of a diet low in saturated fat. Raw hazelnuts offer significant amounts of protein, fiber, iron, phosphorus, vitamins B1, B2, C, and E, folate and many other essential nutrients.   More Info Store in a cool dry place for up to 6 months. It is ok to refrigerate. Country of origin: Turkey.   Hazelnut Calories	configurable	unified	11750.00	g	manual	\N	5000.00	\N	\N	f	\N	7	3	\N	\N	\N	\N	pending	لا تقلق بشأن العبث بقشور البندق لأننا قمنا بتغطية ذلك! البندق المقشر لدينا طازج ولذيذ. تُعد هذه المكسرات وجبة خفيفة مثالية أثناء التنقل ويمكن استخدامها في الخبز. ينحدر البندق من تركيا، ويُعرف البندق أيضاً باسم فيلبيرت.	لا تقلق بشأن العبث بقشور البندق لأننا قمنا بتغطية ذلك! البندق المقشر لدينا طازج ولذيذ. تُعد هذه المكسرات وجبة خفيفة مثالية أثناء التنقل ويمكن استخدامها في الخبز. ينحدر البندق من تركيا، ويُعرف البندق أيضاً باسم فيلبيرت.	Don’t worry about messing with the hazelnut skins because we’ve got it covered! Our blanched hazelnuts are fresh and delicious. These nuts are a perfect on-the-go snack and can even be used in baking. Hailing from Turkey, hazelnuts are also known as filberts.	imported	7	\N	\N	\N	\N	\N	\N	\N	\N	\N
56	عين جمل كينج	880.00	\N	0	t	1	https://www.theroasterseg.com/wp-content/uploads/2025/07/walnuts10.jpg	\N	الفوائد الصحية للجوز التغذية الشاملة: يعد الجوز أحد أكثر المصادر الغذائية الكاملة كثافة بالمغذيات من حمض ألفا لينولينيك (ALA)، وهو أحد أحماض أوميغا 3 الدهنية الأساسية. تساعد أوميغا 3 على تقليل احتمالات الإصابة بأمراض القلب والسرطان والسكتة الدماغية والسكري وارتفاع ضغط الدم والسمنة والاكتئاب السريري. صديقة للقلب: أظهرت مجموعة متزايدة من الأبحاث أن الجوز يلعب دورًا مهمًا في الحد من خطر الإصابة بأمراض القلب. تشمل فوائد الجوز للقلب خفض الكوليسترول وتقليل الالتهابات وتحسين وظيفة الشرايين. مضادات الأكسدة المذهلة: أشارت دراسة أجرتها وزارة الزراعة الأمريكية عن مضادات الأكسدة الغذائية إلى التركيز العالي لمضادات الأكسدة في الجوز، والتي تساعد الجسم على درء الأمراض التي تهدد الحياة مثل السرطان وأمراض القلب والسكري، بالإضافة إلى الأمراض المنهكة مثل التهاب المفاصل وهشاشة العظام ومرض الزهايمر. في حين أن هناك العديد من الطرق المختلفة المستخدمة لقياس مستويات مضادات الأكسدة، مثل طريقة قدرة امتصاص جذور الأكسجين (ORAC) وطريقة القدرة على اختزال الحديديك في البلازما (FRAP)، فإن الجوز يحتل مرتبة عالية في أي من الطريقتين. الجوز لفقدان الوزن: لاحظ الباحثون في العديد من الدراسات التي أجريت على الجوز أن الأشخاص الذين خضعوا لدراسات الجوز لم يكتسبوا الوزن عند استبدال الجوز بالدهون الأخرى في النظام الغذائي. وأفاد الأشخاص بأنهم شعروا بشعور أكبر بالرضا، وقال العديد منهم إن الجوز سهّل الالتزام بالنظام الغذائي وحسّن من فقدان الوزن.   مزيد من المعلومات يُحفظ في مكان بارد وجاف لمدة تصل إلى 6 أشهر. لا بأس بتبريده. بلد المنشأ الولايات المتحدة الأمريكية	2025-12-08 20:34:55	2026-01-12 14:13:56	\N	Walnut King Raw	الفوائد الصحية للعين جمل التغذية الشاملة: يعد العين جمل أحد أكثر المصادر الغذائية الكاملة كثافة بالمغذيات من حمض ألفا لينولينيك (ALA)، وهو أحد أحماض أوميغا 3 الدهنية الأساسية. تساعد أوميغا 3 على تقليل احتمالات الإصابة بأمراض القلب والسرطان والسكتة الدماغية والسكري وارتفاع ضغط الدم والسمنة والاكتئاب السريري. صديقة للقلب: أظهرت مجموعة متزايدة من الأبحاث أن العين جمل يلعب دورًا مهمًا في الحد من خطر الإصابة بأمراض القلب. تشمل فوائد العين جمل للقلب خفض الكوليسترول وتقليل الالتهابات وتحسين وظيفة الشرايين. مضادات الأكسدة المذهلة: أشارت دراسة أجرتها وزارة الزراعة الأمريكية عن مضادات الأكسدة الغذائية إلى التركيز العالي لمضادات الأكسدة في الجوز، والتي تساعد الجسم على درء الأمراض التي تهدد الحياة مثل السرطان وأمراض القلب والسكري، بالإضافة إلى الأمراض المنهكة مثل التهاب المفاصل وهشاشة العظام ومرض الزهايمر. في حين أن هناك العديد من الطرق المختلفة المستخدمة لقياس مستويات مضادات الأكسدة، مثل طريقة قدرة امتصاص جذور الأكسجين (ORAC) وطريقة القدرة على اختزال الحديديك في البلازما (FRAP)، فإن الجوز يحتل مرتبة عالية في أي من الطريقتين. الجوز لفقدان الوزن: لاحظ الباحثون في العديد من الدراسات التي أجريت على الجوز أن الأشخاص الذين خضعوا لدراسات الجوز لم يكتسبوا الوزن عند استبدال الجوز بالدهون الأخرى في النظام الغذائي. وأفاد الأشخاص بأنهم شعروا بشعور أكبر بالرضا، وقال العديد منهم إن الجوز سهّل الالتزام بالنظام الغذائي وحسّن من فقدان الوزن.   مزيد من المعلومات يُحفظ في مكان بارد وجاف لمدة تصل إلى 6 أشهر. لا بأس بتبريده. بلد المنشأ الولايات المتحدة الأمريكية	Health Benefits Of Walnuts Overall nutrition:  walnuts are one of the most nutrient-dense whole food sources of alpha-linolenic acid (ALA), an essential omega-3 fatty acid. Omega-3s help reduce the potential for heart disease, cancer, stroke, diabetes, high blood pressure, obesity and clinical depression. Heart friendly: An ever-growing body of research has shown that walnuts play a significant role in reducing the risk of heart disease. The heart benefits of  walnuts include lowering cholesterol, reducing inflammation and improving arterial function. Amazing antioxidants: A USDA study of food antioxidants noted the high antioxidant concentration in walnuts, which help the body ward off life-threatening maladies such as cancer, heart disease, diabetes, as well as debilitating ailments such as arthritis, osteoporosis and Alzheimer’s disease. While there are several different methods used to measure antioxidant levels, such as the oxygen radical absorbance capacity (ORAC) and the ferric-reducing ability of plasma (FRAP) methods, walnuts rank highly under either method. Walnuts for weight loss: Researchers have noted in many walnuts studies that subjects did not gain weight when walnuts were substituted for other fat in the diet. People reported feeling more satisfied; many said walnuts made it easier to stick to a diet and improve weight loss.   More Info Store in a cool dry place for up to 6 months. It is ok to refrigerate. Country of origin: United States	configurable	unified	12000.00	g	manual	\N	5000.00	\N	\N	f	\N	7	3	\N	\N	\N	\N	pending	يتميز الجوز الخام الذي نقدمه بجودة منتقاة ومضمونة طازجة ولذيذة. تُزرع أنصاف وقطع الجوز الخام الخالية من القشرة بشكل أساسي محلياً في كاليفورنيا وأوريغون. بالإضافة إلى مذاقه الغني وتعدد استخداماته في الطهي، يعتبر الجوز من أكثر المكسرات الصحية على وجه الأرض. اقرأ المزيد عن سبب إعجاب أخصائي التغذية المسجل لدينا بالجوز!	يتميز العين جمل الذي نقدمه بجودة منتقاة ومضمونة طازجة ولذيذة. تُزرع أنصاف وقطع العين جمل الخالية من القشرة بشكل أساسي محلياً في كاليفورنيا وأوريغون. بالإضافة إلى مذاقه الغني وتعدد استخداماته في الطهي، يعتبر العين جمل من أكثر المكسرات الصحية على وجه الأرض.!	Our raw walnuts are select quality and are guaranteed to be fresh and delicious. These no shell, raw walnut halves and pieces are mainly grown domestically in California and Oregon. In addition to their rich taste and culinary versatility, walnuts are one of the healthiest nuts on Earth.	imported	8	\N	\N	\N	\N	\N	\N	\N	\N	\N
\.


--
-- Data for Name: role_has_permissions; Type: TABLE DATA; Schema: public; Owner: TheRoasters_Auto
--

COPY public.role_has_permissions (permission_id, role_id) FROM stdin;
\.


--
-- Data for Name: roles; Type: TABLE DATA; Schema: public; Owner: TheRoasters_Auto
--

COPY public.roles (id, name, guard_name, created_at, updated_at) FROM stdin;
1	admin	web	2025-11-18 00:26:40	2025-11-18 00:26:40
2	manager	web	2025-11-18 00:26:40	2025-11-18 00:26:40
3	staff	web	2025-11-18 00:26:40	2025-11-18 00:26:40
\.


--
-- Data for Name: settings; Type: TABLE DATA; Schema: public; Owner: TheRoasters_Auto
--

COPY public.settings (id, key, value, created_at, updated_at) FROM stdin;
2	logo	\N	2025-11-18 00:33:13	2025-11-18 01:46:34
5	secondary_color	#205173	2025-11-18 00:33:13	2025-11-18 01:47:32
4	primary_color	#eb6b1a	2025-11-18 00:33:13	2025-11-18 01:53:31
1	site_name	The Roasters	2025-11-18 00:33:13	2025-11-22 16:49:24
10	wordpress_sync_direction	both	2025-11-25 23:17:43	2025-11-25 23:17:43
11	wordpress_sync_frequency	15	2025-11-25 23:17:43	2025-11-25 23:17:43
12	translation_provider	deepl	2025-11-25 23:17:43	2025-11-25 23:17:43
13	translation_api_key	5e42462a-7cb8-436d-a7d6-4c227aa1c0e3:fx	2025-11-25 23:17:43	2025-11-25 23:17:43
16	site_name_en	The Roasters	2025-11-26 14:02:59	2025-11-26 14:02:59
19	site_name_ar	ذا روسترز	2025-11-26 14:03:50	2025-11-26 14:03:50
20	fb_pixel_enabled	0	2025-11-26 14:12:33	2025-11-26 14:12:33
21	tiktok_pixel_enabled	0	2025-11-26 14:12:33	2025-11-26 14:12:33
22	ga_enabled	0	2025-11-26 14:12:33	2025-11-26 14:12:33
23	snap_pixel_enabled	0	2025-11-26 14:12:33	2025-11-26 14:12:33
3	favicon	branding/01KBWC7EAZYAKQCSF5CRHJ0GK2.png	2025-11-18 00:33:13	2025-12-07 12:22:47
6	wordpress_site_url	https://www.theroasterseg.com	2025-11-25 22:35:20	2025-12-08 20:05:52
25	company_country	Egypt	2025-12-09 03:48:53	2025-12-09 03:48:53
28	invoice_logo	branding/01KC0KKWJJY5S0K62WYJVY3686.png	2025-12-09 03:48:53	2025-12-09 03:48:53
17	allow_indexing	0	2025-11-26 14:02:59	2025-12-09 04:32:10
18	webhook_enabled	0	2025-11-26 14:02:59	2025-12-09 04:32:10
24	company_phone	01005191076	2025-12-09 03:48:53	2025-12-09 04:32:10
26	company_address_en	Nasr City - Cairo	2025-12-09 03:48:53	2025-12-09 04:32:10
27	company_address_ar	الحي السابع - مدينة نصر - القاهرة	2025-12-09 03:48:53	2025-12-09 04:32:10
8	wordpress_consumer_secret	cs_473cac8a7f8397987102eeb7a4dfb8a5d24070ba	2025-11-25 22:35:20	2026-01-12 12:31:55
7	wordpress_consumer_key	ck_afe346b9318685aeb8e828a0a79ffea545ed1545	2025-11-25 22:35:20	2026-01-12 12:51:44
9	wordpress_auto_sync	0	2025-11-25 23:17:43	2026-01-12 12:51:48
14	auto_translate	1	2025-11-25 23:17:43	2026-01-12 12:51:48
15	clean_html	1	2025-11-25 23:17:43	2026-01-12 12:51:48
\.


--
-- Data for Name: shipping_companies; Type: TABLE DATA; Schema: public; Owner: TheRoasters_Auto
--

COPY public.shipping_companies (id, name, name_ar, contact_phone, contact_email, active, notes, created_at, updated_at) FROM stdin;
1	Bosta	بوسطة	\N	\N	t	\N	2025-11-23 05:17:54	2025-11-23 05:17:54
2	Our Delivery	مندوبنا	\N	\N	t	\N	2025-11-26 14:18:12	2025-11-26 14:18:12
\.


--
-- Data for Name: shipping_prices; Type: TABLE DATA; Schema: public; Owner: TheRoasters_Auto
--

COPY public.shipping_prices (id, zone, price, created_at, updated_at) FROM stdin;
\.


--
-- Data for Name: sma_pending_imports; Type: TABLE DATA; Schema: public; Owner: TheRoasters_Auto
--

COPY public.sma_pending_imports (id, sma_id, source_city_raw, source_phone_raw, name, mobile1, mobile2, email, address, suggested_city_id, suggested_city_name, status, status_message, is_selected, created_at, updated_at, address2) FROM stdin;
2	5	Cairo	01003336044	Mohamed Afify	01003336044	\N	inspironfilma@gmail.com	Nasr City	1	\N	duplicate	Duplicate: Phone/Email already exists	f	2026-01-12 23:19:32	2026-01-12 23:19:32	\N
2735	2746	21	01000400392	محمود شوقي	01000400392	\N	\N	٥٨ مكرر شارع ٧٧ المعادي  امام محل فاين كوول للتكييف الدور الرابع, المعادي	1	\N	duplicate	Duplicate: Phone/Email already exists	f	2026-01-13 00:15:41	2026-01-13 00:15:41	\N
1226	1237	Beheria	01003656524	محمد نبوي	01003656524	\N	mmm@nnn.com	48 ش برغش متفرع من عبدالسلام الشاذلى خلف مستشفى المبره - دمنهور, دمنهور	21	\N	duplicate	Duplicate: Phone/Email already exists	f	2026-01-12 23:43:55	2026-01-12 23:43:55	\N
4652	4665	Cairo	01148094400	طارق الشافعي	01148094400	\N	a@gmail.com	المقطم ش تسعه خلف خير زمان عماره شركه سوني الدور الثالث شقه 32 عماره رقم 6023, المقطم	1	\N	duplicate	Duplicate: Phone/Email already exists	f	2026-01-13 00:24:28	2026-01-13 00:24:28	\N
4689	4702	Cairo	01009153175	محمد  السعودي	01009153175	\N	hgf@hgf.com	عمارات جابكو ،عماره ٦ الدور الرابع شقه 42 المقطم, المقطم	1	\N	duplicate	Duplicate: Phone/Email already exists	f	2026-01-13 00:24:43	2026-01-13 00:24:43	eng mohammed soudi
249	258	Cairo	01143022626	ساره عبدالحميد	01143022626	\N	s@gmail.com	رابعة العدوية ١٥ش ابن هاني الأندلسي مدينة نصر, مدينة نصر	1	\N	duplicate	Duplicate: Phone/Email already exists	f	2026-01-12 23:26:53	2026-01-12 23:26:53	\N
6743	6766	Beni Suef	01069343510	رحاب محمود احمد	01069343510	\N	dodoislam07@gmail.com	دوران الجزيره  بحوار المكتبه المركزيه بني سويف, بني سويف	29	\N	duplicate	Duplicate: Phone/Email already exists	f	2026-01-13 00:33:17	2026-01-13 00:33:17	\N
4707	4720	Giza	01001090188	ايمان الامير	01001090188	\N	gfd@gfd.com	٣٨٦ ط بوابه احمس حدايق الاهرام, الهرم	2	\N	duplicate	Duplicate: Phone/Email already exists	f	2026-01-13 00:24:43	2026-01-13 00:24:43	\N
6772	6796	Asyut	01200070077	سامح أنور زكريا	01200070077	01000313234	a@gmail.com	اسيوط - القوسية - شارع الري  - برج بنك اسكندرية الجديد - الدور السابع, ديروط	31	\N	duplicate	Duplicate: Phone/Email already exists	f	2026-01-13 00:33:40	2026-01-13 00:33:40	\N
4709	4722	Cairo	01111899210	عمرو أبو بكر	01111899210	\N	a@gmail.com	٥٠شارع ٨٤  الدور الرابع  المعادي سرايات  من ميدان فيكتوريا بجوار مطعم اوفيو, المعادي	1	\N	duplicate	Duplicate: Phone/Email already exists	f	2026-01-13 00:24:43	2026-01-13 00:24:43	\N
6775	6799	Sharqia	01111228933	احمد محمد السيد على	01111228933	01099977030	\N	شارع هندسه الري منيا القمح الشرقيه بجوار معهد ديني ابو خشبه, Sharqia, منيا القمح	19	\N	duplicate	Duplicate: Phone/Email already exists	f	2026-01-13 00:33:40	2026-01-13 00:33:40	\N
341	351	المنصوره	01140609995	‎أحمد نواره	01140609995	\N	\N	‎المنصورة ‎٨ شارع الإمام الشافعي ‎حي سامي الجمل ‎عمارة مكه ‎الدور الثالث / شقه ٧, المنصوره	18	\N	duplicate	Duplicate: Phone/Email already exists	f	2026-01-12 23:28:33	2026-01-12 23:28:33	\N
449	459	Cairo	01068707154	محمود سيد	01068707154	\N	\N	٥ ش طرابلس متفرع من عباس العقاد مدينة نصر. القاهرة	1	\N	duplicate	Duplicate: Phone/Email already exists	f	2026-01-12 23:28:58	2026-01-12 23:28:58	\N
475	485	Qalyubia	01200668486	بيتر زكي	01200668486	\N	peter.zaki91@yahoo.com	بنها الفلل ابراج الزهور, Qalyubia, بنها	24	\N	duplicate	Duplicate: Phone/Email already exists	f	2026-01-12 23:28:59	2026-01-12 23:28:59	\N
576	587	Cairo	01002221358	هشام حامد حربي	01002221358	\N	\N	الشيخ زايد الحي الثامن المجاورة الاولي رقم ١٩١	1	\N	duplicate	Duplicate: Phone/Email already exists	f	2026-01-12 23:31:25	2026-01-12 23:31:25	\N
680	691	21	01223112131	احمد انس	01223112131	\N	\N	حي عربيه التجمع الخامس عماره B1 الدور الخامس شقة ٢ امام مدرسة ايليت الدوليه و بجوار سور المخابرات و حي المصراويه, التجمع الخامس	1	\N	duplicate	Duplicate: Phone/Email already exists	f	2026-01-12 23:33:47	2026-01-12 23:33:47	\N
698	709	Cairo	01110549612	ميهوب عطيه	01110549612	\N	\N	12ش مصطفى شاكر من ش الشهيد احمد حمدي الطوابق فيصل	1	\N	duplicate	Duplicate: Phone/Email already exists	f	2026-01-12 23:33:50	2026-01-12 23:33:50	\N
786	797	Cairo	01004000987	علي حسن	01004000987	\N	\N	٦اكتوبر  الحي الخامس- شارع ٢٠ عمارة ٩١٨	1	\N	duplicate	Duplicate: Phone/Email already exists	f	2026-01-12 23:35:07	2026-01-12 23:35:07	\N
920	931	Giza	01113136814	الحاج كارم	01113136814	\N	mmm@nnn.com	٦ أكتوبر الحى الثانى المجاور الثانيه عماره ٦٣٠, السادس من أكتوبر	2	\N	duplicate	Duplicate: Phone/Email already exists	f	2026-01-12 23:37:02	2026-01-12 23:37:02	\N
954	965	Giza	01027319542	منى مصطفى	01027319542	\N	g@gmail.com	الشيخ زايد ، الحى ٧، الجمان ٢ عمارة ج، شقة ١٠٥, الشيخ زايد	2	\N	duplicate	Duplicate: Phone/Email already exists	f	2026-01-12 23:38:36	2026-01-12 23:38:36	\N
1018	1029	عين شمس	01009098051	ايناس سالم	01009098051	\N	\N	٥٠ شارع يعقوب بطرس من صعب صالح عين شمس الشرقية بجوار محل اللون للاكسسوارات وفرن حسني الدور الخامس شقه ٩ باسم سالم محمود, عين شمس	1	\N	duplicate	Duplicate: Phone/Email already exists	f	2026-01-12 23:39:55	2026-01-12 23:39:55	\N
1019	1030	Cairo	01117410611	اسماء فتحى محمد	01117410611	\N	mmm@nnn.com	فيصل - طالبيه - ميدان الساعه ش طارق نديم تانى عماره, Other	1	\N	duplicate	Duplicate: Phone/Email already exists	f	2026-01-12 23:39:55	2026-01-12 23:39:55	\N
2856	2868	Minya	01002951812	وائل فيصل ديب	01002951812	\N	mmm@nnn.com	بردنوها.مطاي.المنيا شركة جهاد الخير بجوار سوبر ماركت اولاد عز, مطاي	30	\N	duplicate	Duplicate: Phone/Email already exists	f	2026-01-13 00:16:45	2026-01-13 00:16:45	\N
2862	2874	Luxor	01000118562	هدير عمران	01000118562	\N	gfd@gfd.com	الاقصر ش المحطة بجوار البوسطة, الأقصر	34	\N	duplicate	Duplicate: Phone/Email already exists	f	2026-01-13 00:16:46	2026-01-13 00:16:46	٠١٠٠٠١١٨٥٦٢
1365	1376	الاسكندرية	01060008335	د اماني سعد	01060008335	\N	\N	٣٥ شارع رشدي باشا الدور الرابع شقة ٤٠١ رشدي الاسكندرية, الاسكندرية	13	\N	duplicate	Duplicate: Phone/Email already exists	f	2026-01-12 23:47:42	2026-01-12 23:47:42	٠١٠٦٠٠٠٨٣٣٥
1454	1465	Monufia	01092852177	ولاء عوض عبد العزيز	01092852177	\N	w@gmail.com	المنوفية الباجور جامع الروضة المحمدية, Monufia, الباجور	20	\N	duplicate	Duplicate: Phone/Email already exists	f	2026-01-12 23:49:07	2026-01-12 23:49:07	٠١٠٩٦٩٢٣٩٩٥
4814	4827	Cairo	01222190089	عادل صوان	01222190089	\N	gfd@gfd.com	شيراتون هليوبوليس مربع ١١٦٦ عمارة (٣و) شقة ٣٠٣ الدور الثالث, مصر الجديدة	1	\N	duplicate	Duplicate: Phone/Email already exists	f	2026-01-13 00:25:44	2026-01-13 00:25:44	\N
3118	3130	Cairo	01118758005	ضياء احمد صالح	01118758005	01275074761	mmm@nnn.com	مدينتى مجموعه ١٥ عماره 6 شقه 1, مدينتي	1	\N	duplicate	Duplicate: Phone/Email already exists	f	2026-01-13 00:19:14	2026-01-13 00:19:14	\N
1707	1718	العاشر من رمضان	01222553859	م/حسام فهمى	01222553859	\N	\N	العاشر من رمضان مجورة 27 فيلا 121 امام المسجد, العاشر من رمضان	52	\N	duplicate	Duplicate: Phone/Email already exists	f	2026-01-12 23:54:34	2026-01-12 23:54:34	\N
4868	4881	Kafr El Sheikh	01003366324	محمد احمد المحلاوي	01003366324	\N	\N	كفر الشيخ / بلطيم شارع المعهد الديني الشرقي, بلطيم	22	\N	duplicate	Duplicate: Phone/Email already exists	f	2026-01-13 00:26:50	2026-01-13 00:26:50	\N
1877	1888	Giza	01001439611	جهاد عادل	01001439611	\N	g@gmail.com	١١ ش إسراء المهندسين الدور السابع شقة ١٤ بعد سفارة الكاميرون بعمارتين, المهندسين	2	\N	duplicate	Duplicate: Phone/Email already exists	f	2026-01-12 23:58:07	2026-01-12 23:58:07	٠١٠٠١٤٣٩٦١١
2073	2084	مصر الجديدة	01280556629	هاله صلاح الدين	01280556629	\N	\N	شارع بركات رقم 6 من طومان باي الدور السادس شقه  21 الزيتون, مصر الجديدة	1	\N	duplicate	Duplicate: Phone/Email already exists	f	2026-01-13 00:00:09	2026-01-13 00:00:09	\N
2139	2150	Alexandria	01001704484	محمد احمد سليمان	01001704484	\N	m@gmail.com	اسكندريه سموحة مدنية اسيد برج يثرب 3 الدور ال13 شقة 131, الإسكندرية	13	\N	duplicate	Duplicate: Phone/Email already exists	f	2026-01-13 00:00:58	2026-01-13 00:00:58	\N
6876	6900	Cairo	01003775634	علي خليفه	01003775634	01126168939	a@gmail.com	٦ ش اولاد عيد من بني عقيل سرايا القبه, حدائق القبة	1	\N	duplicate	Duplicate: Phone/Email already exists	f	2026-01-13 00:34:53	2026-01-13 00:34:53	\N
6881	6905	Cairo	01000238733	احمد صلاح مسعود	01000238733	01114443870	a@gmail.com	٢ ش صلاح مسعود من ش الغازولي خلف سور الجيش ب ملف العبد مدينة السلام القاهرة, Other	1	\N	duplicate	Duplicate: Phone/Email already exists	f	2026-01-13 00:34:54	2026-01-13 00:34:54	\N
6899	6923	Beheria	01006040546	نيفين فرج	01006040546	\N	n@gmail.com	٢٣/٢١ ش شارل دي جول برج النيل الإداري البنك التجاري الدولي الدور ١١ أمام حديقه الحيوان	1	\N	duplicate	Duplicate: Phone/Email already exists	f	2026-01-13 00:34:59	2026-01-13 00:34:59	\N
2547	2558	Cairo	01124729555	هدير سيد	01124729555	\N	mmm@nnn.com	office, مدينة نصر	1	\N	duplicate	Duplicate: Phone/Email already exists	f	2026-01-13 00:12:28	2026-01-13 00:12:28	\N
2556	2567	Minya	01201771115	ابراهيم محمد الدويني	01201771115	\N	e@gmail.com	المنيا ش عدنان المالكي ارض سلطان امام التامين الصحي, المنيا	30	\N	duplicate	Duplicate: Phone/Email already exists	f	2026-01-13 00:12:31	2026-01-13 00:12:31	\N
2644	2655	Cairo	01001911999	نانيس نبيل	01001911999	\N	g@gmail.com	٩٠ جنوب الاكاديمية هـ التجمع الخامس بجوا جامع حسن الشربتلي  الدور الارضي, التجمع الخامس	1	\N	duplicate	Duplicate: Phone/Email already exists	f	2026-01-13 00:14:36	2026-01-13 00:14:36	\N
2661	2672	Cairo	01003567397	احمد حسين	01003567397	\N	dfd@hgf.com	التجمع الخامس الحى الرابع منطقة رقم ١ شارع ٧ فيلا ١٤٤  خلف سوق السرايا  الدور التالت زرار رقم ٣ ف الانتركوم, التجمع الخامس	1	\N	duplicate	Duplicate: Phone/Email already exists	f	2026-01-13 00:14:36	2026-01-13 00:14:36	doha mohamed badie
4969	4982	Cairo	01212345872	Pierre ghabbour	01212345872	012222668565	hgf@hgf.com	مساكن مصر التعمير المنطقه التالته عماره ١٥ شقه ١٨ دور ٤ شيراتون, النزهة	1	\N	duplicate	Duplicate: Phone/Email already exists	f	2026-01-13 00:27:03	2026-01-13 00:27:03	\N
3004	3016	Cairo	01114554897	عمر خالد	01114554897	\N	\N	الحي التاني محليه 1 قطعه 132 بجانب مستشفي عين شمس التخصصي - شارع فامه الزهراء - العبور, العبور	1	\N	duplicate	Duplicate: Phone/Email already exists	f	2026-01-13 00:18:19	2026-01-13 00:18:19	\N
3102	3114	Cairo	01003332224	مي شعراوي	01003332224	\N	m@gmail.com	كومبوند كايرو فيستيفال سيتي … اوريانا ١ … فيلا ٢١٢ … أ/ علي ابو سعده, التجمع الخامس	1	\N	duplicate	Duplicate: Phone/Email already exists	f	2026-01-13 00:19:11	2026-01-13 00:19:11	\N
3169	3181	Giza	01022299906	Andrew sorial	01022299906	\N	gfdgdgg@fsf.com	عماره 10 شارع الحجاوي - العمرانيه الغربيه - جيزه, العمرانية	2	\N	duplicate	Duplicate: Phone/Email already exists	f	2026-01-13 00:19:29	2026-01-13 00:19:29	\N
3189	3201	Cairo	01014949100	شريف الزرقا	01014949100	\N	\N	٩ر شارع زهراء المعادى، الشطر السادس، زهراء المعادى، الدور ٨ شقة ٨١، امام سوبر ماركت الريف الاوروبى, المعادي	1	\N	duplicate	Duplicate: Phone/Email already exists	f	2026-01-13 00:19:29	2026-01-13 00:19:29	\N
3262	3274	Cairo	01115523155	جورج يوسف	01115523155	\N	fdy@gmail.com	٣٩  شارع الخليفه المأمون روكسى مصر الجديده الدور الخامس شقة 10, مصر الجديدة	1	\N	duplicate	Duplicate: Phone/Email already exists	f	2026-01-13 00:19:45	2026-01-13 00:19:45	George Riad
4992	5005	Alexandria	01227267087	بيتر وليم	01227267087	\N	mmm@nnn.com	قرية مراسي سيدي عبد الرحمن, الإسكندرية	13	\N	duplicate	Duplicate: Phone/Email already exists	f	2026-01-13 00:27:03	2026-01-13 00:27:03	\N
3428	3440	Cairo	01099260977	ناهد عبد الكريم	01099260977	\N	\N	اخر مصطفي النحاس الحي الثامن خلف مسجد المؤمن المهيمن ( المعصراوي سابقا)  المنطقه ال11 عمارات التوفيقيه عماره رقم 7  الدور الرابع شقه 7  العماره فيها سوبر ماركت اسمه فوود باسكت, مدينة نصر	1	\N	duplicate	Duplicate: Phone/Email already exists	f	2026-01-13 00:20:10	2026-01-13 00:20:10	\N
3457	3469	Cairo	01208016792	خالد خيري	01208016792	\N	\N	اسكان ناصر بلوك ٢٧ د٥ شقه ١٠ الاميريه, الأميرية	1	\N	duplicate	Duplicate: Phone/Email already exists	f	2026-01-13 00:20:10	2026-01-13 00:20:10	\N
5007	5020	Cairo	01221056719	نهله حسام	01221056719	\N	a@gmail.com	١٠ شارع ٨٥ المقطم متفرع من شارع ٩ الدور الأول شقة ٤ شارع مدرسة المقطم للغات قطعة ٧٣٩٣, المقطم	1	\N	duplicate	Duplicate: Phone/Email already exists	f	2026-01-13 00:27:03	2026-01-13 00:27:03	\N
3530	3542	Cairo	01223118172	م.سلوى علي	01223118172	01223118171	jgjhgjhy@hhj.com	٤٨ ش محمد كامل حسين د ٢ شقة ٦ النزهه الجديدة, النزهة	1	\N	duplicate	Duplicate: Phone/Email already exists	f	2026-01-13 00:20:11	2026-01-13 00:20:11	\N
3588	3600	Giza	01005031939	وائل رزق ناشد	01005031939	\N	w@gmail.com	دار مصر حدائق اكتوبر عمارة ١٢٧ شقة ٢١, السادس من أكتوبر	2	\N	duplicate	Duplicate: Phone/Email already exists	f	2026-01-13 00:20:12	2026-01-13 00:20:12	\N
3606	3618	Cairo	01111221196	مصطفى صلاح نبوت	01111221196	\N	\N	٢٣٥ ش الحجاز بنك qnb فرع ابن ماجد, مصر الجديدة	1	\N	duplicate	Duplicate: Phone/Email already exists	f	2026-01-13 00:20:12	2026-01-13 00:20:12	\N
3713	3725	Cairo	01228714818	ايمان احمد	01228714818	\N	hgf@hgf.com	٧ش ١٦٤ متفرع من ش ١٠٥..المعادي الدور الأول شقة ٤, المعادي	1	\N	duplicate	Duplicate: Phone/Email already exists	f	2026-01-13 00:20:14	2026-01-13 00:20:14	\N
3767	3779	Giza	01116687755	مهندس مصطفى	01116687755	\N	m@gmail.com	٣٧٩ ش السودان الصحفيين, المهندسين	2	\N	duplicate	Duplicate: Phone/Email already exists	f	2026-01-13 00:20:20	2026-01-13 00:20:20	\N
6953	6977	Giza	01063264275	علي ابراهيم محمد	01063264275	\N	a@gmail.com	١٩ ش محمد يوسف من ش محمود الذكى بجوار مدرسه النيل من خاتم المرسلين عمرانيه غربيه الدور الأول شقه ٤ الهرم, الهرم	2	\N	duplicate	Duplicate: Phone/Email already exists	f	2026-01-13 00:35:10	2026-01-13 00:35:10	٣٥٨٣١١٤٠
3896	3908	Giza	01022258885	احمد عبد النعيم	01022258885	\N	\N	١ ش محمد ربيع من ش المنشية الطالبية فيصل, الجيزة	2	\N	duplicate	Duplicate: Phone/Email already exists	f	2026-01-13 00:20:21	2026-01-13 00:20:21	\N
3909	3921	Cairo	01149102555	احمد جاويش	01149102555	\N	a@gmail.com	مجموعة 121 عمارة 21 شقة 52, الرحاب	1	\N	duplicate	Duplicate: Phone/Email already exists	f	2026-01-13 00:20:21	2026-01-13 00:20:21	\N
4007	4019	Cairo	01066600282	احمد محمد احمد منسي	01066600282	\N	\N	مدينه نصر الواحه شارع ٣ بلوك ٣ عماره ٩ الدور١١ شقه ١١٢, مدينة نصر	1	\N	duplicate	Duplicate: Phone/Email already exists	f	2026-01-13 00:20:34	2026-01-13 00:20:34	\N
4039	4051	Cairo	01226104483	Marina Amir	01226104483	\N	m@gmail.com	٣ سمير مختار من نبيل الوقاد ارض الجولف, مصر الجديدة	1	\N	duplicate	Duplicate: Phone/Email already exists	f	2026-01-13 00:20:34	2026-01-13 00:20:34	\N
4089	4101	Cairo	01005000447	مدام سمر عفيفي	01005000447	\N	\N	٧ب ش المبتديان السيده زينب الدورالثالث شقه 31  بجوار البنك الأهل, السيدة زينب	1	\N	duplicate	Duplicate: Phone/Email already exists	f	2026-01-13 00:20:41	2026-01-13 00:20:41	\N
4184	4196	Giza	01062729239	عبير	01062729239	\N	\N	ش العشرين متفرع من فيصل برج تبارك الدور الثانى شقة رقم ٤ بجوار كشري رسلان, الجيزة	2	\N	duplicate	Duplicate: Phone/Email already exists	f	2026-01-13 00:21:41	2026-01-13 00:21:41	\N
4270	4282	Giza	01015000550	عبدالله حكيم	01015000550	\N	mmm@nnn.com	شارع مراد بالجيزة، دور التاسع، شقة ٣٤ 25, الجيزة	2	\N	duplicate	Duplicate: Phone/Email already exists	f	2026-01-13 00:22:30	2026-01-13 00:22:30	\N
4294	4306	Cairo	01224433809	احمد محمد	01224433809	\N	a@gmail.com	داون تاون  مبنى s4  محل طيبه للمجوهرات ,, التجمع الخامس	1	\N	duplicate	Duplicate: Phone/Email already exists	f	2026-01-13 00:22:56	2026-01-13 00:22:56	\N
4307	4319	Cairo	01001031440	هبة نظمي	01001031440	\N	g@gmail.com	القاهره التجمع الاول الياسمين ٤ فيلا ٢٦٣ الدور ٢ شقه ٥, التجمع الأول	1	\N	duplicate	Duplicate: Phone/Email already exists	f	2026-01-13 00:23:01	2026-01-13 00:23:01	\N
4347	4359	Alexandria	01005558304	محمد عدنان	01005558304	\N	mmm@nnn.com	الاسكندرية العجمي مول عجمى ستار بوابه 8, العجمي	13	\N	duplicate	Duplicate: Phone/Email already exists	f	2026-01-13 00:23:28	2026-01-13 00:23:28	\N
4408	4420	21	01142524309	ايه جمال	01142524309	\N	\N	٣٠ عمارات الفتح السفارات شقه 52 الدور الخامس, مدينة نصر	1	\N	duplicate	Duplicate: Phone/Email already exists	f	2026-01-13 00:23:28	2026-01-13 00:23:28	\N
4414	4426	Cairo	01111854229	هاني لاشين	01111854229	\N	a@gmail.com	٣١٦النرجس عمارات بجوار مسجد المصطفي شارع صلاح جاهين متفرع من صبري ابو علم الدور الاول شقه ٤, التجمع الخامس	1	\N	duplicate	Duplicate: Phone/Email already exists	f	2026-01-13 00:23:28	2026-01-13 00:23:28	\N
4430	4442	Cairo	01092468127	احمد منصور	01092468127	\N	\N	١٢١٦ مساكن الظباط زهراء مدينة نصر شقة ٤٤, مدينة نصر	1	\N	duplicate	Duplicate: Phone/Email already exists	f	2026-01-13 00:23:28	2026-01-13 00:23:28	\N
4447	4459	-	01550800890	حماده ابو اليزيد	01550800890	\N	\N	مكتبة الفجالة بورسعيد امام مستشفى النصر, -	27	\N	duplicate	Duplicate: Phone/Email already exists	f	2026-01-13 00:23:38	2026-01-13 00:23:38	\N
4462	4474	Cairo	01023770439	عبد الحميد الحداد	01023770439	\N	a@gmail.com	ش عمر بن عبد العزيز  عماره ٢٢٢٨ شقه ٤٣ زهراء مدينه نصر, مدينة نصر	1	\N	duplicate	Duplicate: Phone/Email already exists	f	2026-01-13 00:23:38	2026-01-13 00:23:38	\N
4499	4511	Minya	01110835530	احمد خليفة	01110835530	\N	fdy@gmail.com	المنيا بني مزار بنك الاهلي فرع بني مزار, بني مزار	30	\N	duplicate	Duplicate: Phone/Email already exists	f	2026-01-13 00:23:38	2026-01-13 00:23:38	\N
5115	5128	Sharqia	01000489539	د.ايه محمد	01000489539	\N	a@gmail.com	الشرقيه بلبيس ٥ ش حبيشي خلف مسجد امير الجيش منزل الدكتور محمد حبيشي, Sharqia, بلبيس	19	\N	duplicate	Duplicate: Phone/Email already exists	f	2026-01-13 00:27:47	2026-01-13 00:27:47	\N
5155	5169	Alexandria	01093775654	د ساميه البلبيسي	01093775654	\N	mmm@nnn.com	٧ شارع محمد وجيه احمد وابور المياه - الشقه الدور التاسع رقم ١٧, الإسكندرية	13	\N	duplicate	Duplicate: Phone/Email already exists	f	2026-01-13 00:28:07	2026-01-13 00:28:07	\N
5186	5201	Cairo	01001150901	حمدي فتحي	01001150901	\N	fd@hgf.com	١٥زين العابدين الخلفاوي شبرا شقة ١٠ الدور الثالث بدون حساب الارضي, شبرا	1	\N	duplicate	Duplicate: Phone/Email already exists	f	2026-01-13 00:28:08	2026-01-13 00:28:08	hamdy fathy
5198	5213	Giza	01003619451	Heba Hassan	01003619451	\N	h@gmail.com	٤ شارع المحكمه بجوار قسم امبابه, إمبابة	2	\N	duplicate	Duplicate: Phone/Email already exists	f	2026-01-13 00:28:24	2026-01-13 00:28:24	\N
7023	7047	Alexandria	01222796833	د.نبيل متري	01222796833	\N	\N	ش٦ شمال من ش ٤٥ العصافره قبلي أمام مستشفى أم النور, الإسكندرية	13	\N	duplicate	Duplicate: Phone/Email already exists	f	2026-01-13 00:35:10	2026-01-13 00:35:10	\N
5299	5316	Beheria	01114840308	ماهر	01114840308	\N	mmm@nnn.com	الدلنجات - المسيم عند المدرسه الاعدادى عماره الحاج محمد عبد ربه, الدلنجات	55	\N	duplicate	Duplicate: Phone/Email already exists	f	2026-01-13 00:28:45	2026-01-13 00:28:45	\N
5320	5337	South Sinai	01200297472	مدام مارييت جمال	01200297472	\N	gfdg@gfdgf.com	قرية دلتا شرم 205 على 71 شرم الشيخ, شرم الشيخ	43	\N	duplicate	Duplicate: Phone/Email already exists	f	2026-01-13 00:28:51	2026-01-13 00:28:51	\N
5451	5469	Aswan	01117813783	احمد عمر	01117813783	\N	mmm@nnn.com	اسوان ادفو الرمادى بحرى الحصايا, إدفو	35	\N	duplicate	Duplicate: Phone/Email already exists	f	2026-01-13 00:29:43	2026-01-13 00:29:43	\N
5499	5518	Cairo	01102031717	تاليا احمد	01102031717	\N	fds@fd.com	137ش الحرية, مصر الجديدة	1	\N	duplicate	Duplicate: Phone/Email already exists	f	2026-01-13 00:29:47	2026-01-13 00:29:47	talia ahmed
5522	5541	Cairo	01000086750	مهندس مصطفى علي	01000086750	\N	gds@hgf.com	الحي السويسري أ عمارة 8 شقة 13 البوابة الثالثة بجوار سوبر ماركت حبشي, مدينة نصر	1	\N	duplicate	Duplicate: Phone/Email already exists	f	2026-01-13 00:29:48	2026-01-13 00:29:48	\N
5532	5552	Cairo	01115356535	احمد طه خليل	01115356535	\N	atkhalil@yahoo.com	7 el Nasr Rd, elforsan 1 buildings , Tower c ,appt 44, مدينة نصر	1	\N	duplicate	Duplicate: Phone/Email already exists	f	2026-01-13 00:29:48	2026-01-13 00:29:48	\N
5541	5561	Cairo	01064850054	مدام نور	01064850054	\N	mmm@nnn.com	مدينة المستقبل عمارة 845 شقة  1, Other	1	\N	duplicate	Duplicate: Phone/Email already exists	f	2026-01-13 00:29:48	2026-01-13 00:29:48	\N
5543	5563	Dakahlia	01003693631	مازن محفوظ	01003693631	\N	\N	المنصوره ارض الشون لتعليم السواقه شارع محمد وحبيبه   تاني شارع شمال  امام مسجد العزيز, المنصورة	58	\N	duplicate	Duplicate: Phone/Email already exists	f	2026-01-13 00:29:48	2026-01-13 00:29:48	\N
5591	5611	Cairo	01002326303	احمد مدحت جمال	01002326303	\N	mmm@nnn.com	م 601 كورنيش النيل طره البلد عمارات الشرطة مدينة الاخاء, Other	1	\N	duplicate	Duplicate: Phone/Email already exists	f	2026-01-13 00:29:56	2026-01-13 00:29:56	\N
5601	5621	Minya	01229493946	ميلر جبران	01229493946	\N	mmm@nnn.com	منشيه المصري ش الجزائر بجوار بنك القاهرة, مغاغة	30	\N	duplicate	Duplicate: Phone/Email already exists	f	2026-01-13 00:29:56	2026-01-13 00:29:56	\N
5633	5653	Cairo	01144594646	صبا محمود العزازي	01144594646	\N	gfd@gfd.com	٢ عبد اللطيف حمزه متفرع من شارع حسن المأمون شارع النادي الأهلي الدور الرابع شقه ٩, مدينة نصر	1	\N	duplicate	Duplicate: Phone/Email already exists	f	2026-01-13 00:29:58	2026-01-13 00:29:58	\N
5647	5667	Minya	01223270075	ساميه داوود	01223270075	01223643929	mmm@nnn.com	المنيا الاخصاص خلف المدينة الجامعية للبنات عمارة الطهناوي الدور الرابع, المنيا	30	\N	duplicate	Duplicate: Phone/Email already exists	f	2026-01-13 00:29:58	2026-01-13 00:29:58	\N
5662	5682	Cairo	01126284707	حرم اللواء وليد صلاح	01126284707	\N	w@gmail.com	١٦ ش المنتزه. هليوبوليس الدور الثالث شقه ٦, مصر الجديدة	1	\N	duplicate	Duplicate: Phone/Email already exists	f	2026-01-13 00:29:58	2026-01-13 00:29:58	\N
5672	5692	Giza	01004151554	مدحت عبدالله	01004151554	\N	\N	7ش المطبعة الأهلية كورنيش النيل بولاق أبو العلا الدور ال 7 شقة 14, الجيزة	2	\N	duplicate	Duplicate: Phone/Email already exists	f	2026-01-13 00:29:59	2026-01-13 00:29:59	\N
5678	5698	Cairo	01001350655	هبة الله عمرو	01001350655	\N	\N	م 8شارع سعد الدين عمرو مربع 1336 شقة 1 النزهة الجديدة, النزهة	1	\N	duplicate	Duplicate: Phone/Email already exists	f	2026-01-13 00:30:09	2026-01-13 00:30:09	\N
5708	5728	Cairo	01002330875	احمد محمد مخلوف	01002330875	01002330674	hgf@hgf.com	البنفسج ٦ - فيلا ٩٠ - التجمع الاول, التجمع الأول	1	\N	duplicate	Duplicate: Phone/Email already exists	f	2026-01-13 00:30:09	2026-01-13 00:30:09	\N
5769	5789	Dakahlia	01001521601	محمد عيد	01001521601	01001484339	a@gmail.com	المنصورة ش الجيش ناصية شارع البطايق المستعجلة بجوار كاتر بيلر برج السلام الدور التالت د محمد عيد, المنصورة	58	\N	duplicate	Duplicate: Phone/Email already exists	f	2026-01-13 00:30:17	2026-01-13 00:30:17	\N
5925	5945	Cairo	01282226777	احمد النحال	01282226777	\N	a@gmail.com	م 5 عمارات الشروق خلف النادي الاهلي الدور 3 شقة 31 جمب المطافي, مدينة نصر	1	\N	duplicate	Duplicate: Phone/Email already exists	f	2026-01-13 00:30:23	2026-01-13 00:30:23	\N
5935	5955	Alexandria	01221781601	هبة محمد	01221781601	\N	mmm@nnn.com	امام بنك مصر -  الهانوفيل, العجمي	13	\N	duplicate	Duplicate: Phone/Email already exists	f	2026-01-13 00:30:52	2026-01-13 00:30:52	\N
5958	5978	Cairo	01005250099	اللواء عماد الشافعى	01005250099	\N	a@gmail.com	٧٠ حسن المأمون مدينه نصر  الدور الرابع شقه ١٠, مدينة نصر	1	\N	duplicate	Duplicate: Phone/Email already exists	f	2026-01-13 00:30:52	2026-01-13 00:30:52	\N
6080	6100	Alexandria	01000969695	عادل احمد	01000969695	\N	\N	تقاطع البرت الأول مع كمال الدين صلاح عمارات دلتا لايف عماره 1الدور الرابع شقه رقم 402 مهندس عادل احمد سموحه اسكندريه, الإسكندرية	13	\N	duplicate	Duplicate: Phone/Email already exists	f	2026-01-13 00:31:13	2026-01-13 00:31:13	\N
6156	6177	Minya	01005870790	MOHAMED HISHAM HAFEZ	01005870790	\N	\N	صيدليه المستشفى شارع٢٦يوليو ملوى. محافظه المنيا, منوي	30	\N	duplicate	Duplicate: Phone/Email already exists	f	2026-01-13 00:31:35	2026-01-13 00:31:35	\N
6158	6179	Cairo	01225782552	ماجد لبيب	01225782552	\N	gd@gfd.com	190 شارع رمسيس الدور التاني شقه 6 امام مستشفي الامم, باب الشعرية	1	\N	duplicate	Duplicate: Phone/Email already exists	f	2026-01-13 00:31:35	2026-01-13 00:31:35	\N
6300	6321	Cairo	01110882728	مهندس عبد اللطيف ابو الوفا	01110882728	\N	\N	مدينة نصر	1	\N	duplicate	Duplicate: Phone/Email already exists	f	2026-01-13 00:32:09	2026-01-13 00:32:09	\N
6310	6331	Cairo	01223111910	امنية حامد	01223111910	\N	\N	م 102 ش عثمان بن عفان ميدان تريومف, مصر الجديدة	1	\N	duplicate	Duplicate: Phone/Email already exists	f	2026-01-13 00:32:09	2026-01-13 00:32:09	\N
6389	6410	Luxor	01006838634	محمد معوض	01006838634	\N	\N	ش المدينة المنورة متفرع من ش التلفزيون, الأقصر	34	\N	duplicate	Duplicate: Phone/Email already exists	f	2026-01-13 00:32:11	2026-01-13 00:32:11	\N
6498	6520	Cairo	01011911702	زكي احمد	01011911702	\N	\N	١٧ شارع عبد الرحمن رشدي متفرع من شارع عبد العزيز فهمي سانت فاتيما, مصر الجديدة	1	\N	duplicate	Duplicate: Phone/Email already exists	f	2026-01-13 00:32:20	2026-01-13 00:32:20	\N
6598	6620	Giza	01222242252	احمد رمزي	01222242252	\N	a@gmail.com	ميدان لبنان المهندسين  ٢ امتداد ٢٦ يوليو دور ١٢ شقه ٣٠, المهندسين	2	\N	duplicate	Duplicate: Phone/Email already exists	f	2026-01-13 00:32:25	2026-01-13 00:32:25	\N
7115	7140	Cairo	01002404716	Maha Hosny	01002404716	\N	\N	19  دكتور حسن حامد موازي لشارع الصواف من احمد الزمر الحي العاشر مدينة نصر, مدينة نصر	1	\N	duplicate	Duplicate: Phone/Email already exists	f	2026-01-13 00:37:36	2026-01-13 00:37:36	\N
7187	7213	Cairo	01007729130	احمد زكي	01007729130	\N	a@gmail.com	فيلا ٧٨ شارع الربوة مجاورة ٢ الحي الرابع مدينة الشروق  الدور الثاني شقة ٩, الشروق	1	\N	duplicate	Duplicate: Phone/Email already exists	f	2026-01-13 00:38:02	2026-01-13 00:38:02	\N
7211	7237	Cairo	01112110568	طارق محمد	01112110568	\N	\N	٧٤ ش الطاقه الدور الارضي شقه ٢ مدينه نصر, مدينة نصر	1	\N	duplicate	Duplicate: Phone/Email already exists	f	2026-01-13 00:38:02	2026-01-13 00:38:02	\N
7212	7238	Cairo	01060071762	nada	01060071762	\N	\N	city center almaza el door el 2, مصر الجديدة	1	\N	duplicate	Duplicate: Phone/Email already exists	f	2026-01-13 00:38:02	2026-01-13 00:38:02	\N
7228	7254	Cairo	01094422290	محمد عباس	01094422290	\N	\N	كمبوند دار مصر القرنفل التجمع الاول عماره 183 الدور الاول شقه 5, التجمع الأول	1	\N	duplicate	Duplicate: Phone/Email already exists	f	2026-01-13 00:38:02	2026-01-13 00:38:02	\N
7260	7286	Cairo	01062519090	احمد عبد العاطي	01062519090	\N	a@gmail.com	٩٨ الفسطاط المجاورة الاولى شقه ٢١, مصر القديمة	1	\N	duplicate	Duplicate: Phone/Email already exists	f	2026-01-13 00:38:02	2026-01-13 00:38:02	\N
7287	7313	Ismailia	01009783044	اماني محمد عبد السلام	01009783044	\N	\N	الاسماعيليه حي الاسراء عماره ٥ب شقه ٦, الإسماعلية	26	\N	duplicate	Duplicate: Phone/Email already exists	f	2026-01-13 00:38:04	2026-01-13 00:38:04	\N
7288	7314	Cairo	01272298246	Nahla mohamed	01272298246	\N	\N	مساكن الاميريه القديمه بلوك ١٨ مدخل ٣ الدور ٣  شقه ٦, الأميرية	1	\N	duplicate	Duplicate: Phone/Email already exists	f	2026-01-13 00:38:04	2026-01-13 00:38:04	\N
7304	7330	Cairo	01003431864	Marwa yousry	01003431864	\N	hghgh@ghghg.com	Group 23 building 11 apartment  31, مدينتي	1	\N	duplicate	Duplicate: Phone/Email already exists	f	2026-01-13 00:38:04	2026-01-13 00:38:04	\N
7316	7342	Cairo	01223217556	Shahenaz el shreef	01223217556	\N	\N	جنوب سي امتداد شارع هدي الشعراوي   9402 خلف فيلا يحيي  الفخراني المقطم الهضبه العليا, المقطم	1	\N	duplicate	Duplicate: Phone/Email already exists	f	2026-01-13 00:38:04	2026-01-13 00:38:04	\N
7319	7345	Cairo	01001463228	Noha farouk el baz	01001463228	\N	\N	Road 15 el maadi 37 el door el 4, المعادي	1	\N	duplicate	Duplicate: Phone/Email already exists	f	2026-01-13 00:38:04	2026-01-13 00:38:04	\N
7321	7347	Qalyubia	01558334976	عبدالله احمد	01558334976	\N	\N	امام البنك الاهلي بكفر الشيخ القليوبيه مركز كفر شكر, Qalyubia, كفر شكر	24	\N	duplicate	Duplicate: Phone/Email already exists	f	2026-01-13 00:38:04	2026-01-13 00:38:04	\N
7337	7363	Beni Suef	01280062008	مصطفى رمضان	01280062008	\N	\N	فرع بي تك بني سويف, بني سويف	29	\N	duplicate	Duplicate: Phone/Email already exists	f	2026-01-13 00:38:04	2026-01-13 00:38:04	\N
7340	7366	Cairo	01287818708	customer	01287818708	\N	\N	شارع احمد حسن الزيات  شقه 49 بجوار مسجد الرحمه, مدينة نصر	1	\N	duplicate	Duplicate: Phone/Email already exists	f	2026-01-13 00:38:04	2026-01-13 00:38:04	\N
7347	7373	Cairo	01002534466	Randa hamdy	01002534466	\N	\N	عماره ٢ شارع البستان السعيدي متفرع من هدى شعراوي الدور الاول شقه ٥ امام محلمشويات البستان, المقطم	1	\N	duplicate	Duplicate: Phone/Email already exists	f	2026-01-13 00:38:04	2026-01-13 00:38:04	\N
7353	7379	Alexandria	01224075499	احمد سامي	01224075499	\N	a@gmail.com	٢٤عزيز كحيل المتفرع من عبد الحميد الديب الدور ٢ شقه ٢ محطة ترام ثروت اسكندريه  اول يمين بعد المحكمه العسكريه, الإسكندرية	13	\N	duplicate	Duplicate: Phone/Email already exists	f	2026-01-13 00:38:04	2026-01-13 00:38:04	\N
7356	7382	Cairo	01002601390	Salma el qabany	01002601390	\N	\N	كومبوند acacia امام بوابه الرحاب رقم ٦, التجمع الخامس	1	\N	duplicate	Duplicate: Phone/Email already exists	f	2026-01-13 00:38:04	2026-01-13 00:38:04	\N
7365	7391	Cairo	01093620008	احمد وحيد	01093620008	\N	\N	شارع محمد محمود خلف كليه صيدله عمارة سكنيه 7464 المقطم الهضبة الوسطى على ناصية الشارع كافيه موكا, المقطم	1	\N	duplicate	Duplicate: Phone/Email already exists	f	2026-01-13 00:38:04	2026-01-13 00:38:04	\N
7373	7399	Suez	01019939989	مصطفى عبد الرحيم	01019939989	\N	\N	السويس الاربعين ابو الحسن بركات خلف جمعية البراهمة بجوار محلات الفارس لمواتير المياه والعدد اليدوية, السويس	25	\N	duplicate	Duplicate: Phone/Email already exists	f	2026-01-13 00:38:13	2026-01-13 00:38:13	\N
7394	7420	Giza	01007011399	زينب مصطفى	01007011399	\N	\N	12ش محمد عثمان كيت كات امبابه, إمبابة	2	\N	duplicate	Duplicate: Phone/Email already exists	f	2026-01-13 00:38:13	2026-01-13 00:38:13	\N
7400	7426	Cairo	01001447998	Dr Ranya	01001447998	\N	\N	Madinaty, B1, Group 11, Building 3 Flat 54, مدينتي	1	\N	duplicate	Duplicate: Phone/Email already exists	f	2026-01-13 00:38:13	2026-01-13 00:38:13	\N
7403	7429	Cairo	01091588466	مدحت ابراهيم	01091588466	\N	\N	المنطقه التاسعه عمارات المجاوره السابعه عماره رقم ٤١مدينه الشروق, الشروق	1	\N	duplicate	Duplicate: Phone/Email already exists	f	2026-01-13 00:38:13	2026-01-13 00:38:13	\N
7406	7432	Sharqia	01113954094	Mohamed El-Shamy	01113954094	\N	\N	ش سوق الاثنين - منيا القمح - الشرقيه بجوار حضانة المصطفى منيا القمح - الشرقيه, Sharqia, منيا القمح	19	\N	duplicate	Duplicate: Phone/Email already exists	f	2026-01-13 00:38:13	2026-01-13 00:38:13	\N
7407	7433	Cairo	01060739199	Nehal mohsen	01060739199	\N	\N	عماره ١ شارع الباجوري متفرع من شارع النويري منشيه البكري مصر الجديدهاادور ٥ شقه ١٥, مصر الجديدة	1	\N	duplicate	Duplicate: Phone/Email already exists	f	2026-01-13 00:38:13	2026-01-13 00:38:13	\N
7408	7434	Sharqia	01020482487	Marco magdy	01020482487	\N	\N	محل فانوس لقطع الغيار شارع الانتاج بجوار مطعم اسماك بحري الشرقيه, Sharqia, فاقوس	19	\N	duplicate	Duplicate: Phone/Email already exists	f	2026-01-13 00:38:13	2026-01-13 00:38:13	\N
7409	7435	Giza	01126322313	Vickey amery	01126322313	\N	\N	City view compound building 72 gate 3 floor 2, السادس من أكتوبر	2	\N	duplicate	Duplicate: Phone/Email already exists	f	2026-01-13 00:38:13	2026-01-13 00:38:13	\N
7410	7436	Sohag	01004847838	Mohamed atef	01004847838	\N	\N	شارع البنزينه القديمه حي الشرق بعد مستشفي الجامعه, سوهاج	32	\N	duplicate	Duplicate: Phone/Email already exists	f	2026-01-13 00:38:13	2026-01-13 00:38:13	\N
7418	7444	Matruh	01102117135	Shaimaa ali	01102117135	\N	\N	علم الروم بعد مدرسه الهدى الخاصه بجوار مركز مطروح للعيون, مرسى مطروح	48	\N	duplicate	Duplicate: Phone/Email already exists	f	2026-01-13 00:38:18	2026-01-13 00:38:18	\N
7420	7446	Giza	01065312468	أميمة عزت صبري	01065312468	\N	\N	٢٢ عمارات منتصر شارع الملك فيصل الرئيسي محطة الطلبية امام البنك الاهلي, الجيزة	2	\N	duplicate	Duplicate: Phone/Email already exists	f	2026-01-13 00:38:18	2026-01-13 00:38:18	\N
7421	7447	Giza	01014154067	المستشار كريم محسن	01014154067	\N	\N	بوابه ٦ عماره ١٠٥ شقه ٣١ عماره اللواء محسن كمال الشيخ زايد مدينه الخمائل, الشيخ زايد	2	\N	duplicate	Duplicate: Phone/Email already exists	f	2026-01-13 00:38:18	2026-01-13 00:38:18	\N
7423	7449	Cairo	01100009890	Hoda hanafy	01100009890	\N	\N	شارع الدكتور ابراهيم ناجي بلوك ٢٣ عماره ٣ الدور ١ شقه ٤ مدينه نصر المنطقه العاشره, مدينة نصر	1	\N	duplicate	Duplicate: Phone/Email already exists	f	2026-01-13 00:38:18	2026-01-13 00:38:18	\N
7424	7450	Sohag	01013391213	أسماء عيد	01013391213	\N	\N	طهطا - خلف نادي المعلمين.. شارع حسن عبد المعز, طهطا	32	\N	duplicate	Duplicate: Phone/Email already exists	f	2026-01-13 00:38:18	2026-01-13 00:38:18	\N
7425	7451	Cairo	01090155584	Lina maher	01090155584	\N	\N	Villa 131 el yasmin el tagamo3 el awl, التجمع الأول	1	\N	duplicate	Duplicate: Phone/Email already exists	f	2026-01-13 00:38:18	2026-01-13 00:38:18	\N
7426	7452	Cairo	01095544112	فيصل ابراهيم	01095544112	\N	\N	١٠١ اول السويسري أ شارع احمد الزمرشقه ١٦ الحي العاشر مدينه نصر, مدينة نصر	1	\N	duplicate	Duplicate: Phone/Email already exists	f	2026-01-13 00:38:18	2026-01-13 00:38:18	\N
7428	7454	Qalyubia	01275546858	الاء عبد المحسن على	01275546858	\N	\N	قريه اجياد دجوي مركز طوخ القلبوبيه ٣, Qalyubia, بنها	24	\N	duplicate	Duplicate: Phone/Email already exists	f	2026-01-13 00:38:18	2026-01-13 00:38:18	\N
7369	7395	Red Sea	01027515454	احمد محمد حفني	01027515454	01551154535	h@gmail.com	البحر الاحمر رأس غارب 16ش الاذاعه, رأس غارب	56	Red Sea	duplicate	Duplicate: Phone/Email already exists	f	2026-01-13 00:38:13	2026-01-13 00:39:41	\N
\.


--
-- Data for Name: social_logins; Type: TABLE DATA; Schema: public; Owner: TheRoasters_Auto
--

COPY public.social_logins (id, customer_id, provider, provider_id, provider_token, provider_refresh_token, provider_expires_at, avatar, email, name, created_at, updated_at) FROM stdin;
\.


--
-- Data for Name: stock_movements; Type: TABLE DATA; Schema: public; Owner: TheRoasters_Auto
--

COPY public.stock_movements (id, product_id, offer_id, order_id, movement_type, quantity_change, stock_before, stock_after, reference_number, notes, created_by, created_at, updated_at, variant_id) FROM stdin;
1	15	\N	\N	purchase	100.00	0.00	100.00	\N	Initial stock when product was created	\N	2025-11-22 22:46:55	2025-11-22 22:46:55	\N
2	15	\N	\N	expired	-100.00	100.00	0.00	\N	Product deleted - stock removed	\N	2025-11-22 22:46:55	2025-11-22 22:46:55	\N
3	14	\N	\N	expired	-100.00	100.00	0.00	\N	Product deleted - stock removed	1	2025-11-22 22:50:53	2025-11-22 22:50:53	\N
4	10	\N	\N	purchase	50.00	0.00	50.00	\N	Stock increased for variant: ALMOND-250G-RAW from 0 to 50	\N	2025-11-22 23:03:36	2025-11-22 23:03:36	\N
5	7	\N	\N	purchase	30.00	0.00	30.00	\N	Stock increased for variant: BRAZILIANCOFFE-DARK from 0 to 30	\N	2025-11-22 23:03:46	2025-11-22 23:03:46	\N
6	7	\N	\N	manual_adjustment	-15.00	30.00	15.00	\N	Stock decreased for variant: BRAZILIANCOFFE-DARK from 30 to 15	\N	2025-11-22 23:04:04	2025-11-22 23:04:04	\N
7	7	\N	\N	manual_adjustment	-15.00	15.00	0.00	\N	Stock decreased for variant: BRAZILIANCOFFE-DARK from 15 to 0	\N	2025-11-22 23:04:15	2025-11-22 23:04:15	\N
216	\N	4	82	order_created	-1.00	100.00	99.00	TEST-1765245574	Offer stock deducted for order TEST-1765245574	\N	2025-12-09 01:59:34	2025-12-09 01:59:34	\N
217	57	\N	82	order_created	-2000.00	3000.00	1000.00	TEST-1765245574	Unified stock deducted: 2x 1000g for order TEST-1765245574	\N	2025-12-09 01:59:34	2025-12-09 01:59:34	81
218	58	\N	82	order_created	-2000.00	4000.00	2000.00	TEST-1765245574	Unified stock deducted: 2x 1000g for order TEST-1765245574	\N	2025-12-09 01:59:34	2025-12-09 01:59:34	85
219	59	\N	82	order_created	-1000.00	7000.00	6000.00	TEST-1765245574	Unified stock deducted: 1x 1000g for order TEST-1765245574	\N	2025-12-09 01:59:34	2025-12-09 01:59:34	89
240	\N	3	85	order_created	-1.00	100.00	99.00	ORD-693799A9BB42C	Offer stock deducted for order ORD-693799A9BB42C	1	2025-12-09 03:38:36	2025-12-09 03:38:36	\N
256	66	\N	\N	purchase	110.00	0.00	110.00	\N	Manual stock increase from 0 to 110	1	2026-01-12 13:01:07	2026-01-12 13:01:07	\N
34	7	\N	35	order_created	-500.00	10000.00	9500.00	TEST-1763935475	Unified stock deducted: 2x 250g for order TEST-1763935475	\N	2025-11-23 22:04:35	2025-11-23 22:04:35	1
35	7	\N	35	order_deleted	500.00	9500.00	10000.00	TEST-1763935475	Unified stock restored: 2x 250g for order TEST-1763935475	\N	2025-11-23 22:04:35	2025-11-23 22:04:35	1
36	7	\N	36	order_created	-750.00	10000.00	9250.00	UNIT-TEST-1763935633	Unified stock deducted: 3x 250g for order UNIT-TEST-1763935633	\N	2025-11-23 22:07:13	2025-11-23 22:07:13	1
37	7	\N	36	order_deleted	750.00	9250.00	10000.00	UNIT-TEST-1763935633	Unified stock restored: 3x 250g for order UNIT-TEST-1763935633	\N	2025-11-23 22:07:13	2025-11-23 22:07:13	1
40	32	\N	\N	purchase	100.00	0.00	100.00	\N	Initial stock when product was created	\N	2025-11-23 22:13:03	2025-11-23 22:13:03	\N
41	34	\N	\N	purchase	50.00	0.00	50.00	\N	Initial stock for variant: ALM-250-1763936003	\N	2025-11-23 22:13:23	2025-11-23 22:13:23	34
42	34	\N	\N	purchase	30.00	0.00	30.00	\N	Initial stock for variant: ALM-500-1763936003	\N	2025-11-23 22:13:23	2025-11-23 22:13:23	35
43	35	\N	\N	purchase	40.00	0.00	40.00	\N	Initial stock for variant: SYR-250ML-1763936003	\N	2025-11-23 22:13:23	2025-11-23 22:13:23	36
44	35	\N	\N	purchase	25.00	0.00	25.00	\N	Initial stock for variant: SYR-500ML-1763936003	\N	2025-11-23 22:13:23	2025-11-23 22:13:23	37
45	33	\N	38	order_created	-750.00	20000.00	19250.00	TEST-1763936084	Unified stock deducted: 3x 250g for order TEST-1763936084	\N	2025-11-23 22:14:44	2025-11-23 22:14:44	40
46	34	\N	\N	manual_adjustment	-1.00	50.00	49.00	\N	Stock decreased for variant: ALM-250-1763936003 from 50 to 49	\N	2025-11-23 22:14:44	2025-11-23 22:14:44	34
47	34	\N	38	order_created	-1.00	50.00	49.00	TEST-1763936084	Variant stock deducted for order TEST-1763936084	\N	2025-11-23 22:14:44	2025-11-23 22:14:44	34
48	35	\N	\N	manual_adjustment	-2.00	40.00	38.00	\N	Stock decreased for variant: SYR-250ML-1763936003 from 40 to 38	\N	2025-11-23 22:14:44	2025-11-23 22:14:44	36
49	35	\N	38	order_created	-2.00	40.00	38.00	TEST-1763936084	Variant stock deducted for order TEST-1763936084	\N	2025-11-23 22:14:44	2025-11-23 22:14:44	36
50	32	\N	\N	manual_adjustment	-2.00	100.00	98.00	\N	Manual stock decrease from 100 to 98	\N	2025-11-23 22:14:44	2025-11-23 22:14:44	\N
51	32	\N	38	order_created	-2.00	100.00	98.00	TEST-1763936084	Stock deducted for order TEST-1763936084	\N	2025-11-23 22:14:44	2025-11-23 22:14:44	\N
52	36	\N	38	order_created	-2000.00	15000.00	13000.00	TEST-1763936084	Unified stock deducted: 2x 1000g for order TEST-1763936084	\N	2025-11-23 22:14:44	2025-11-23 22:14:44	39
53	33	\N	38	order_cancelled	750.00	19250.00	20000.00	TEST-1763936084	Unified stock restored: 3x 250g for order TEST-1763936084	\N	2025-11-23 22:14:44	2025-11-23 22:14:44	40
54	34	\N	\N	purchase	1.00	49.00	50.00	\N	Stock increased for variant: ALM-250-1763936003 from 49 to 50	\N	2025-11-23 22:14:44	2025-11-23 22:14:44	34
55	34	\N	38	order_cancelled	1.00	49.00	50.00	TEST-1763936084	Variant stock restored for order TEST-1763936084	\N	2025-11-23 22:14:44	2025-11-23 22:14:44	34
56	35	\N	\N	purchase	2.00	38.00	40.00	\N	Stock increased for variant: SYR-250ML-1763936003 from 38 to 40	\N	2025-11-23 22:14:44	2025-11-23 22:14:44	36
57	35	\N	38	order_cancelled	2.00	38.00	40.00	TEST-1763936084	Variant stock restored for order TEST-1763936084	\N	2025-11-23 22:14:44	2025-11-23 22:14:44	36
8	13	\N	\N	order_created	-250.00	10000.00	9750.00	ORD-69225BB958F49	Unified stock deducted: 1x 250.00g for order ORD-69225BB958F49	1	2025-11-23 00:58:31	2025-11-23 00:58:31	14
58	32	\N	\N	purchase	2.00	98.00	100.00	\N	Manual stock increase from 98 to 100	\N	2025-11-23 22:14:44	2025-11-23 22:14:44	\N
59	32	\N	38	order_cancelled	2.00	98.00	100.00	TEST-1763936084	Stock restored for order TEST-1763936084	\N	2025-11-23 22:14:44	2025-11-23 22:14:44	\N
60	36	\N	38	order_cancelled	2000.00	13000.00	15000.00	TEST-1763936084	Unified stock restored: 2x 1000g for order TEST-1763936084	\N	2025-11-23 22:14:44	2025-11-23 22:14:44	39
61	33	\N	38	order_created	-750.00	20000.00	19250.00	TEST-1763936084	Unified stock deducted: 3x 250g for order TEST-1763936084	\N	2025-11-23 22:14:44	2025-11-23 22:14:44	40
62	34	\N	\N	manual_adjustment	-1.00	50.00	49.00	\N	Stock decreased for variant: ALM-250-1763936003 from 50 to 49	\N	2025-11-23 22:14:44	2025-11-23 22:14:44	34
63	34	\N	38	order_created	-1.00	50.00	49.00	TEST-1763936084	Variant stock deducted for order TEST-1763936084	\N	2025-11-23 22:14:44	2025-11-23 22:14:44	34
64	35	\N	\N	manual_adjustment	-2.00	40.00	38.00	\N	Stock decreased for variant: SYR-250ML-1763936003 from 40 to 38	\N	2025-11-23 22:14:44	2025-11-23 22:14:44	36
65	35	\N	38	order_created	-2.00	40.00	38.00	TEST-1763936084	Variant stock deducted for order TEST-1763936084	\N	2025-11-23 22:14:44	2025-11-23 22:14:44	36
66	32	\N	\N	manual_adjustment	-2.00	100.00	98.00	\N	Manual stock decrease from 100 to 98	\N	2025-11-23 22:14:44	2025-11-23 22:14:44	\N
67	32	\N	38	order_created	-2.00	100.00	98.00	TEST-1763936084	Stock deducted for order TEST-1763936084	\N	2025-11-23 22:14:44	2025-11-23 22:14:44	\N
68	36	\N	38	order_created	-2000.00	15000.00	13000.00	TEST-1763936084	Unified stock deducted: 2x 1000g for order TEST-1763936084	\N	2025-11-23 22:14:44	2025-11-23 22:14:44	39
69	37	\N	\N	purchase	1000.00	0.00	1000.00	\N	Initial stock when product was created	1	2025-11-23 22:19:07	2025-11-23 22:19:07	\N
70	33	\N	41	order_created	-500.00	19250.00	18750.00	STOCK-TEST-1763940885	Unified stock deducted: 2x 250g for order STOCK-TEST-1763940885	\N	2025-11-23 23:34:46	2025-11-23 23:34:46	40
71	33	\N	41	order_deleted	500.00	18750.00	19250.00	STOCK-TEST-1763940885	Unified stock restored: 2x 250g for order STOCK-TEST-1763940885	\N	2025-11-23 23:34:46	2025-11-23 23:34:46	40
72	33	\N	42	order_created	-250.00	19250.00	19000.00	FINAL-TEST-1763940984	Unified stock deducted: 1x 250g for order FINAL-TEST-1763940984	\N	2025-11-23 23:36:24	2025-11-23 23:36:24	40
73	33	\N	42	order_deleted	250.00	19000.00	19250.00	FINAL-TEST-1763940984	Unified stock restored: 1x 250g for order FINAL-TEST-1763940984	\N	2025-11-23 23:36:24	2025-11-23 23:36:24	40
220	\N	4	82	order_cancelled	1.00	99.00	100.00	TEST-1765245574	Offer stock restored for order TEST-1765245574	\N	2025-12-09 02:00:49	2025-12-09 02:00:49	\N
75	37	\N	\N	expired	-1000.00	1000.00	0.00	\N	Product deleted - stock removed	1	2025-11-25 20:37:07	2025-11-25 20:37:07	\N
76	32	\N	\N	expired	-98.00	98.00	0.00	\N	Product deleted - stock removed	1	2025-11-25 20:37:13	2025-11-25 20:37:13	\N
221	57	\N	82	order_cancelled	2000.00	1000.00	3000.00	TEST-1765245574	Unified stock restored: 2x 1000g for order TEST-1765245574	\N	2025-12-09 02:00:49	2025-12-09 02:00:49	81
222	58	\N	82	order_cancelled	2000.00	2000.00	4000.00	TEST-1765245574	Unified stock restored: 2x 1000g for order TEST-1765245574	\N	2025-12-09 02:00:49	2025-12-09 02:00:49	85
223	59	\N	82	order_cancelled	1000.00	6000.00	7000.00	TEST-1765245574	Unified stock restored: 1x 1000g for order TEST-1765245574	\N	2025-12-09 02:00:49	2025-12-09 02:00:49	89
241	57	\N	86	order_created	-500.00	3000.00	2500.00	ORD-86PARGLY5D	Unified stock deducted: 1x 500g for order ORD-86PARGLY5D	\N	2025-12-10 13:42:29	2025-12-10 13:42:29	80
242	56	\N	86	order_created	-250.00	10000.00	9750.00	ORD-86PARGLY5D	Unified stock deducted: 1x 250g for order ORD-86PARGLY5D	\N	2025-12-10 13:42:29	2025-12-10 13:42:29	69
243	59	\N	86	order_created	-500.00	7000.00	6500.00	ORD-86PARGLY5D	Unified stock deducted: 1x 500g for order ORD-86PARGLY5D	\N	2025-12-10 13:42:29	2025-12-10 13:42:29	93
244	58	\N	86	order_created	-500.00	4000.00	3500.00	ORD-86PARGLY5D	Unified stock deducted: 1x 500g for order ORD-86PARGLY5D	\N	2025-12-10 13:42:29	2025-12-10 13:42:29	84
257	67	\N	\N	purchase	100.00	0.00	100.00	\N	Initial stock when product was created	1	2026-01-12 13:08:01	2026-01-12 13:08:01	\N
90	5	\N	\N	manual_adjustment	-1.00	1000.00	999.00	\N	Manual stock decrease from 1000 to 999	\N	2025-12-03 02:23:16	2025-12-03 02:23:16	\N
93	5	\N	\N	manual_adjustment	-1.00	999.00	998.00	\N	Manual stock decrease from 999 to 998	\N	2025-12-03 02:28:31	2025-12-03 02:28:31	\N
96	5	\N	\N	purchase	1.00	998.00	999.00	\N	Manual stock increase from 998 to 999	1	2025-12-03 02:32:10	2025-12-03 02:32:10	\N
99	5	\N	\N	purchase	1.00	999.00	1000.00	\N	Manual stock increase from 999 to 1000	1	2025-12-03 02:32:10	2025-12-03 02:32:10	\N
224	\N	4	82	order_created	-1.00	100.00	99.00	TEST-1765245574	Offer stock deducted for order TEST-1765245574	\N	2025-12-09 02:00:56	2025-12-09 02:00:56	\N
225	57	\N	82	order_created	-2000.00	3000.00	1000.00	TEST-1765245574	Unified stock deducted: 2x 1000g for order TEST-1765245574	\N	2025-12-09 02:00:56	2025-12-09 02:00:56	81
226	58	\N	82	order_created	-2000.00	4000.00	2000.00	TEST-1765245574	Unified stock deducted: 2x 1000g for order TEST-1765245574	\N	2025-12-09 02:00:56	2025-12-09 02:00:56	85
227	59	\N	82	order_created	-1000.00	7000.00	6000.00	TEST-1765245574	Unified stock deducted: 1x 1000g for order TEST-1765245574	\N	2025-12-09 02:00:56	2025-12-09 02:00:56	89
245	57	\N	87	order_created	-250.00	2500.00	2250.00	ORD-ZAYO5IIRC7	Unified stock deducted: 1x 250g for order ORD-ZAYO5IIRC7	\N	2025-12-10 15:07:44	2025-12-10 15:07:44	79
246	56	\N	87	order_created	-1000.00	9750.00	8750.00	ORD-ZAYO5IIRC7	Unified stock deducted: 2x 500g for order ORD-ZAYO5IIRC7	\N	2025-12-10 15:07:44	2025-12-10 15:07:44	70
109	5	\N	\N	manual_adjustment	-1.00	1000.00	999.00	\N	Manual stock decrease from 1000 to 999	\N	2025-12-03 02:35:18	2025-12-03 02:35:18	\N
247	57	\N	87	order_created	-1000.00	2250.00	1250.00	ORD-ZAYO5IIRC7	Unified stock deducted: 2x 500g for order ORD-ZAYO5IIRC7	\N	2025-12-10 15:07:44	2025-12-10 15:07:44	80
248	59	\N	87	order_created	-250.00	6500.00	6250.00	ORD-ZAYO5IIRC7	Unified stock deducted: 1x 250g for order ORD-ZAYO5IIRC7	\N	2025-12-10 15:07:44	2025-12-10 15:07:44	91
112	5	\N	\N	manual_adjustment	-1.00	999.00	998.00	\N	Manual stock decrease from 999 to 998	\N	2025-12-03 02:37:19	2025-12-03 02:37:19	\N
249	59	\N	87	order_created	-1000.00	6250.00	5250.00	ORD-ZAYO5IIRC7	Unified stock deducted: 1x 1000g for order ORD-ZAYO5IIRC7	\N	2025-12-10 15:07:44	2025-12-10 15:07:44	95
258	57	\N	88	order_deleted	250.00	20000.00	20250.00	ORD-URVZ2WYEOP	Unified stock restored: 1x 250g for order ORD-URVZ2WYEOP	1	2026-01-12 14:13:56	2026-01-12 14:13:56	79
259	59	\N	88	order_deleted	250.00	5000.00	5250.00	ORD-URVZ2WYEOP	Unified stock restored: 1x 250g for order ORD-URVZ2WYEOP	1	2026-01-12 14:13:56	2026-01-12 14:13:56	87
116	5	\N	\N	manual_adjustment	-1.00	998.00	997.00	\N	Manual stock decrease from 998 to 997	\N	2025-12-03 03:28:45	2025-12-03 03:28:45	\N
260	56	\N	88	order_deleted	500.00	8000.00	8500.00	ORD-URVZ2WYEOP	Unified stock restored: 1x 500g for order ORD-URVZ2WYEOP	1	2026-01-12 14:13:56	2026-01-12 14:13:56	70
118	2	\N	\N	manual_adjustment	-1.00	1000.00	999.00	\N	Manual stock decrease from 1000 to 999	\N	2025-12-03 03:58:28	2025-12-03 03:58:28	\N
261	56	\N	88	order_deleted	250.00	8500.00	8750.00	ORD-URVZ2WYEOP	Unified stock restored: 1x 250g for order ORD-URVZ2WYEOP	1	2026-01-12 14:13:56	2026-01-12 14:13:56	69
120	13	\N	\N	manual_adjustment	-1.00	0.00	-1.00	\N	Manual stock decrease from 0 to -1	\N	2025-12-03 03:58:28	2025-12-03 03:58:28	\N
262	58	\N	88	order_deleted	500.00	3000.00	3500.00	ORD-URVZ2WYEOP	Unified stock restored: 1x 500g for order ORD-URVZ2WYEOP	1	2026-01-12 14:13:56	2026-01-12 14:13:56	84
122	16	\N	\N	manual_adjustment	-1.00	0.00	-1.00	\N	Manual stock decrease from 0 to -1	\N	2025-12-03 14:36:57	2025-12-03 14:36:57	\N
263	63	\N	88	order_deleted	1000.00	4000.00	5000.00	ORD-URVZ2WYEOP	Unified stock restored: 1x 1000g for order ORD-URVZ2WYEOP	1	2026-01-12 14:13:56	2026-01-12 14:13:56	129
124	16	\N	\N	manual_adjustment	-1.00	-1.00	-2.00	\N	Manual stock decrease from -1 to -2	\N	2025-12-03 14:36:57	2025-12-03 14:36:57	\N
264	57	\N	87	order_deleted	250.00	20250.00	20500.00	ORD-ZAYO5IIRC7	Unified stock restored: 1x 250g for order ORD-ZAYO5IIRC7	1	2026-01-12 14:13:56	2026-01-12 14:13:56	79
126	53	\N	\N	purchase	500.00	0.00	500.00	\N	Initial stock when product was created	1	2025-12-05 15:46:10	2025-12-05 15:46:10	\N
127	53	\N	\N	expired	-500.00	500.00	0.00	\N	Product deleted - stock removed	1	2025-12-08 16:55:13	2025-12-08 16:55:13	\N
128	5	\N	\N	expired	-997.00	997.00	0.00	\N	Product deleted - stock removed	1	2025-12-08 20:12:00	2025-12-08 20:12:00	\N
129	3	\N	\N	expired	-1000.00	1000.00	0.00	\N	Product deleted - stock removed	1	2025-12-08 20:12:00	2025-12-08 20:12:00	\N
130	2	\N	\N	expired	-999.00	999.00	0.00	\N	Product deleted - stock removed	1	2025-12-08 20:12:00	2025-12-08 20:12:00	\N
265	56	\N	87	order_deleted	1000.00	8750.00	9750.00	ORD-ZAYO5IIRC7	Unified stock restored: 2x 500g for order ORD-ZAYO5IIRC7	1	2026-01-12 14:13:56	2026-01-12 14:13:56	70
266	57	\N	87	order_deleted	1000.00	20500.00	21500.00	ORD-ZAYO5IIRC7	Unified stock restored: 2x 500g for order ORD-ZAYO5IIRC7	1	2026-01-12 14:13:56	2026-01-12 14:13:56	80
133	57	\N	75	order_created	-2000.00	9000.00	7000.00	TEST-OFFER-3FD906EF	Unified stock deducted: 2x 1000g for order TEST-OFFER-3FD906EF	\N	2025-12-09 00:50:07	2025-12-09 00:50:07	81
134	58	\N	75	order_created	-2000.00	10000.00	8000.00	TEST-OFFER-3FD906EF	Unified stock deducted: 2x 1000g for order TEST-OFFER-3FD906EF	\N	2025-12-09 00:50:07	2025-12-09 00:50:07	85
135	59	\N	75	order_created	-1000.00	10000.00	9000.00	TEST-OFFER-3FD906EF	Unified stock deducted: 1x 1000g for order TEST-OFFER-3FD906EF	\N	2025-12-09 00:50:07	2025-12-09 00:50:07	89
267	59	\N	87	order_deleted	250.00	5250.00	5500.00	ORD-ZAYO5IIRC7	Unified stock restored: 1x 250g for order ORD-ZAYO5IIRC7	1	2026-01-12 14:13:56	2026-01-12 14:13:56	91
137	57	\N	75	order_deleted	2000.00	7000.00	9000.00	TEST-OFFER-3FD906EF	Unified stock restored: 2x 1000g for order TEST-OFFER-3FD906EF	\N	2025-12-09 00:56:25	2025-12-09 00:56:25	81
138	58	\N	75	order_deleted	2000.00	8000.00	10000.00	TEST-OFFER-3FD906EF	Unified stock restored: 2x 1000g for order TEST-OFFER-3FD906EF	\N	2025-12-09 00:56:25	2025-12-09 00:56:25	85
139	59	\N	75	order_deleted	1000.00	9000.00	10000.00	TEST-OFFER-3FD906EF	Unified stock restored: 1x 1000g for order TEST-OFFER-3FD906EF	\N	2025-12-09 00:56:25	2025-12-09 00:56:25	89
268	59	\N	87	order_deleted	1000.00	5500.00	6500.00	ORD-ZAYO5IIRC7	Unified stock restored: 1x 1000g for order ORD-ZAYO5IIRC7	1	2026-01-12 14:13:56	2026-01-12 14:13:56	95
269	57	\N	86	order_deleted	500.00	21500.00	22000.00	ORD-86PARGLY5D	Unified stock restored: 1x 500g for order ORD-86PARGLY5D	1	2026-01-12 14:13:56	2026-01-12 14:13:56	80
270	56	\N	86	order_deleted	250.00	9750.00	10000.00	ORD-86PARGLY5D	Unified stock restored: 1x 250g for order ORD-86PARGLY5D	1	2026-01-12 14:13:56	2026-01-12 14:13:56	69
271	59	\N	86	order_deleted	500.00	6500.00	7000.00	ORD-86PARGLY5D	Unified stock restored: 1x 500g for order ORD-86PARGLY5D	1	2026-01-12 14:13:56	2026-01-12 14:13:56	93
105	13	\N	\N	order_deleted	1000.00	6750.00	7750.00	ORD-692F9B101B9EE	Unified stock restored: 1x 1000g for order ORD-692F9B101B9EE	1	2025-12-03 02:32:10	2025-12-03 02:32:10	14
106	2	\N	\N	order_deleted	500.00	94500.00	95000.00	ORD-JUM83RHVL8	Unified stock restored: 2x 250g for order ORD-JUM83RHVL8	1	2025-12-03 02:32:10	2025-12-03 02:32:10	30
103	2	\N	\N	order_deleted	500.00	93500.00	94000.00	ORD-NLL2I6J53K	Unified stock restored: 2x 250g for order ORD-NLL2I6J53K	1	2025-12-03 02:32:10	2025-12-03 02:32:10	30
104	2	\N	\N	order_deleted	500.00	94000.00	94500.00	ORD-CQXJWMNB5I	Unified stock restored: 2x 250g for order ORD-CQXJWMNB5I	1	2025-12-03 02:32:10	2025-12-03 02:32:10	30
228	\N	4	82	order_deleted	1.00	99.00	100.00	TEST-1765245574	Offer stock restored for order TEST-1765245574	\N	2025-12-09 02:01:03	2025-12-09 02:01:03	\N
229	57	\N	82	order_deleted	2000.00	1000.00	3000.00	TEST-1765245574	Unified stock restored: 2x 1000g for order TEST-1765245574	\N	2025-12-09 02:01:03	2025-12-09 02:01:03	81
230	58	\N	82	order_deleted	2000.00	2000.00	4000.00	TEST-1765245574	Unified stock restored: 2x 1000g for order TEST-1765245574	\N	2025-12-09 02:01:03	2025-12-09 02:01:03	85
231	59	\N	82	order_deleted	1000.00	6000.00	7000.00	TEST-1765245574	Unified stock restored: 1x 1000g for order TEST-1765245574	\N	2025-12-09 02:01:03	2025-12-09 02:01:03	89
250	57	\N	88	order_created	-250.00	1250.00	1000.00	ORD-URVZ2WYEOP	Unified stock deducted: 1x 250g for order ORD-URVZ2WYEOP	\N	2025-12-10 20:28:21	2025-12-10 20:28:21	79
251	59	\N	88	order_created	-250.00	5250.00	5000.00	ORD-URVZ2WYEOP	Unified stock deducted: 1x 250g for order ORD-URVZ2WYEOP	\N	2025-12-10 20:28:21	2025-12-10 20:28:21	87
252	56	\N	88	order_created	-500.00	8750.00	8250.00	ORD-URVZ2WYEOP	Unified stock deducted: 1x 500g for order ORD-URVZ2WYEOP	\N	2025-12-10 20:28:21	2025-12-10 20:28:21	70
253	56	\N	88	order_created	-250.00	8250.00	8000.00	ORD-URVZ2WYEOP	Unified stock deducted: 1x 250g for order ORD-URVZ2WYEOP	\N	2025-12-10 20:28:21	2025-12-10 20:28:21	69
254	58	\N	88	order_created	-500.00	3500.00	3000.00	ORD-URVZ2WYEOP	Unified stock deducted: 1x 500g for order ORD-URVZ2WYEOP	\N	2025-12-10 20:28:21	2025-12-10 20:28:21	84
255	63	\N	88	order_created	-1000.00	5000.00	4000.00	ORD-URVZ2WYEOP	Unified stock deducted: 1x 1000g for order ORD-URVZ2WYEOP	\N	2025-12-10 20:28:21	2025-12-10 20:28:21	129
272	58	\N	86	order_deleted	500.00	3500.00	4000.00	ORD-86PARGLY5D	Unified stock restored: 1x 500g for order ORD-86PARGLY5D	1	2026-01-12 14:13:56	2026-01-12 14:13:56	84
273	\N	3	85	order_deleted	1.00	99.00	100.00	ORD-693799A9BB42C	Offer stock restored for order ORD-693799A9BB42C	1	2026-01-12 14:13:56	2026-01-12 14:13:56	\N
274	54	\N	85	order_deleted	1000.00	10000.00	11000.00	ORD-693799A9BB42C	Unified stock restored: 1x 1000g for order ORD-693799A9BB42C	1	2026-01-12 14:13:56	2026-01-12 14:13:56	67
275	56	\N	85	order_deleted	1000.00	10000.00	11000.00	ORD-693799A9BB42C	Unified stock restored: 1x 1000g for order ORD-693799A9BB42C	1	2026-01-12 14:13:56	2026-01-12 14:13:56	71
276	54	\N	85	order_deleted	750.00	11000.00	11750.00	ORD-693799A9BB42C	Unified stock restored: 3x 250g for order ORD-693799A9BB42C	1	2026-01-12 14:13:56	2026-01-12 14:13:56	65
277	56	\N	85	order_deleted	1000.00	11000.00	12000.00	ORD-693799A9BB42C	Unified stock restored: 1x 1000g for order ORD-693799A9BB42C	1	2026-01-12 14:13:56	2026-01-12 14:13:56	71
185	57	\N	\N	order_created	-2000.00	3000.00	1000.00	ORD-YADWOBLB7P	Unified stock deducted: 2x 1000g for order ORD-YADWOBLB7P	\N	2025-12-09 01:43:49	2025-12-09 01:43:49	81
186	58	\N	\N	order_created	-2000.00	4000.00	2000.00	ORD-YADWOBLB7P	Unified stock deducted: 2x 1000g for order ORD-YADWOBLB7P	\N	2025-12-09 01:43:49	2025-12-09 01:43:49	85
187	59	\N	\N	order_created	-1000.00	7000.00	6000.00	ORD-YADWOBLB7P	Unified stock deducted: 1x 1000g for order ORD-YADWOBLB7P	\N	2025-12-09 01:43:49	2025-12-09 01:43:49	89
189	57	\N	\N	order_cancelled	2000.00	1000.00	3000.00	ORD-YADWOBLB7P	Unified stock restored: 2x 1000g for order ORD-YADWOBLB7P	\N	2025-12-09 01:43:50	2025-12-09 01:43:50	81
190	58	\N	\N	order_cancelled	2000.00	2000.00	4000.00	ORD-YADWOBLB7P	Unified stock restored: 2x 1000g for order ORD-YADWOBLB7P	\N	2025-12-09 01:43:50	2025-12-09 01:43:50	85
191	59	\N	\N	order_cancelled	1000.00	6000.00	7000.00	ORD-YADWOBLB7P	Unified stock restored: 1x 1000g for order ORD-YADWOBLB7P	\N	2025-12-09 01:43:50	2025-12-09 01:43:50	89
193	57	\N	\N	order_created	-2000.00	3000.00	1000.00	ORD-YADWOBLB7P	Unified stock deducted: 2x 1000g for order ORD-YADWOBLB7P	\N	2025-12-09 01:43:51	2025-12-09 01:43:51	81
150	58	\N	\N	order_created	-2000.00	10000.00	8000.00	ORD-MBABGPROTZ	Unified stock deducted: 2x 1000g for order ORD-MBABGPROTZ	\N	2025-12-09 00:59:36	2025-12-09 00:59:36	85
151	59	\N	\N	order_created	-1000.00	10000.00	9000.00	ORD-MBABGPROTZ	Unified stock deducted: 1x 1000g for order ORD-MBABGPROTZ	\N	2025-12-09 00:59:36	2025-12-09 00:59:36	89
153	57	\N	\N	order_returned	2000.00	7000.00	9000.00	ORD-MBABGPROTZ	Unified stock restored: 2x 1000g for order ORD-MBABGPROTZ	\N	2025-12-09 00:59:37	2025-12-09 00:59:37	81
154	58	\N	\N	order_returned	2000.00	8000.00	10000.00	ORD-MBABGPROTZ	Unified stock restored: 2x 1000g for order ORD-MBABGPROTZ	\N	2025-12-09 00:59:37	2025-12-09 00:59:37	85
155	59	\N	\N	order_returned	1000.00	9000.00	10000.00	ORD-MBABGPROTZ	Unified stock restored: 1x 1000g for order ORD-MBABGPROTZ	\N	2025-12-09 00:59:37	2025-12-09 00:59:37	89
157	57	\N	\N	order_created	-2000.00	9000.00	7000.00	ORD-VCFJUPQX3T	Unified stock deducted: 2x 1000g for order ORD-VCFJUPQX3T	\N	2025-12-09 01:39:18	2025-12-09 01:39:18	81
158	58	\N	\N	order_created	-2000.00	10000.00	8000.00	ORD-VCFJUPQX3T	Unified stock deducted: 2x 1000g for order ORD-VCFJUPQX3T	\N	2025-12-09 01:39:18	2025-12-09 01:39:18	85
159	59	\N	\N	order_created	-1000.00	10000.00	9000.00	ORD-VCFJUPQX3T	Unified stock deducted: 1x 1000g for order ORD-VCFJUPQX3T	\N	2025-12-09 01:39:18	2025-12-09 01:39:18	89
161	57	\N	\N	order_created	-2000.00	7000.00	5000.00	ORD-VBOPHJRYG5	Unified stock deducted: 2x 1000g for order ORD-VBOPHJRYG5	\N	2025-12-09 01:43:08	2025-12-09 01:43:08	81
162	58	\N	\N	order_created	-2000.00	8000.00	6000.00	ORD-VBOPHJRYG5	Unified stock deducted: 2x 1000g for order ORD-VBOPHJRYG5	\N	2025-12-09 01:43:08	2025-12-09 01:43:08	85
163	59	\N	\N	order_created	-1000.00	9000.00	8000.00	ORD-VBOPHJRYG5	Unified stock deducted: 1x 1000g for order ORD-VBOPHJRYG5	\N	2025-12-09 01:43:08	2025-12-09 01:43:08	89
165	57	\N	\N	order_cancelled	2000.00	5000.00	7000.00	ORD-VBOPHJRYG5	Unified stock restored: 2x 1000g for order ORD-VBOPHJRYG5	\N	2025-12-09 01:43:09	2025-12-09 01:43:09	81
166	58	\N	\N	order_cancelled	2000.00	6000.00	8000.00	ORD-VBOPHJRYG5	Unified stock restored: 2x 1000g for order ORD-VBOPHJRYG5	\N	2025-12-09 01:43:09	2025-12-09 01:43:09	85
167	59	\N	\N	order_cancelled	1000.00	8000.00	9000.00	ORD-VBOPHJRYG5	Unified stock restored: 1x 1000g for order ORD-VBOPHJRYG5	\N	2025-12-09 01:43:09	2025-12-09 01:43:09	89
169	57	\N	\N	order_created	-2000.00	7000.00	5000.00	ORD-VBOPHJRYG5	Unified stock deducted: 2x 1000g for order ORD-VBOPHJRYG5	\N	2025-12-09 01:43:10	2025-12-09 01:43:10	81
170	58	\N	\N	order_created	-2000.00	8000.00	6000.00	ORD-VBOPHJRYG5	Unified stock deducted: 2x 1000g for order ORD-VBOPHJRYG5	\N	2025-12-09 01:43:10	2025-12-09 01:43:10	85
171	59	\N	\N	order_created	-1000.00	9000.00	8000.00	ORD-VBOPHJRYG5	Unified stock deducted: 1x 1000g for order ORD-VBOPHJRYG5	\N	2025-12-09 01:43:10	2025-12-09 01:43:10	89
232	\N	4	84	order_created	-1.00	100.00	99.00	ORD-6937966358625	Offer stock deducted for order ORD-6937966358625	1	2025-12-09 03:24:35	2025-12-09 03:24:35	\N
233	57	\N	84	order_created	-2000.00	3000.00	1000.00	ORD-6937966358625	Unified stock deducted: 2x 1000g for order ORD-6937966358625	1	2025-12-09 03:24:35	2025-12-09 03:24:35	81
234	58	\N	84	order_created	-2000.00	4000.00	2000.00	ORD-6937966358625	Unified stock deducted: 2x 1000g for order ORD-6937966358625	1	2025-12-09 03:24:35	2025-12-09 03:24:35	85
235	59	\N	84	order_created	-1000.00	7000.00	6000.00	ORD-6937966358625	Unified stock deducted: 1x 1000g for order ORD-6937966358625	1	2025-12-09 03:24:35	2025-12-09 03:24:35	89
173	57	\N	\N	order_created	-2000.00	5000.00	3000.00	ORD-SKMSYQVDGC	Unified stock deducted: 2x 1000g for order ORD-SKMSYQVDGC	\N	2025-12-09 01:43:35	2025-12-09 01:43:35	81
174	58	\N	\N	order_created	-2000.00	6000.00	4000.00	ORD-SKMSYQVDGC	Unified stock deducted: 2x 1000g for order ORD-SKMSYQVDGC	\N	2025-12-09 01:43:35	2025-12-09 01:43:35	85
175	59	\N	\N	order_created	-1000.00	8000.00	7000.00	ORD-SKMSYQVDGC	Unified stock deducted: 1x 1000g for order ORD-SKMSYQVDGC	\N	2025-12-09 01:43:35	2025-12-09 01:43:35	89
177	57	\N	\N	order_cancelled	2000.00	3000.00	5000.00	ORD-SKMSYQVDGC	Unified stock restored: 2x 1000g for order ORD-SKMSYQVDGC	\N	2025-12-09 01:43:36	2025-12-09 01:43:36	81
178	58	\N	\N	order_cancelled	2000.00	4000.00	6000.00	ORD-SKMSYQVDGC	Unified stock restored: 2x 1000g for order ORD-SKMSYQVDGC	\N	2025-12-09 01:43:36	2025-12-09 01:43:36	85
179	59	\N	\N	order_cancelled	1000.00	7000.00	8000.00	ORD-SKMSYQVDGC	Unified stock restored: 1x 1000g for order ORD-SKMSYQVDGC	\N	2025-12-09 01:43:36	2025-12-09 01:43:36	89
181	57	\N	\N	order_created	-2000.00	5000.00	3000.00	ORD-SKMSYQVDGC	Unified stock deducted: 2x 1000g for order ORD-SKMSYQVDGC	\N	2025-12-09 01:43:37	2025-12-09 01:43:37	81
182	58	\N	\N	order_created	-2000.00	6000.00	4000.00	ORD-SKMSYQVDGC	Unified stock deducted: 2x 1000g for order ORD-SKMSYQVDGC	\N	2025-12-09 01:43:37	2025-12-09 01:43:37	85
183	59	\N	\N	order_created	-1000.00	8000.00	7000.00	ORD-SKMSYQVDGC	Unified stock deducted: 1x 1000g for order ORD-SKMSYQVDGC	\N	2025-12-09 01:43:37	2025-12-09 01:43:37	89
197	57	\N	\N	order_deleted	2000.00	1000.00	3000.00	ORD-SKMSYQVDGC	Unified stock restored: 2x 1000g for order ORD-SKMSYQVDGC	\N	2025-12-09 01:44:11	2025-12-09 01:44:11	81
198	58	\N	\N	order_deleted	2000.00	2000.00	4000.00	ORD-SKMSYQVDGC	Unified stock restored: 2x 1000g for order ORD-SKMSYQVDGC	\N	2025-12-09 01:44:11	2025-12-09 01:44:11	85
199	59	\N	\N	order_deleted	1000.00	6000.00	7000.00	ORD-SKMSYQVDGC	Unified stock restored: 1x 1000g for order ORD-SKMSYQVDGC	\N	2025-12-09 01:44:11	2025-12-09 01:44:11	89
194	58	\N	\N	order_created	-2000.00	4000.00	2000.00	ORD-YADWOBLB7P	Unified stock deducted: 2x 1000g for order ORD-YADWOBLB7P	\N	2025-12-09 01:43:51	2025-12-09 01:43:51	85
195	59	\N	\N	order_created	-1000.00	7000.00	6000.00	ORD-YADWOBLB7P	Unified stock deducted: 1x 1000g for order ORD-YADWOBLB7P	\N	2025-12-09 01:43:51	2025-12-09 01:43:51	89
201	57	\N	\N	order_deleted	2000.00	3000.00	5000.00	ORD-YADWOBLB7P	Unified stock restored: 2x 1000g for order ORD-YADWOBLB7P	\N	2025-12-09 01:44:11	2025-12-09 01:44:11	81
202	58	\N	\N	order_deleted	2000.00	4000.00	6000.00	ORD-YADWOBLB7P	Unified stock restored: 2x 1000g for order ORD-YADWOBLB7P	\N	2025-12-09 01:44:11	2025-12-09 01:44:11	85
203	59	\N	\N	order_deleted	1000.00	7000.00	8000.00	ORD-YADWOBLB7P	Unified stock restored: 1x 1000g for order ORD-YADWOBLB7P	\N	2025-12-09 01:44:11	2025-12-09 01:44:11	89
74	2	\N	\N	order_created	-500.00	99000.00	98500.00	ORD-69239EA9F2A03	Unified stock deducted: 1x 500g for order ORD-69239EA9F2A03	1	2025-11-23 23:55:14	2025-11-23 23:55:14	28
9	13	\N	\N	order_returned	250.00	9750.00	10000.00	ORD-69225BB958F49	Unified stock restored: 1x 250.00g for order ORD-69225BB958F49	1	2025-11-23 00:59:30	2025-11-23 00:59:30	14
33	2	\N	\N	order_created	-1000.00	100000.00	99000.00	ORD-69237C3D79562	Unified stock deducted: 1x g for order ORD-69237C3D79562	\N	2025-11-23 21:57:32	2025-11-23 21:57:32	25
20	16	\N	\N	order_created	-1000.00	12000.00	11000.00	ORD-692377658109A	Unified stock deducted: 1x 1000.00g for order ORD-692377658109A	1	2025-11-23 21:07:13	2025-11-23 21:07:13	22
18	13	\N	\N	order_created	-250.00	10500.00	10250.00	ORD-69236F0FE7D06	Unified stock deducted: 1x 250.00g for order ORD-69236F0FE7D06	1	2025-11-23 20:35:55	2025-11-23 20:35:55	14
19	13	\N	\N	order_created	-500.00	10250.00	9750.00	ORD-69236F0FE7D06	Unified stock deducted: 2x 250.00g for order ORD-69236F0FE7D06	1	2025-11-23 20:35:55	2025-11-23 20:35:55	14
16	13	\N	\N	order_created	-250.00	10500.00	10250.00	ORD-69226805339B0	Unified stock deducted: 1x 250.00g for order ORD-69226805339B0	1	2025-11-23 01:49:14	2025-11-23 01:49:14	14
17	13	\N	\N	order_cancelled	250.00	10250.00	10500.00	ORD-69226805339B0	Unified stock restored: 1x 250.00g for order ORD-69226805339B0	1	2025-11-23 01:50:00	2025-11-23 01:50:00	14
14	13	\N	\N	order_created	-250.00	10500.00	10250.00	ORD-69226695D675D	Unified stock deducted: 1x 250.00g for order ORD-69226695D675D	1	2025-11-23 01:43:35	2025-11-23 01:43:35	14
15	13	\N	\N	order_cancelled	250.00	10250.00	10500.00	ORD-69226695D675D	Unified stock restored: 1x 250.00g for order ORD-69226695D675D	1	2025-11-23 01:44:03	2025-11-23 01:44:03	14
11	13	\N	\N	order_created	-500.00	11000.00	10500.00	ORD-692265A300C04	Unified stock deducted: 2x 250.00g for order ORD-692265A300C04	1	2025-11-23 01:39:36	2025-11-23 01:39:36	14
12	13	\N	\N	order_cancelled	500.00	10500.00	11000.00	ORD-692265A300C04	Unified stock restored: 2x 250.00g for order ORD-692265A300C04	1	2025-11-23 01:40:09	2025-11-23 01:40:09	14
13	13	\N	\N	order_created	-500.00	11000.00	10500.00	ORD-692265A300C04	Unified stock deducted: 2x 250.00g for order ORD-692265A300C04	1	2025-11-23 01:40:20	2025-11-23 01:40:20	14
78	2	\N	\N	order_created	-1000.00	98500.00	97500.00	ORD-6927A5443F039	Unified stock deducted: 1x 1000g for order ORD-6927A5443F039	1	2025-11-27 01:12:10	2025-11-27 01:12:10	23
79	2	\N	\N	order_created	-2000.00	97500.00	95500.00	ORD-6927A6A2DFA8C	Unified stock deducted: 2x 1000g for order ORD-6927A6A2DFA8C	1	2025-11-27 01:18:13	2025-11-27 01:18:13	23
87	2	\N	\N	order_created	-250.00	93500.00	93250.00	ORD-X8DX4EYWQM	Unified stock deducted: 1x 250g for order ORD-X8DX4EYWQM	\N	2025-12-03 02:10:04	2025-12-03 02:10:04	30
102	2	\N	\N	order_deleted	250.00	93250.00	93500.00	ORD-X8DX4EYWQM	Unified stock restored: 1x 250g for order ORD-X8DX4EYWQM	1	2025-12-03 02:32:10	2025-12-03 02:32:10	30
84	13	\N	\N	order_created	-1000.00	7750.00	6750.00	ORD-692F9B101B9EE	Unified stock deducted: 1x 1000g for order ORD-692F9B101B9EE	1	2025-12-03 02:06:41	2025-12-03 02:06:41	14
80	13	\N	\N	order_created	-1000.00	9750.00	8750.00	ORD-6927A9082D317	Unified stock deducted: 1x 1000g for order ORD-6927A9082D317	1	2025-11-27 01:28:27	2025-11-27 01:28:27	14
81	13	\N	\N	order_created	-1000.00	8750.00	7750.00	ORD-6927A9082D317	Unified stock deducted: 1x 1000g for order ORD-6927A9082D317	1	2025-11-27 01:28:27	2025-11-27 01:28:27	14
83	2	\N	\N	order_created	-500.00	95000.00	94500.00	ORD-JUM83RHVL8	Unified stock deducted: 2x 250g for order ORD-JUM83RHVL8	\N	2025-12-03 01:58:26	2025-12-03 01:58:26	30
92	2	\N	\N	order_created	-500.00	92500.00	92000.00	ORD-RZTLYAU0NV	Unified stock deducted: 2x 250g for order ORD-RZTLYAU0NV	\N	2025-12-03 02:28:31	2025-12-03 02:28:31	30
94	5	\N	\N	order_created	-1.00	999.00	998.00	ORD-RZTLYAU0NV	Stock deducted for order ORD-RZTLYAU0NV	\N	2025-12-03 02:28:31	2025-12-03 02:28:31	\N
95	2	\N	\N	order_deleted	500.00	92000.00	92500.00	ORD-RZTLYAU0NV	Unified stock restored: 2x 250g for order ORD-RZTLYAU0NV	1	2025-12-03 02:32:10	2025-12-03 02:32:10	30
97	5	\N	\N	order_deleted	1.00	998.00	999.00	ORD-RZTLYAU0NV	Stock restored for order ORD-RZTLYAU0NV	1	2025-12-03 02:32:10	2025-12-03 02:32:10	\N
89	2	\N	\N	order_created	-500.00	93000.00	92500.00	ORD-YWLS4U4ENC	Unified stock deducted: 2x 250g for order ORD-YWLS4U4ENC	\N	2025-12-03 02:23:16	2025-12-03 02:23:16	30
91	5	\N	\N	order_created	-1.00	1000.00	999.00	ORD-YWLS4U4ENC	Stock deducted for order ORD-YWLS4U4ENC	\N	2025-12-03 02:23:16	2025-12-03 02:23:16	\N
98	2	\N	\N	order_deleted	500.00	92500.00	93000.00	ORD-YWLS4U4ENC	Unified stock restored: 2x 250g for order ORD-YWLS4U4ENC	1	2025-12-03 02:32:10	2025-12-03 02:32:10	30
100	5	\N	\N	order_deleted	1.00	999.00	1000.00	ORD-YWLS4U4ENC	Stock restored for order ORD-YWLS4U4ENC	1	2025-12-03 02:32:10	2025-12-03 02:32:10	\N
86	2	\N	\N	order_created	-500.00	94000.00	93500.00	ORD-NLL2I6J53K	Unified stock deducted: 2x 250g for order ORD-NLL2I6J53K	\N	2025-12-03 02:08:53	2025-12-03 02:08:53	30
88	2	\N	\N	order_created	-250.00	93250.00	93000.00	ORD-YXSFKEERGJ	Unified stock deducted: 1x 250g for order ORD-YXSFKEERGJ	\N	2025-12-03 02:11:28	2025-12-03 02:11:28	30
101	2	\N	\N	order_deleted	250.00	93000.00	93250.00	ORD-YXSFKEERGJ	Unified stock restored: 1x 250g for order ORD-YXSFKEERGJ	1	2025-12-03 02:32:10	2025-12-03 02:32:10	30
85	2	\N	\N	order_created	-500.00	94500.00	94000.00	ORD-CQXJWMNB5I	Unified stock deducted: 2x 250g for order ORD-CQXJWMNB5I	\N	2025-12-03 02:08:29	2025-12-03 02:08:29	30
82	2	\N	\N	order_created	-500.00	95500.00	95000.00	ORD-WLUMQVGHNE	Unified stock deducted: 2x 250g for order ORD-WLUMQVGHNE	\N	2025-12-03 01:57:22	2025-12-03 01:57:22	30
107	2	\N	\N	order_deleted	500.00	95000.00	95500.00	ORD-WLUMQVGHNE	Unified stock restored: 2x 250g for order ORD-WLUMQVGHNE	1	2025-12-03 02:32:10	2025-12-03 02:32:10	30
119	2	\N	\N	order_created	-1.00	1000.00	999.00	ORD-JJGXIVJDLV	Stock deducted for order ORD-JJGXIVJDLV	\N	2025-12-03 03:58:28	2025-12-03 03:58:28	\N
121	13	\N	\N	order_created	-1.00	0.00	-1.00	ORD-JJGXIVJDLV	Stock deducted for order ORD-JJGXIVJDLV	\N	2025-12-03 03:58:28	2025-12-03 03:58:28	\N
115	2	\N	\N	order_created	-500.00	94250.00	93750.00	ORD-677U4GNBAD	Unified stock deducted: 2x 250g for order ORD-677U4GNBAD	\N	2025-12-03 03:28:45	2025-12-03 03:28:45	30
117	5	\N	\N	order_created	-1.00	998.00	997.00	ORD-677U4GNBAD	Stock deducted for order ORD-677U4GNBAD	\N	2025-12-03 03:28:45	2025-12-03 03:28:45	\N
114	2	\N	\N	order_created	-250.00	94500.00	94250.00	ORD-8WKUKFJNZ7	Unified stock deducted: 1x 250g for order ORD-8WKUKFJNZ7	\N	2025-12-03 02:49:00	2025-12-03 02:49:00	30
111	2	\N	\N	order_created	-500.00	95000.00	94500.00	ORD-7JAD0ZFKU6	Unified stock deducted: 2x 250g for order ORD-7JAD0ZFKU6	\N	2025-12-03 02:37:19	2025-12-03 02:37:19	30
113	5	\N	\N	order_created	-1.00	999.00	998.00	ORD-7JAD0ZFKU6	Stock deducted for order ORD-7JAD0ZFKU6	\N	2025-12-03 02:37:19	2025-12-03 02:37:19	\N
108	2	\N	\N	order_created	-500.00	95500.00	95000.00	ORD-NHUZYPQLEZ	Unified stock deducted: 2x 250g for order ORD-NHUZYPQLEZ	\N	2025-12-03 02:35:18	2025-12-03 02:35:18	30
110	5	\N	\N	order_created	-1.00	1000.00	999.00	ORD-NHUZYPQLEZ	Stock deducted for order ORD-NHUZYPQLEZ	\N	2025-12-03 02:35:18	2025-12-03 02:35:18	\N
131	57	\N	\N	order_created	-1000.00	10000.00	9000.00	ORD-693761AC77950	Unified stock deducted: 1x 1000g for order ORD-693761AC77950	1	2025-12-08 23:39:46	2025-12-08 23:39:46	81
77	7	\N	\N	order_created	-2500.00	10000.00	7500.00	ORD-6927A2DF32470	Unified stock deducted: 10x 250g for order ORD-6927A2DF32470	1	2025-11-27 01:04:05	2025-11-27 01:04:05	1
123	16	\N	\N	order_created	-1.00	0.00	-1.00	ORD-U3PCY8RHE6	Stock deducted for order ORD-U3PCY8RHE6	\N	2025-12-03 14:36:57	2025-12-03 14:36:57	\N
125	16	\N	\N	order_created	-1.00	-1.00	-2.00	ORD-U3PCY8RHE6	Stock deducted for order ORD-U3PCY8RHE6	\N	2025-12-03 14:36:57	2025-12-03 14:36:57	\N
10	13	\N	\N	order_cancelled	1000.00	10000.00	11000.00	ORD-692260FA7B5FB	Unified stock restored: 4x 250.00g for order ORD-692260FA7B5FB	1	2025-11-23 01:22:47	2025-11-23 01:22:47	14
141	57	\N	\N	order_created	-2000.00	9000.00	7000.00	ORD-MBABGPROTZ	Unified stock deducted: 2x 1000g for order ORD-MBABGPROTZ	\N	2025-12-09 00:57:05	2025-12-09 00:57:05	81
142	58	\N	\N	order_created	-2000.00	10000.00	8000.00	ORD-MBABGPROTZ	Unified stock deducted: 2x 1000g for order ORD-MBABGPROTZ	\N	2025-12-09 00:57:05	2025-12-09 00:57:05	85
143	59	\N	\N	order_created	-1000.00	10000.00	9000.00	ORD-MBABGPROTZ	Unified stock deducted: 1x 1000g for order ORD-MBABGPROTZ	\N	2025-12-09 00:57:05	2025-12-09 00:57:05	89
145	57	\N	\N	order_cancelled	2000.00	7000.00	9000.00	ORD-MBABGPROTZ	Unified stock restored: 2x 1000g for order ORD-MBABGPROTZ	\N	2025-12-09 00:59:36	2025-12-09 00:59:36	81
146	58	\N	\N	order_cancelled	2000.00	8000.00	10000.00	ORD-MBABGPROTZ	Unified stock restored: 2x 1000g for order ORD-MBABGPROTZ	\N	2025-12-09 00:59:36	2025-12-09 00:59:36	85
147	59	\N	\N	order_cancelled	1000.00	9000.00	10000.00	ORD-MBABGPROTZ	Unified stock restored: 1x 1000g for order ORD-MBABGPROTZ	\N	2025-12-09 00:59:36	2025-12-09 00:59:36	89
149	57	\N	\N	order_created	-2000.00	9000.00	7000.00	ORD-MBABGPROTZ	Unified stock deducted: 2x 1000g for order ORD-MBABGPROTZ	\N	2025-12-09 00:59:36	2025-12-09 00:59:36	81
236	\N	4	84	order_deleted	1.00	99.00	100.00	ORD-6937966358625	Offer stock restored for order ORD-6937966358625	1	2025-12-09 03:25:39	2025-12-09 03:25:39	\N
205	57	\N	\N	order_created	-2000.00	5000.00	3000.00	ORD-M125BD81DW	Unified stock deducted: 2x 1000g for order ORD-M125BD81DW	\N	2025-12-09 01:44:29	2025-12-09 01:44:29	81
206	58	\N	\N	order_created	-2000.00	6000.00	4000.00	ORD-M125BD81DW	Unified stock deducted: 2x 1000g for order ORD-M125BD81DW	\N	2025-12-09 01:44:29	2025-12-09 01:44:29	85
207	59	\N	\N	order_created	-1000.00	8000.00	7000.00	ORD-M125BD81DW	Unified stock deducted: 1x 1000g for order ORD-M125BD81DW	\N	2025-12-09 01:44:29	2025-12-09 01:44:29	89
237	57	\N	84	order_deleted	2000.00	1000.00	3000.00	ORD-6937966358625	Unified stock restored: 2x 1000g for order ORD-6937966358625	1	2025-12-09 03:25:39	2025-12-09 03:25:39	81
209	57	\N	\N	order_cancelled	2000.00	3000.00	5000.00	ORD-M125BD81DW	Unified stock restored: 2x 1000g for order ORD-M125BD81DW	\N	2025-12-09 01:44:30	2025-12-09 01:44:30	81
210	58	\N	\N	order_cancelled	2000.00	4000.00	6000.00	ORD-M125BD81DW	Unified stock restored: 2x 1000g for order ORD-M125BD81DW	\N	2025-12-09 01:44:30	2025-12-09 01:44:30	85
211	59	\N	\N	order_cancelled	1000.00	7000.00	8000.00	ORD-M125BD81DW	Unified stock restored: 1x 1000g for order ORD-M125BD81DW	\N	2025-12-09 01:44:30	2025-12-09 01:44:30	89
238	58	\N	84	order_deleted	2000.00	2000.00	4000.00	ORD-6937966358625	Unified stock restored: 2x 1000g for order ORD-6937966358625	1	2025-12-09 03:25:39	2025-12-09 03:25:39	85
213	57	\N	\N	order_created	-2000.00	5000.00	3000.00	ORD-M125BD81DW	Unified stock deducted: 2x 1000g for order ORD-M125BD81DW	\N	2025-12-09 01:44:31	2025-12-09 01:44:31	81
214	58	\N	\N	order_created	-2000.00	6000.00	4000.00	ORD-M125BD81DW	Unified stock deducted: 2x 1000g for order ORD-M125BD81DW	\N	2025-12-09 01:44:31	2025-12-09 01:44:31	85
215	59	\N	\N	order_created	-1000.00	8000.00	7000.00	ORD-M125BD81DW	Unified stock deducted: 1x 1000g for order ORD-M125BD81DW	\N	2025-12-09 01:44:31	2025-12-09 01:44:31	89
239	59	\N	84	order_deleted	1000.00	6000.00	7000.00	ORD-6937966358625	Unified stock restored: 1x 1000g for order ORD-6937966358625	1	2025-12-09 03:25:39	2025-12-09 03:25:39	89
\.


--
-- Data for Name: store_banners; Type: TABLE DATA; Schema: public; Owner: TheRoasters_Auto
--

COPY public.store_banners (id, title, title_ar, title_en, subtitle, subtitle_ar, subtitle_en, image, link_url, button_text, button_text_ar, button_text_en, order_index, is_active, start_date, end_date, created_at, updated_at) FROM stdin;
\.


--
-- Data for Name: store_colors; Type: TABLE DATA; Schema: public; Owner: TheRoasters_Auto
--

COPY public.store_colors (id, name, key, color_light, color_dark, category, description, order_index, active, created_at, updated_at) FROM stdin;
\.


--
-- Data for Name: store_navigations; Type: TABLE DATA; Schema: public; Owner: TheRoasters_Auto
--

COPY public.store_navigations (id, title, title_ar, title_en, url, type, parent_id, icon, open_new_tab, order_index, active, location, created_at, updated_at) FROM stdin;
\.


--
-- Data for Name: store_pages; Type: TABLE DATA; Schema: public; Owner: TheRoasters_Auto
--

COPY public.store_pages (id, slug, title, title_ar, title_en, content, content_ar, content_en, meta_title, meta_description, is_active, order_index, created_at, updated_at) FROM stdin;
\.


--
-- Data for Name: store_settings; Type: TABLE DATA; Schema: public; Owner: TheRoasters_Auto
--

COPY public.store_settings (id, key, value, value_ar, value_en, type, group_name, description, created_at, updated_at) FROM stdin;
1	site_name	\N	The Roasters	The Roasters	text	general	اسم المتجر	2025-12-09 14:17:29	2025-12-09 14:17:29
2	site_tagline	\N	أفضل قهوة محمصة طازجة	Best Fresh Roasted Coffee	text	general	شعار المتجر	2025-12-09 14:17:29	2025-12-09 14:17:29
3	site_domain	auto.theroasterseg.com	\N	\N	text	general	رابط المتجر	2025-12-09 14:17:29	2025-12-09 14:17:29
4	contact_email	info@theroasterseg.com	\N	\N	email	contact	البريد الإلكتروني للتواصل	2025-12-09 14:17:29	2025-12-09 14:17:29
5	contact_phone	+20 123 456 7890	\N	\N	text	contact	رقم الهاتف	2025-12-09 14:17:29	2025-12-09 14:17:29
6	contact_whatsapp	+20 123 456 7890	\N	\N	text	contact	رقم الواتساب	2025-12-09 14:17:29	2025-12-09 14:17:29
7	active_theme	modern-coffee-shop	\N	\N	text	theme	الثيم النشط	2025-12-09 14:17:29	2025-12-09 14:17:29
8	default_mode	auto	\N	\N	select	theme	الوضع الافتراضي (light/dark/auto)	2025-12-09 14:17:29	2025-12-09 14:17:29
9	default_language	ar	\N	\N	select	language	اللغة الافتراضية (ar/en)	2025-12-09 14:17:29	2025-12-09 14:17:29
10	seo_meta_title	\N	The Roasters - أفضل قهوة محمصة طازجة في مصر	The Roasters - Best Fresh Roasted Coffee in Egypt	text	seo	عنوان الصفحة الرئيسية	2025-12-09 14:17:29	2025-12-09 14:17:29
11	seo_meta_description	\N	اكتشف أفضل أنواع القهوة المحمصة الطازجة في مصر. نقدم قهوة عالية الجودة من أفضل المصادر العالمية.	Discover the best fresh roasted coffee in Egypt. We offer high-quality coffee from the finest global sources.	textarea	seo	وصف الصفحة الرئيسية	2025-12-09 14:17:29	2025-12-09 14:17:29
12	seo_meta_keywords	\N	قهوة, محمصة, طازجة, The Roasters, مصر	coffee, roasted, fresh, The Roasters, Egypt	text	seo	الكلمات المفتاحية	2025-12-09 14:17:29	2025-12-09 14:17:29
13	facebook_url	https://facebook.com/theroasters	\N	\N	url	social	رابط صفحة الفيسبوك	2025-12-09 14:17:29	2025-12-09 14:17:29
14	instagram_url	https://instagram.com/theroasters	\N	\N	url	social	رابط صفحة الإنستجرام	2025-12-09 14:17:29	2025-12-09 14:17:29
15	twitter_url	https://twitter.com/theroasters	\N	\N	url	social	رابط صفحة تويتر	2025-12-09 14:17:29	2025-12-09 14:17:29
16	tiktok_url	https://tiktok.com/@theroasters	\N	\N	url	social	رابط صفحة التيك توك	2025-12-09 14:17:29	2025-12-09 14:17:29
17	facebook_login_enabled	true	\N	\N	boolean	social_login	تفعيل تسجيل الدخول بالفيسبوك	2025-12-09 14:17:29	2025-12-09 14:17:29
18	google_login_enabled	true	\N	\N	boolean	social_login	تفعيل تسجيل الدخول بجوجل	2025-12-09 14:17:29	2025-12-09 14:17:29
19	tiktok_login_enabled	false	\N	\N	boolean	social_login	تفعيل تسجيل الدخول بالتيك توك	2025-12-09 14:17:29	2025-12-09 14:17:29
20	abandoned_cart_enabled	true	\N	\N	boolean	abandoned_cart	تفعيل متابعة السلة المهجورة	2025-12-09 14:17:29	2025-12-09 14:17:29
21	abandoned_cart_timeout	60	\N	\N	number	abandoned_cart	وقت اعتبار السلة مهجورة (بالدقائق)	2025-12-09 14:17:29	2025-12-09 14:17:29
22	abandoned_cart_email_delay	120	\N	\N	number	abandoned_cart	وقت إرسال إشعار السلة المهجورة (بالدقائق)	2025-12-09 14:17:29	2025-12-09 14:17:29
23	ai_recommendations_enabled	true	\N	\N	boolean	ai	تفعيل التوصيات الذكية للمنتجات	2025-12-09 14:17:29	2025-12-09 14:17:29
24	related_products_count	4	\N	\N	number	products	عدد المنتجات المقترحة المعروضة	2025-12-09 14:17:29	2025-12-09 14:17:29
25	reviews_enabled	true	\N	\N	boolean	reviews	تفعيل مراجعات المنتجات	2025-12-09 14:17:29	2025-12-09 14:17:29
26	reviews_auto_approve	false	\N	\N	boolean	reviews	الموافقة التلقائية على المراجعات	2025-12-09 14:17:29	2025-12-09 14:17:29
27	recaptcha_enabled	true	\N	\N	boolean	security	تفعيل Google reCAPTCHA	2025-12-09 14:17:29	2025-12-09 14:17:29
28	recaptcha_site_key		\N	\N	text	security	Site Key من Google reCAPTCHA	2025-12-09 14:17:29	2025-12-09 14:17:29
29	recaptcha_secret_key		\N	\N	text	security	Secret Key من Google reCAPTCHA	2025-12-09 14:17:29	2025-12-09 14:17:29
\.


--
-- Data for Name: store_testimonials; Type: TABLE DATA; Schema: public; Owner: TheRoasters_Auto
--

COPY public.store_testimonials (id, customer_name, customer_image, rating, comment, comment_ar, comment_en, is_approved, is_featured, order_index, created_at, updated_at) FROM stdin;
\.


--
-- Data for Name: store_themes; Type: TABLE DATA; Schema: public; Owner: TheRoasters_Auto
--

COPY public.store_themes (id, name, slug, description, description_ar, description_en, thumbnail, is_active, is_default, version, author, config, created_at, updated_at) FROM stdin;
1	Modern Coffee Shop	modern-coffee-shop	ثيم عصري مع تصميم نظيف وألوان دافئة	\N	Modern theme with clean design and warm colors	themes/modern-coffee-shop.jpg	t	t	\N	\N	{"primary_color":"#8B4513","secondary_color":"#D2691E","accent_color":"#FFA500","background_color":"#FFFFFF","text_color":"#333333","font_family":"Cairo, sans-serif","layout":"grid","header_style":"centered","product_card_style":"modern","show_product_hover_effect":true,"show_quick_view":true,"show_wishlist_button":true,"animations_enabled":true}	2025-12-09 14:17:36	2025-12-09 14:17:36
3	Minimal Clean	minimal-clean	ثيم بسيط وأنيق مع تركيز على المحتوى	\N	Minimal elegant theme focused on content	themes/minimal-clean.jpg	t	f	\N	\N	{"primary_color":"#000000","secondary_color":"#6B4423","accent_color":"#C19A6B","background_color":"#FFFFFF","text_color":"#1A1A1A","font_family":"Tajawal, sans-serif","layout":"masonry","header_style":"minimal","product_card_style":"minimal","show_product_hover_effect":true,"show_quick_view":true,"show_wishlist_button":false,"animations_enabled":true}	2025-12-09 14:17:36	2025-12-09 14:17:36
2	Classic Roasters	classic-roasters	ثيم كلاسيكي بتصميم تقليدي أنيق	\N	Classic theme with elegant traditional design	themes/classic-roasters.jpg	t	f	\N	\N	{"primary_color":"#654321","secondary_color":"#8B7355","accent_color":"#DAA520","background_color":"#F5F5DC","text_color":"#2C2416","font_family":"Georgia, serif","layout":"list","header_style":"traditional","product_card_style":"classic","show_product_hover_effect":false,"show_quick_view":false,"show_wishlist_button":true,"animations_enabled":false}	2025-12-09 14:17:36	2025-12-09 16:40:41
\.


--
-- Data for Name: store_translations; Type: TABLE DATA; Schema: public; Owner: TheRoasters_Auto
--

COPY public.store_translations (id, key, value_ar, value_en, group_name, description, created_at, updated_at) FROM stdin;
1	nav.home	الرئيسية	Home	navigation	\N	2025-12-09 14:17:42	2025-12-09 14:17:42
2	nav.products	المنتجات	Products	navigation	\N	2025-12-09 14:17:42	2025-12-09 14:17:42
3	nav.offers	العروض	Offers	navigation	\N	2025-12-09 14:17:42	2025-12-09 14:17:42
4	nav.about	عن المتجر	About Us	navigation	\N	2025-12-09 14:17:42	2025-12-09 14:17:42
5	nav.contact	اتصل بنا	Contact Us	navigation	\N	2025-12-09 14:17:42	2025-12-09 14:17:42
6	nav.cart	السلة	Cart	navigation	\N	2025-12-09 14:17:42	2025-12-09 14:17:42
7	nav.wishlist	المفضلة	Wishlist	navigation	\N	2025-12-09 14:17:42	2025-12-09 14:17:42
8	nav.account	حسابي	My Account	navigation	\N	2025-12-09 14:17:42	2025-12-09 14:17:42
9	nav.login	تسجيل الدخول	Login	navigation	\N	2025-12-09 14:17:42	2025-12-09 14:17:42
10	nav.register	إنشاء حساب	Register	navigation	\N	2025-12-09 14:17:42	2025-12-09 14:17:42
11	nav.logout	تسجيل الخروج	Logout	navigation	\N	2025-12-09 14:17:42	2025-12-09 14:17:42
12	product.add_to_cart	أضف إلى السلة	Add to Cart	product	\N	2025-12-09 14:17:42	2025-12-09 14:17:42
13	product.add_to_wishlist	أضف إلى المفضلة	Add to Wishlist	product	\N	2025-12-09 14:17:42	2025-12-09 14:17:42
14	product.remove_from_wishlist	إزالة من المفضلة	Remove from Wishlist	product	\N	2025-12-09 14:17:42	2025-12-09 14:17:42
15	product.out_of_stock	نفذت الكمية	Out of Stock	product	\N	2025-12-09 14:17:42	2025-12-09 14:17:42
16	product.in_stock	متوفر	In Stock	product	\N	2025-12-09 14:17:42	2025-12-09 14:17:42
17	product.price	السعر	Price	product	\N	2025-12-09 14:17:42	2025-12-09 14:17:42
18	product.quantity	الكمية	Quantity	product	\N	2025-12-09 14:17:42	2025-12-09 14:17:42
19	product.description	الوصف	Description	product	\N	2025-12-09 14:17:43	2025-12-09 14:17:43
20	product.reviews	المراجعات	Reviews	product	\N	2025-12-09 14:17:43	2025-12-09 14:17:43
21	product.related	منتجات ذات صلة	Related Products	product	\N	2025-12-09 14:17:43	2025-12-09 14:17:43
22	product.quick_view	عرض سريع	Quick View	product	\N	2025-12-09 14:17:43	2025-12-09 14:17:43
23	cart.title	سلة التسوق	Shopping Cart	cart	\N	2025-12-09 14:17:43	2025-12-09 14:17:43
24	cart.empty	سلة التسوق فارغة	Your cart is empty	cart	\N	2025-12-09 14:17:43	2025-12-09 14:17:43
25	cart.subtotal	المجموع الفرعي	Subtotal	cart	\N	2025-12-09 14:17:43	2025-12-09 14:17:43
26	cart.total	الإجمالي	Total	cart	\N	2025-12-09 14:17:43	2025-12-09 14:17:43
27	cart.continue_shopping	متابعة التسوق	Continue Shopping	cart	\N	2025-12-09 14:17:43	2025-12-09 14:17:43
28	cart.checkout	إتمام الطلب	Checkout	cart	\N	2025-12-09 14:17:43	2025-12-09 14:17:43
29	cart.remove	إزالة	Remove	cart	\N	2025-12-09 14:17:43	2025-12-09 14:17:43
30	cart.update	تحديث	Update	cart	\N	2025-12-09 14:17:43	2025-12-09 14:17:43
31	checkout.title	إتمام الطلب	Checkout	checkout	\N	2025-12-09 14:17:43	2025-12-09 14:17:43
32	checkout.billing_details	تفاصيل الفواتير	Billing Details	checkout	\N	2025-12-09 14:17:43	2025-12-09 14:17:43
33	checkout.shipping_address	عنوان الشحن	Shipping Address	checkout	\N	2025-12-09 14:17:43	2025-12-09 14:17:43
34	checkout.payment_method	طريقة الدفع	Payment Method	checkout	\N	2025-12-09 14:17:43	2025-12-09 14:17:43
35	checkout.shipping_method	طريقة الشحن	Shipping Method	checkout	\N	2025-12-09 14:17:43	2025-12-09 14:17:43
36	checkout.place_order	تأكيد الطلب	Place Order	checkout	\N	2025-12-09 14:17:43	2025-12-09 14:17:43
37	checkout.order_notes	ملاحظات الطلب	Order Notes	checkout	\N	2025-12-09 14:17:43	2025-12-09 14:17:43
38	checkout.coupon_code	كود الخصم	Coupon Code	checkout	\N	2025-12-09 14:17:43	2025-12-09 14:17:43
39	checkout.apply_coupon	تطبيق	Apply	checkout	\N	2025-12-09 14:17:43	2025-12-09 14:17:43
40	account.dashboard	لوحة التحكم	Dashboard	account	\N	2025-12-09 14:17:43	2025-12-09 14:17:43
41	account.orders	طلباتي	My Orders	account	\N	2025-12-09 14:17:43	2025-12-09 14:17:43
42	account.addresses	العناوين	Addresses	account	\N	2025-12-09 14:17:43	2025-12-09 14:17:43
43	account.profile	الملف الشخصي	Profile	account	\N	2025-12-09 14:17:43	2025-12-09 14:17:43
44	account.change_password	تغيير كلمة المرور	Change Password	account	\N	2025-12-09 14:17:43	2025-12-09 14:17:43
45	auth.email	البريد الإلكتروني	Email	auth	\N	2025-12-09 14:17:43	2025-12-09 14:17:43
46	auth.password	كلمة المرور	Password	auth	\N	2025-12-09 14:17:43	2025-12-09 14:17:43
47	auth.remember_me	تذكرني	Remember Me	auth	\N	2025-12-09 14:17:43	2025-12-09 14:17:43
48	auth.forgot_password	نسيت كلمة المرور؟	Forgot Password?	auth	\N	2025-12-09 14:17:43	2025-12-09 14:17:43
49	auth.login_with_facebook	تسجيل الدخول بالفيسبوك	Login with Facebook	auth	\N	2025-12-09 14:17:43	2025-12-09 14:17:43
50	auth.login_with_google	تسجيل الدخول بجوجل	Login with Google	auth	\N	2025-12-09 14:17:43	2025-12-09 14:17:43
51	auth.login_with_tiktok	تسجيل الدخول بالتيك توك	Login with TikTok	auth	\N	2025-12-09 14:17:43	2025-12-09 14:17:43
52	common.search	بحث	Search	common	\N	2025-12-09 14:17:43	2025-12-09 14:17:43
53	common.filter	تصفية	Filter	common	\N	2025-12-09 14:17:43	2025-12-09 14:17:43
54	common.sort	ترتيب	Sort	common	\N	2025-12-09 14:17:43	2025-12-09 14:17:43
55	common.show_more	عرض المزيد	Show More	common	\N	2025-12-09 14:17:43	2025-12-09 14:17:43
56	common.show_less	عرض أقل	Show Less	common	\N	2025-12-09 14:17:43	2025-12-09 14:17:43
57	common.loading	جاري التحميل...	Loading...	common	\N	2025-12-09 14:17:43	2025-12-09 14:17:43
58	common.save	حفظ	Save	common	\N	2025-12-09 14:17:43	2025-12-09 14:17:43
59	common.cancel	إلغاء	Cancel	common	\N	2025-12-09 14:17:43	2025-12-09 14:17:43
60	common.submit	إرسال	Submit	common	\N	2025-12-09 14:17:43	2025-12-09 14:17:43
61	common.close	إغلاق	Close	common	\N	2025-12-09 14:17:43	2025-12-09 14:17:43
62	message.added_to_cart	تم إضافة المنتج إلى السلة	Product added to cart	messages	\N	2025-12-09 14:17:43	2025-12-09 14:17:43
63	message.added_to_wishlist	تم إضافة المنتج إلى المفضلة	Product added to wishlist	messages	\N	2025-12-09 14:17:43	2025-12-09 14:17:43
64	message.removed_from_wishlist	تم إزالة المنتج من المفضلة	Product removed from wishlist	messages	\N	2025-12-09 14:17:43	2025-12-09 14:17:43
65	message.order_placed	تم تأكيد طلبك بنجاح	Your order has been placed successfully	messages	\N	2025-12-09 14:17:43	2025-12-09 14:17:43
66	message.error	حدث خطأ، يرجى المحاولة مرة أخرى	An error occurred, please try again	messages	\N	2025-12-09 14:17:43	2025-12-09 14:17:43
67	footer.about_us	عن المتجر	About Us	footer	\N	2025-12-09 14:17:43	2025-12-09 14:17:43
68	footer.quick_links	روابط سريعة	Quick Links	footer	\N	2025-12-09 14:17:43	2025-12-09 14:17:43
69	footer.customer_service	خدمة العملاء	Customer Service	footer	\N	2025-12-09 14:17:43	2025-12-09 14:17:43
70	footer.follow_us	تابعنا	Follow Us	footer	\N	2025-12-09 14:17:43	2025-12-09 14:17:43
71	footer.copyright	جميع الحقوق محفوظة	All Rights Reserved	footer	\N	2025-12-09 14:17:43	2025-12-09 14:17:43
72	review.write_review	اكتب مراجعة	Write a Review	review	\N	2025-12-09 14:17:43	2025-12-09 14:17:43
73	review.your_rating	تقييمك	Your Rating	review	\N	2025-12-09 14:17:43	2025-12-09 14:17:43
74	review.your_review	مراجعتك	Your Review	review	\N	2025-12-09 14:17:43	2025-12-09 14:17:43
75	review.submit_review	إرسال المراجعة	Submit Review	review	\N	2025-12-09 14:17:43	2025-12-09 14:17:43
\.


--
-- Data for Name: users; Type: TABLE DATA; Schema: public; Owner: TheRoasters_Auto
--

COPY public.users (id, name, email, email_verified_at, password, remember_token, created_at, updated_at, is_admin, preferred_locale, appearance, avatar, phone) FROM stdin;
1	Mohamed Afify	sales@lookstock.net	\N	$2y$12$Ue5OIXeGWsGlj6gdcF3qquK7uPo.XcL2l8c8RLZa/haMrfc5Xn67e	aPcln11o2cpsuQ4F6DMw8Fcy9Q6FBO8Uik1Xrxwq2PMvOZek2wkxt0thEjsS	2025-11-17 22:19:24	2025-12-09 22:49:36	t	en	\N	avatars/01KAA89Q4QFJNSGEXG8XYMDW2Y.png	01003336044
\.


--
-- Data for Name: variant_analytics; Type: TABLE DATA; Schema: public; Owner: TheRoasters_Auto
--

COPY public.variant_analytics (id, product_variant_id, period_start, period_end, period_type, total_quantity_sold, total_revenue, total_profit, total_cost, average_order_quantity, conversion_rate, return_rate, total_orders, sales_rank, revenue_rank, profit_rank, created_at, updated_at) FROM stdin;
\.


--
-- Data for Name: variant_associations; Type: TABLE DATA; Schema: public; Owner: TheRoasters_Auto
--

COPY public.variant_associations (id, variant_a_id, variant_b_id, co_purchase_count, confidence_score, lift, calculated_at, created_at, updated_at) FROM stdin;
\.


--
-- Data for Name: verification_codes; Type: TABLE DATA; Schema: public; Owner: TheRoasters_Auto
--

COPY public.verification_codes (id, customer_id, mobile, code, expiry_at, created_at, attempts, verified, verified_at) FROM stdin;
2	123	01012345678	423594	2025-11-19 02:24:56	2025-11-19 02:19:56.219961	0	f	\N
20	9	01033554993	702298	2025-11-25 22:03:38.501916	2025-11-25 21:58:38.501916	0	t	2025-11-25 21:59:54.364174
7	1	01003336044	513706	2025-12-03 04:50:07.514253	2025-12-03 04:45:07.514253	0	f	2025-12-03 03:34:16.199212
23	4	01003336044	944954	2025-12-15 20:54:21.722182	2025-12-15 20:49:21.722182	0	t	2025-12-15 20:50:21.020328
\.


--
-- Data for Name: wishlists; Type: TABLE DATA; Schema: public; Owner: TheRoasters_Auto
--

COPY public.wishlists (id, customer_id, product_id, variant_id, created_at) FROM stdin;
\.


--
-- Data for Name: woocommerce_attribute_mappings; Type: TABLE DATA; Schema: public; Owner: TheRoasters_Auto
--

COPY public.woocommerce_attribute_mappings (id, woocommerce_slug, woocommerce_name, local_attribute_id, auto_created, created_at, updated_at) FROM stdin;
\.


--
-- Data for Name: woocommerce_customer_import_logs; Type: TABLE DATA; Schema: public; Owner: TheRoasters_Auto
--

COPY public.woocommerce_customer_import_logs (id, action, status, customer_id, woocommerce_id, message, error_details, created_at) FROM stdin;
1	approve	success	13	97	Created new customer #13 from WooCommerce #97	\N	2026-01-12 17:13:55
2	approve	success	14	119	Created new customer #14 from WooCommerce #119	\N	2026-01-12 18:24:48
3	approve	success	15	90	Created new customer #15 from WooCommerce #90	\N	2026-01-12 18:24:48
4	approve	success	16	994	Created new customer #16 from WooCommerce #994	\N	2026-01-12 18:24:48
5	approve	success	17	907	Created new customer #17 from WooCommerce #907	\N	2026-01-12 18:24:48
6	approve	success	18	16	Created new customer #18 from WooCommerce #16	\N	2026-01-12 18:24:48
7	approve	success	19	139	Created new customer #19 from WooCommerce #139	\N	2026-01-12 18:24:48
8	approve	success	20	906	Created new customer #20 from WooCommerce #906	\N	2026-01-12 18:24:48
9	approve	success	21	960	Created new customer #21 from WooCommerce #960	\N	2026-01-12 18:24:48
10	approve	success	22	914	Created new customer #22 from WooCommerce #914	\N	2026-01-12 18:24:48
11	approve	success	23	981	Created new customer #23 from WooCommerce #981	\N	2026-01-12 18:24:48
12	approve	success	24	103	Created new customer #24 from WooCommerce #103	\N	2026-01-12 18:24:48
13	approve	success	25	996	Created new customer #25 from WooCommerce #996	\N	2026-01-12 18:24:48
14	approve	success	26	89	Created new customer #26 from WooCommerce #89	\N	2026-01-12 18:24:48
15	approve	success	27	894	Created new customer #27 from WooCommerce #894	\N	2026-01-12 18:24:48
16	approve	success	28	916	Created new customer #28 from WooCommerce #916	\N	2026-01-12 18:24:48
17	approve	success	29	884	Created new customer #29 from WooCommerce #884	\N	2026-01-12 18:24:48
18	approve	success	30	167	Created new customer #30 from WooCommerce #167	\N	2026-01-12 18:24:48
19	approve	success	31	923	Created new customer #31 from WooCommerce #923	\N	2026-01-12 18:24:48
20	approve	success	32	40	Created new customer #32 from WooCommerce #40	\N	2026-01-12 18:24:48
21	approve	success	13	97	Updated existing customer #13 from WooCommerce #97	\N	2026-01-12 18:24:49
22	approve	success	33	35	Created new customer #33 from WooCommerce #35	\N	2026-01-12 18:24:49
23	approve	success	34	25	Created new customer #34 from WooCommerce #25	\N	2026-01-12 18:24:49
24	approve	success	35	903	Created new customer #35 from WooCommerce #903	\N	2026-01-12 18:24:49
25	approve	success	36	438	Created new customer #36 from WooCommerce #438	\N	2026-01-12 18:24:49
26	approve	success	37	887	Created new customer #37 from WooCommerce #887	\N	2026-01-12 18:24:49
27	approve	success	38	149	Created new customer #38 from WooCommerce #149	\N	2026-01-12 18:24:49
28	approve	success	39	892	Created new customer #39 from WooCommerce #892	\N	2026-01-12 18:24:49
29	approve	success	40	920	Created new customer #40 from WooCommerce #920	\N	2026-01-12 18:24:49
30	approve	success	41	945	Created new customer #41 from WooCommerce #945	\N	2026-01-12 18:24:49
31	approve	success	42	972	Created new customer #42 from WooCommerce #972	\N	2026-01-12 18:24:49
32	approve	success	43	990	Created new customer #43 from WooCommerce #990	\N	2026-01-12 18:24:49
33	approve	success	44	116	Created new customer #44 from WooCommerce #116	\N	2026-01-12 18:24:49
34	approve	success	45	31	Created new customer #45 from WooCommerce #31	\N	2026-01-12 18:24:49
35	approve	success	46	118	Created new customer #46 from WooCommerce #118	\N	2026-01-12 18:24:49
36	approve	success	47	955	Created new customer #47 from WooCommerce #955	\N	2026-01-12 18:24:49
37	approve	success	48	922	Created new customer #48 from WooCommerce #922	\N	2026-01-12 18:24:49
38	approve	success	49	928	Created new customer #49 from WooCommerce #928	\N	2026-01-12 18:24:49
39	approve	success	50	138	Created new customer #50 from WooCommerce #138	\N	2026-01-12 18:24:49
40	approve	success	51	1	Created new customer #51 from WooCommerce #1	\N	2026-01-12 18:24:49
41	approve	success	52	905	Created new customer #52 from WooCommerce #905	\N	2026-01-12 18:24:49
42	approve	success	53	22	Created new customer #53 from WooCommerce #22	\N	2026-01-12 18:24:49
43	approve	success	54	962	Created new customer #54 from WooCommerce #962	\N	2026-01-12 18:24:49
44	approve	success	55	929	Created new customer #55 from WooCommerce #929	\N	2026-01-12 18:24:49
45	approve	success	56	21	Created new customer #56 from WooCommerce #21	\N	2026-01-12 18:24:49
46	approve	success	57	205	Created new customer #57 from WooCommerce #205	\N	2026-01-12 18:24:49
47	approve	success	58	132	Created new customer #58 from WooCommerce #132	\N	2026-01-12 18:24:49
48	approve	success	59	895	Created new customer #59 from WooCommerce #895	\N	2026-01-12 18:24:49
49	approve	success	60	997	Created new customer #60 from WooCommerce #997	\N	2026-01-12 18:24:49
50	approve	success	61	112	Created new customer #61 from WooCommerce #112	\N	2026-01-12 18:24:49
51	approve	success	62	41	Created new customer #62 from WooCommerce #41	\N	2026-01-12 18:24:49
52	approve	success	63	37	Created new customer #63 from WooCommerce #37	\N	2026-01-12 18:24:49
53	approve	success	64	86	Created new customer #64 from WooCommerce #86	\N	2026-01-12 18:24:49
54	approve	success	65	882	Created new customer #65 from WooCommerce #882	\N	2026-01-12 18:24:49
55	approve	success	66	936	Created new customer #66 from WooCommerce #936	\N	2026-01-12 18:24:49
56	approve	success	67	985	Created new customer #67 from WooCommerce #985	\N	2026-01-12 18:24:49
57	approve	success	68	921	Created new customer #68 from WooCommerce #921	\N	2026-01-12 18:24:49
58	approve	success	69	987	Created new customer #69 from WooCommerce #987	\N	2026-01-12 18:24:49
59	approve	success	70	931	Created new customer #70 from WooCommerce #931	\N	2026-01-12 18:24:49
60	approve	success	71	975	Created new customer #71 from WooCommerce #975	\N	2026-01-12 18:24:49
61	approve	success	72	992	Created new customer #72 from WooCommerce #992	\N	2026-01-12 18:24:49
62	approve	success	73	140	Created new customer #73 from WooCommerce #140	\N	2026-01-12 18:24:49
63	approve	success	74	932	Created new customer #74 from WooCommerce #932	\N	2026-01-12 18:24:49
64	approve	success	75	158	Created new customer #75 from WooCommerce #158	\N	2026-01-12 18:24:49
65	approve	success	76	141	Created new customer #76 from WooCommerce #141	\N	2026-01-12 18:24:49
66	approve	success	77	190	Created new customer #77 from WooCommerce #190	\N	2026-01-12 18:24:49
67	approve	success	78	899	Created new customer #78 from WooCommerce #899	\N	2026-01-12 18:24:49
68	approve	success	79	98	Created new customer #79 from WooCommerce #98	\N	2026-01-12 18:24:49
69	approve	success	80	879	Created new customer #80 from WooCommerce #879	\N	2026-01-12 18:24:49
70	approve	success	81	84	Created new customer #81 from WooCommerce #84	\N	2026-01-12 18:24:49
71	approve	success	82	111	Created new customer #82 from WooCommerce #111	\N	2026-01-12 18:24:49
72	approve	success	83	96	Created new customer #83 from WooCommerce #96	\N	2026-01-12 18:24:49
73	approve	success	84	18	Created new customer #84 from WooCommerce #18	\N	2026-01-12 18:24:49
74	approve	success	85	10	Created new customer #85 from WooCommerce #10	\N	2026-01-12 18:24:49
75	approve	success	86	154	Created new customer #86 from WooCommerce #154	\N	2026-01-12 18:24:49
76	approve	success	87	43	Created new customer #87 from WooCommerce #43	\N	2026-01-12 18:24:49
77	approve	success	88	110	Created new customer #88 from WooCommerce #110	\N	2026-01-12 18:24:49
78	approve	success	89	93	Created new customer #89 from WooCommerce #93	\N	2026-01-12 18:24:49
79	approve	success	90	113	Created new customer #90 from WooCommerce #113	\N	2026-01-12 18:24:49
80	approve	success	91	150	Created new customer #91 from WooCommerce #150	\N	2026-01-12 18:24:49
81	approve	success	92	357	Created new customer #92 from WooCommerce #357	\N	2026-01-12 18:24:49
82	approve	success	93	24	Created new customer #93 from WooCommerce #24	\N	2026-01-12 18:24:49
83	approve	success	94	949	Created new customer #94 from WooCommerce #949	\N	2026-01-12 18:24:49
84	approve	success	95	965	Created new customer #95 from WooCommerce #965	\N	2026-01-12 18:24:49
85	approve	success	96	888	Created new customer #96 from WooCommerce #888	\N	2026-01-12 18:24:49
86	approve	success	97	17	Created new customer #97 from WooCommerce #17	\N	2026-01-12 18:24:49
87	approve	success	98	912	Created new customer #98 from WooCommerce #912	\N	2026-01-12 18:24:49
88	approve	success	99	20	Created new customer #99 from WooCommerce #20	\N	2026-01-12 18:24:49
89	approve	success	100	1012	Created new customer #100 from WooCommerce #1012	\N	2026-01-12 18:24:49
90	approve	success	101	9	Created new customer #101 from WooCommerce #9	\N	2026-01-12 18:24:49
91	approve	success	102	958	Created new customer #102 from WooCommerce #958	\N	2026-01-12 18:24:49
92	approve	success	103	115	Created new customer #103 from WooCommerce #115	\N	2026-01-12 18:24:49
93	approve	success	104	356	Created new customer #104 from WooCommerce #356	\N	2026-01-12 18:24:49
94	approve	success	105	19	Created new customer #105 from WooCommerce #19	\N	2026-01-12 18:24:49
95	approve	success	106	39	Created new customer #106 from WooCommerce #39	\N	2026-01-12 18:24:49
96	approve	success	107	904	Created new customer #107 from WooCommerce #904	\N	2026-01-12 18:24:49
97	approve	success	108	983	Created new customer #108 from WooCommerce #983	\N	2026-01-12 18:24:49
98	approve	success	109	969	Created new customer #109 from WooCommerce #969	\N	2026-01-12 18:24:49
99	approve	success	110	87	Created new customer #110 from WooCommerce #87	\N	2026-01-12 18:24:49
100	approve	success	111	13	Created new customer #111 from WooCommerce #13	\N	2026-01-12 18:24:49
101	approve	success	112	986	Created new customer #112 from WooCommerce #986	\N	2026-01-12 18:24:49
102	approve	success	113	102	Created new customer #113 from WooCommerce #102	\N	2026-01-12 18:24:49
103	approve	success	114	104	Created new customer #114 from WooCommerce #104	\N	2026-01-12 18:24:49
104	approve	success	115	918	Created new customer #115 from WooCommerce #918	\N	2026-01-12 18:24:49
105	approve	success	116	978	Created new customer #116 from WooCommerce #978	\N	2026-01-12 18:24:49
106	approve	success	117	900	Created new customer #117 from WooCommerce #900	\N	2026-01-12 18:24:49
107	approve	success	118	909	Created new customer #118 from WooCommerce #909	\N	2026-01-12 18:24:49
108	approve	success	119	951	Created new customer #119 from WooCommerce #951	\N	2026-01-12 18:24:49
109	approve	success	120	977	Created new customer #120 from WooCommerce #977	\N	2026-01-12 18:24:49
110	approve	success	121	32	Created new customer #121 from WooCommerce #32	\N	2026-01-12 18:24:49
111	approve	success	122	999	Created new customer #122 from WooCommerce #999	\N	2026-01-12 18:24:49
112	approve	success	123	127	Created new customer #123 from WooCommerce #127	\N	2026-01-12 18:24:49
113	approve	success	124	946	Created new customer #124 from WooCommerce #946	\N	2026-01-12 18:24:49
114	approve	success	125	938	Created new customer #125 from WooCommerce #938	\N	2026-01-12 18:24:49
115	approve	success	126	355	Created new customer #126 from WooCommerce #355	\N	2026-01-12 18:24:49
116	approve	success	127	88	Created new customer #127 from WooCommerce #88	\N	2026-01-12 18:24:49
117	approve	success	128	974	Created new customer #128 from WooCommerce #974	\N	2026-01-12 18:24:49
118	approve	success	129	940	Created new customer #129 from WooCommerce #940	\N	2026-01-12 18:24:49
119	approve	success	130	881	Created new customer #130 from WooCommerce #881	\N	2026-01-12 18:24:49
120	approve	success	131	939	Created new customer #131 from WooCommerce #939	\N	2026-01-12 18:24:49
121	approve	success	132	950	Created new customer #132 from WooCommerce #950	\N	2026-01-12 18:24:49
122	approve	success	133	944	Created new customer #133 from WooCommerce #944	\N	2026-01-12 18:24:49
123	approve	success	134	38	Created new customer #134 from WooCommerce #38	\N	2026-01-12 18:24:49
124	approve	success	135	893	Created new customer #135 from WooCommerce #893	\N	2026-01-12 18:24:49
125	approve	success	136	117	Created new customer #136 from WooCommerce #117	\N	2026-01-12 18:24:49
126	approve	success	137	30	Created new customer #137 from WooCommerce #30	\N	2026-01-12 18:24:49
127	approve	success	138	935	Created new customer #138 from WooCommerce #935	\N	2026-01-12 18:24:49
128	approve	success	139	898	Created new customer #139 from WooCommerce #898	\N	2026-01-12 18:24:49
129	approve	success	140	910	Created new customer #140 from WooCommerce #910	\N	2026-01-12 18:24:49
130	approve	success	141	29	Created new customer #141 from WooCommerce #29	\N	2026-01-12 18:24:49
131	approve	success	142	897	Created new customer #142 from WooCommerce #897	\N	2026-01-12 18:24:49
132	approve	success	143	877	Created new customer #143 from WooCommerce #877	\N	2026-01-12 18:24:49
133	approve	success	144	982	Created new customer #144 from WooCommerce #982	\N	2026-01-12 18:24:49
134	approve	success	145	980	Created new customer #145 from WooCommerce #980	\N	2026-01-12 18:24:49
135	approve	success	146	880	Created new customer #146 from WooCommerce #880	\N	2026-01-12 18:24:49
\.


--
